--
-- Host: localhost    Database: namerahc_wp2
-- ------------------------------------------------------


--
-- Table structure for table `wp_actionscheduler_actions`
--

CREATE TABLE `wp_actionscheduler_actions` (
  `action_id` bigint(20) unsigned NOT NULL AUTO_INCREMENT,
  `hook` varchar(191) COLLATE utf8mb4_unicode_ci NOT NULL,
  `status` varchar(20) COLLATE utf8mb4_unicode_ci NOT NULL,
  `scheduled_date_gmt` datetime DEFAULT '0000-00-00 00:00:00',
  `scheduled_date_local` datetime DEFAULT '0000-00-00 00:00:00',
  `args` varchar(191) COLLATE utf8mb4_unicode_ci DEFAULT NULL,
  `schedule` longtext COLLATE utf8mb4_unicode_ci DEFAULT NULL,
  `group_id` bigint(20) unsigned NOT NULL DEFAULT 0,
  `attempts` int(11) NOT NULL DEFAULT 0,
  `last_attempt_gmt` datetime DEFAULT '0000-00-00 00:00:00',
  `last_attempt_local` datetime DEFAULT '0000-00-00 00:00:00',
  `claim_id` bigint(20) unsigned NOT NULL DEFAULT 0,
  `extended_args` varchar(8000) COLLATE utf8mb4_unicode_ci DEFAULT NULL,
  PRIMARY KEY (`action_id`),
  KEY `hook` (`hook`),
  KEY `status` (`status`),
  KEY `scheduled_date_gmt` (`scheduled_date_gmt`),
  KEY `args` (`args`),
  KEY `group_id` (`group_id`),
  KEY `last_attempt_gmt` (`last_attempt_gmt`),
  KEY `claim_id` (`claim_id`),
  KEY `claim_id_status_scheduled_date_gmt` (`claim_id`,`status`,`scheduled_date_gmt`)
) ENGINE=MyISAM AUTO_INCREMENT=3527 DEFAULT CHARSET=utf8mb4 COLLATE=utf8mb4_unicode_ci;

--
-- Dumping data for table `wp_actionscheduler_actions`
--

INSERT INTO `wp_actionscheduler_actions` VALUES (3496,'woocommerce_cleanup_draft_orders','complete','2022-12-31 13:22:19','2022-12-31 16:22:19','[]','O:32:\"ActionScheduler_IntervalSchedule\":5:{s:22:\"\0*\0scheduled_timestamp\";i:1672492939;s:18:\"\0*\0first_timestamp\";i:1664619052;s:13:\"\0*\0recurrence\";i:86400;s:49:\"\0ActionScheduler_IntervalSchedule\0start_timestamp\";i:1672492939;s:53:\"\0ActionScheduler_IntervalSchedule\0interval_in_seconds\";i:86400;}',0,1,'2022-12-31 13:25:30','2022-12-31 16:25:30',0,NULL),(3493,'woocommerce_cleanup_draft_orders','complete','2022-12-29 13:17:18','2022-12-29 16:17:18','[]','O:32:\"ActionScheduler_IntervalSchedule\":5:{s:22:\"\0*\0scheduled_timestamp\";i:1672319838;s:18:\"\0*\0first_timestamp\";i:1664619052;s:13:\"\0*\0recurrence\";i:86400;s:49:\"\0ActionScheduler_IntervalSchedule\0start_timestamp\";i:1672319838;s:53:\"\0ActionScheduler_IntervalSchedule\0interval_in_seconds\";i:86400;}',0,1,'2022-12-29 13:18:54','2022-12-29 16:18:54',0,NULL),(3495,'woocommerce_cleanup_draft_orders','complete','2022-12-30 13:18:54','2022-12-30 16:18:54','[]','O:32:\"ActionScheduler_IntervalSchedule\":5:{s:22:\"\0*\0scheduled_timestamp\";i:1672406334;s:18:\"\0*\0first_timestamp\";i:1664619052;s:13:\"\0*\0recurrence\";i:86400;s:49:\"\0ActionScheduler_IntervalSchedule\0start_timestamp\";i:1672406334;s:53:\"\0ActionScheduler_IntervalSchedule\0interval_in_seconds\";i:86400;}',0,1,'2022-12-30 13:22:19','2022-12-30 16:22:19',0,NULL),(3506,'woocommerce_cleanup_draft_orders','complete','2023-01-08 13:57:50','2023-01-08 16:57:50','[]','O:32:\"ActionScheduler_IntervalSchedule\":5:{s:22:\"\0*\0scheduled_timestamp\";i:1673186270;s:18:\"\0*\0first_timestamp\";i:1664619052;s:13:\"\0*\0recurrence\";i:86400;s:49:\"\0ActionScheduler_IntervalSchedule\0start_timestamp\";i:1673186270;s:53:\"\0ActionScheduler_IntervalSchedule\0interval_in_seconds\";i:86400;}',0,1,'2023-01-08 14:05:46','2023-01-08 17:05:46',0,NULL),(3507,'woocommerce_cleanup_draft_orders','complete','2023-01-09 14:05:46','2023-01-09 17:05:46','[]','O:32:\"ActionScheduler_IntervalSchedule\":5:{s:22:\"\0*\0scheduled_timestamp\";i:1673273146;s:18:\"\0*\0first_timestamp\";i:1664619052;s:13:\"\0*\0recurrence\";i:86400;s:49:\"\0ActionScheduler_IntervalSchedule\0start_timestamp\";i:1673273146;s:53:\"\0ActionScheduler_IntervalSchedule\0interval_in_seconds\";i:86400;}',0,1,'2023-01-09 14:06:59','2023-01-09 17:06:59',0,NULL),(3500,'woocommerce_cleanup_draft_orders','complete','2023-01-03 13:32:21','2023-01-03 16:32:21','[]','O:32:\"ActionScheduler_IntervalSchedule\":5:{s:22:\"\0*\0scheduled_timestamp\";i:1672752741;s:18:\"\0*\0first_timestamp\";i:1664619052;s:13:\"\0*\0recurrence\";i:86400;s:49:\"\0ActionScheduler_IntervalSchedule\0start_timestamp\";i:1672752741;s:53:\"\0ActionScheduler_IntervalSchedule\0interval_in_seconds\";i:86400;}',0,1,'2023-01-03 13:37:45','2023-01-03 16:37:45',0,NULL),(3491,'woocommerce_cleanup_draft_orders','complete','2022-12-27 13:12:51','2022-12-27 16:12:51','[]','O:32:\"ActionScheduler_IntervalSchedule\":5:{s:22:\"\0*\0scheduled_timestamp\";i:1672146771;s:18:\"\0*\0first_timestamp\";i:1664619052;s:13:\"\0*\0recurrence\";i:86400;s:49:\"\0ActionScheduler_IntervalSchedule\0start_timestamp\";i:1672146771;s:53:\"\0ActionScheduler_IntervalSchedule\0interval_in_seconds\";i:86400;}',0,1,'2022-12-27 13:13:06','2022-12-27 16:13:06',0,NULL),(3511,'rank_math/analytics/data_fetch','complete','2023-01-19 06:53:16','2023-01-19 09:53:16','[]','O:32:\"ActionScheduler_IntervalSchedule\":5:{s:22:\"\0*\0scheduled_timestamp\";i:1674111196;s:18:\"\0*\0first_timestamp\";i:1631156460;s:13:\"\0*\0recurrence\";i:604800;s:49:\"\0ActionScheduler_IntervalSchedule\0start_timestamp\";i:1674111196;s:53:\"\0ActionScheduler_IntervalSchedule\0interval_in_seconds\";i:604800;}',5,1,'2023-01-19 06:56:09','2023-01-19 09:56:09',0,NULL),(3518,'woocommerce_cleanup_draft_orders','complete','2023-01-19 14:32:19','2023-01-19 17:32:19','[]','O:32:\"ActionScheduler_IntervalSchedule\":5:{s:22:\"\0*\0scheduled_timestamp\";i:1674138739;s:18:\"\0*\0first_timestamp\";i:1664619052;s:13:\"\0*\0recurrence\";i:86400;s:49:\"\0ActionScheduler_IntervalSchedule\0start_timestamp\";i:1674138739;s:53:\"\0ActionScheduler_IntervalSchedule\0interval_in_seconds\";i:86400;}',0,1,'2023-01-19 14:33:20','2023-01-19 17:33:20',0,NULL),(3520,'woocommerce_cleanup_draft_orders','complete','2023-01-20 14:33:20','2023-01-20 17:33:20','[]','O:32:\"ActionScheduler_IntervalSchedule\":5:{s:22:\"\0*\0scheduled_timestamp\";i:1674225200;s:18:\"\0*\0first_timestamp\";i:1664619052;s:13:\"\0*\0recurrence\";i:86400;s:49:\"\0ActionScheduler_IntervalSchedule\0start_timestamp\";i:1674225200;s:53:\"\0ActionScheduler_IntervalSchedule\0interval_in_seconds\";i:86400;}',0,1,'2023-01-20 14:39:19','2023-01-20 17:39:19',0,NULL),(3522,'woocommerce_cleanup_draft_orders','complete','2023-01-22 14:40:29','2023-01-22 17:40:29','[]','O:32:\"ActionScheduler_IntervalSchedule\":5:{s:22:\"\0*\0scheduled_timestamp\";i:1674398429;s:18:\"\0*\0first_timestamp\";i:1664619052;s:13:\"\0*\0recurrence\";i:86400;s:49:\"\0ActionScheduler_IntervalSchedule\0start_timestamp\";i:1674398429;s:53:\"\0ActionScheduler_IntervalSchedule\0interval_in_seconds\";i:86400;}',0,1,'2023-01-22 14:41:54','2023-01-22 17:41:54',0,NULL),(3523,'woocommerce_cleanup_draft_orders','complete','2023-01-23 14:41:54','2023-01-23 17:41:54','[]','O:32:\"ActionScheduler_IntervalSchedule\":5:{s:22:\"\0*\0scheduled_timestamp\";i:1674484914;s:18:\"\0*\0first_timestamp\";i:1664619052;s:13:\"\0*\0recurrence\";i:86400;s:49:\"\0ActionScheduler_IntervalSchedule\0start_timestamp\";i:1674484914;s:53:\"\0ActionScheduler_IntervalSchedule\0interval_in_seconds\";i:86400;}',0,1,'2023-01-23 14:42:04','2023-01-23 17:42:04',0,NULL),(3524,'woocommerce_cleanup_draft_orders','complete','2023-01-24 14:42:04','2023-01-24 17:42:04','[]','O:32:\"ActionScheduler_IntervalSchedule\":5:{s:22:\"\0*\0scheduled_timestamp\";i:1674571324;s:18:\"\0*\0first_timestamp\";i:1664619052;s:13:\"\0*\0recurrence\";i:86400;s:49:\"\0ActionScheduler_IntervalSchedule\0start_timestamp\";i:1674571324;s:53:\"\0ActionScheduler_IntervalSchedule\0interval_in_seconds\";i:86400;}',0,1,'2023-01-24 14:44:50','2023-01-24 17:44:50',0,NULL),(3525,'woocommerce_cleanup_draft_orders','complete','2023-01-25 14:44:50','2023-01-25 17:44:50','[]','O:32:\"ActionScheduler_IntervalSchedule\":5:{s:22:\"\0*\0scheduled_timestamp\";i:1674657890;s:18:\"\0*\0first_timestamp\";i:1664619052;s:13:\"\0*\0recurrence\";i:86400;s:49:\"\0ActionScheduler_IntervalSchedule\0start_timestamp\";i:1674657890;s:53:\"\0ActionScheduler_IntervalSchedule\0interval_in_seconds\";i:86400;}',0,1,'2023-01-25 14:50:35','2023-01-25 17:50:35',0,NULL),(3526,'woocommerce_cleanup_draft_orders','pending','2023-01-26 14:50:35','2023-01-26 17:50:35','[]','O:32:\"ActionScheduler_IntervalSchedule\":5:{s:22:\"\0*\0scheduled_timestamp\";i:1674744635;s:18:\"\0*\0first_timestamp\";i:1664619052;s:13:\"\0*\0recurrence\";i:86400;s:49:\"\0ActionScheduler_IntervalSchedule\0start_timestamp\";i:1674744635;s:53:\"\0ActionScheduler_IntervalSchedule\0interval_in_seconds\";i:86400;}',0,0,'0000-00-00 00:00:00','0000-00-00 00:00:00',0,NULL),(3490,'woocommerce_cleanup_draft_orders','complete','2022-12-26 13:12:34','2022-12-26 16:12:34','[]','O:32:\"ActionScheduler_IntervalSchedule\":5:{s:22:\"\0*\0scheduled_timestamp\";i:1672060354;s:18:\"\0*\0first_timestamp\";i:1664619052;s:13:\"\0*\0recurrence\";i:86400;s:49:\"\0ActionScheduler_IntervalSchedule\0start_timestamp\";i:1672060354;s:53:\"\0ActionScheduler_IntervalSchedule\0interval_in_seconds\";i:86400;}',0,1,'2022-12-26 13:12:51','2022-12-26 16:12:51',0,NULL),(3492,'woocommerce_cleanup_draft_orders','complete','2022-12-28 13:13:06','2022-12-28 16:13:06','[]','O:32:\"ActionScheduler_IntervalSchedule\":5:{s:22:\"\0*\0scheduled_timestamp\";i:1672233186;s:18:\"\0*\0first_timestamp\";i:1664619052;s:13:\"\0*\0recurrence\";i:86400;s:49:\"\0ActionScheduler_IntervalSchedule\0start_timestamp\";i:1672233186;s:53:\"\0ActionScheduler_IntervalSchedule\0interval_in_seconds\";i:86400;}',0,1,'2022-12-28 13:17:18','2022-12-28 16:17:18',0,NULL),(3513,'woocommerce_cleanup_draft_orders','complete','2023-01-14 14:19:46','2023-01-14 17:19:46','[]','O:32:\"ActionScheduler_IntervalSchedule\":5:{s:22:\"\0*\0scheduled_timestamp\";i:1673705986;s:18:\"\0*\0first_timestamp\";i:1664619052;s:13:\"\0*\0recurrence\";i:86400;s:49:\"\0ActionScheduler_IntervalSchedule\0start_timestamp\";i:1673705986;s:53:\"\0ActionScheduler_IntervalSchedule\0interval_in_seconds\";i:86400;}',0,1,'2023-01-14 14:21:05','2023-01-14 17:21:05',0,NULL),(3505,'woocommerce_cleanup_draft_orders','complete','2023-01-07 13:49:37','2023-01-07 16:49:37','[]','O:32:\"ActionScheduler_IntervalSchedule\":5:{s:22:\"\0*\0scheduled_timestamp\";i:1673099377;s:18:\"\0*\0first_timestamp\";i:1664619052;s:13:\"\0*\0recurrence\";i:86400;s:49:\"\0ActionScheduler_IntervalSchedule\0start_timestamp\";i:1673099377;s:53:\"\0ActionScheduler_IntervalSchedule\0interval_in_seconds\";i:86400;}',0,1,'2023-01-07 13:57:50','2023-01-07 16:57:50',0,NULL),(3521,'woocommerce_cleanup_draft_orders','complete','2023-01-21 14:39:19','2023-01-21 17:39:19','[]','O:32:\"ActionScheduler_IntervalSchedule\":5:{s:22:\"\0*\0scheduled_timestamp\";i:1674311959;s:18:\"\0*\0first_timestamp\";i:1664619052;s:13:\"\0*\0recurrence\";i:86400;s:49:\"\0ActionScheduler_IntervalSchedule\0start_timestamp\";i:1674311959;s:53:\"\0ActionScheduler_IntervalSchedule\0interval_in_seconds\";i:86400;}',0,1,'2023-01-21 14:40:29','2023-01-21 17:40:29',0,NULL),(3501,'woocommerce_cleanup_draft_orders','complete','2023-01-04 13:37:45','2023-01-04 16:37:45','[]','O:32:\"ActionScheduler_IntervalSchedule\":5:{s:22:\"\0*\0scheduled_timestamp\";i:1672839465;s:18:\"\0*\0first_timestamp\";i:1664619052;s:13:\"\0*\0recurrence\";i:86400;s:49:\"\0ActionScheduler_IntervalSchedule\0start_timestamp\";i:1672839465;s:53:\"\0ActionScheduler_IntervalSchedule\0interval_in_seconds\";i:86400;}',0,1,'2023-01-04 13:38:36','2023-01-04 16:38:36',0,NULL),(3502,'woocommerce_cleanup_draft_orders','complete','2023-01-05 13:38:36','2023-01-05 16:38:36','[]','O:32:\"ActionScheduler_IntervalSchedule\":5:{s:22:\"\0*\0scheduled_timestamp\";i:1672925916;s:18:\"\0*\0first_timestamp\";i:1664619052;s:13:\"\0*\0recurrence\";i:86400;s:49:\"\0ActionScheduler_IntervalSchedule\0start_timestamp\";i:1672925916;s:53:\"\0ActionScheduler_IntervalSchedule\0interval_in_seconds\";i:86400;}',0,1,'2023-01-05 13:47:05','2023-01-05 16:47:05',0,NULL),(3503,'rank_math/analytics/data_fetch','complete','2023-01-12 06:52:57','2023-01-12 09:52:57','[]','O:32:\"ActionScheduler_IntervalSchedule\":5:{s:22:\"\0*\0scheduled_timestamp\";i:1673506377;s:18:\"\0*\0first_timestamp\";i:1631156460;s:13:\"\0*\0recurrence\";i:604800;s:49:\"\0ActionScheduler_IntervalSchedule\0start_timestamp\";i:1673506377;s:53:\"\0ActionScheduler_IntervalSchedule\0interval_in_seconds\";i:604800;}',5,1,'2023-01-12 06:53:16','2023-01-12 09:53:16',0,NULL),(3461,'rank_math/analytics/email_report_event','complete','2022-12-31 00:59:43','2022-12-31 03:59:43','[]','O:32:\"ActionScheduler_IntervalSchedule\":5:{s:22:\"\0*\0scheduled_timestamp\";i:1672448383;s:18:\"\0*\0first_timestamp\";i:1630972800;s:13:\"\0*\0recurrence\";i:2592000;s:49:\"\0ActionScheduler_IntervalSchedule\0start_timestamp\";i:1672448383;s:53:\"\0ActionScheduler_IntervalSchedule\0interval_in_seconds\";i:2592000;}',5,1,'2022-12-31 01:13:56','2022-12-31 04:13:56',0,NULL),(3504,'woocommerce_cleanup_draft_orders','complete','2023-01-06 13:47:05','2023-01-06 16:47:05','[]','O:32:\"ActionScheduler_IntervalSchedule\":5:{s:22:\"\0*\0scheduled_timestamp\";i:1673012825;s:18:\"\0*\0first_timestamp\";i:1664619052;s:13:\"\0*\0recurrence\";i:86400;s:49:\"\0ActionScheduler_IntervalSchedule\0start_timestamp\";i:1673012825;s:53:\"\0ActionScheduler_IntervalSchedule\0interval_in_seconds\";i:86400;}',0,1,'2023-01-06 13:49:37','2023-01-06 16:49:37',0,NULL),(3486,'rank_math/analytics/data_fetch','complete','2022-12-29 06:47:18','2022-12-29 09:47:18','[]','O:32:\"ActionScheduler_IntervalSchedule\":5:{s:22:\"\0*\0scheduled_timestamp\";i:1672296438;s:18:\"\0*\0first_timestamp\";i:1631156460;s:13:\"\0*\0recurrence\";i:604800;s:49:\"\0ActionScheduler_IntervalSchedule\0start_timestamp\";i:1672296438;s:53:\"\0ActionScheduler_IntervalSchedule\0interval_in_seconds\";i:604800;}',5,1,'2022-12-29 06:51:12','2022-12-29 09:51:12',0,NULL),(3497,'rank_math/analytics/email_report_event','pending','2023-01-30 01:13:56','2023-01-30 04:13:56','[]','O:32:\"ActionScheduler_IntervalSchedule\":5:{s:22:\"\0*\0scheduled_timestamp\";i:1675041236;s:18:\"\0*\0first_timestamp\";i:1630972800;s:13:\"\0*\0recurrence\";i:2592000;s:49:\"\0ActionScheduler_IntervalSchedule\0start_timestamp\";i:1675041236;s:53:\"\0ActionScheduler_IntervalSchedule\0interval_in_seconds\";i:2592000;}',5,0,'0000-00-00 00:00:00','0000-00-00 00:00:00',0,NULL),(3508,'woocommerce_cleanup_draft_orders','complete','2023-01-10 14:06:59','2023-01-10 17:06:59','[]','O:32:\"ActionScheduler_IntervalSchedule\":5:{s:22:\"\0*\0scheduled_timestamp\";i:1673359619;s:18:\"\0*\0first_timestamp\";i:1664619052;s:13:\"\0*\0recurrence\";i:86400;s:49:\"\0ActionScheduler_IntervalSchedule\0start_timestamp\";i:1673359619;s:53:\"\0ActionScheduler_IntervalSchedule\0interval_in_seconds\";i:86400;}',0,1,'2023-01-10 14:07:52','2023-01-10 17:07:52',0,NULL),(3494,'rank_math/analytics/data_fetch','complete','2023-01-05 06:51:12','2023-01-05 09:51:12','[]','O:32:\"ActionScheduler_IntervalSchedule\":5:{s:22:\"\0*\0scheduled_timestamp\";i:1672901472;s:18:\"\0*\0first_timestamp\";i:1631156460;s:13:\"\0*\0recurrence\";i:604800;s:49:\"\0ActionScheduler_IntervalSchedule\0start_timestamp\";i:1672901472;s:53:\"\0ActionScheduler_IntervalSchedule\0interval_in_seconds\";i:604800;}',5,1,'2023-01-05 06:52:57','2023-01-05 09:52:57',0,NULL),(3509,'woocommerce_cleanup_draft_orders','complete','2023-01-11 14:07:52','2023-01-11 17:07:52','[]','O:32:\"ActionScheduler_IntervalSchedule\":5:{s:22:\"\0*\0scheduled_timestamp\";i:1673446072;s:18:\"\0*\0first_timestamp\";i:1664619052;s:13:\"\0*\0recurrence\";i:86400;s:49:\"\0ActionScheduler_IntervalSchedule\0start_timestamp\";i:1673446072;s:53:\"\0ActionScheduler_IntervalSchedule\0interval_in_seconds\";i:86400;}',0,1,'2023-01-11 14:18:28','2023-01-11 17:18:28',0,NULL),(3510,'woocommerce_cleanup_draft_orders','complete','2023-01-12 14:18:28','2023-01-12 17:18:28','[]','O:32:\"ActionScheduler_IntervalSchedule\":5:{s:22:\"\0*\0scheduled_timestamp\";i:1673533108;s:18:\"\0*\0first_timestamp\";i:1664619052;s:13:\"\0*\0recurrence\";i:86400;s:49:\"\0ActionScheduler_IntervalSchedule\0start_timestamp\";i:1673533108;s:53:\"\0ActionScheduler_IntervalSchedule\0interval_in_seconds\";i:86400;}',0,1,'2023-01-12 14:18:58','2023-01-12 17:18:58',0,NULL),(3512,'woocommerce_cleanup_draft_orders','complete','2023-01-13 14:18:58','2023-01-13 17:18:58','[]','O:32:\"ActionScheduler_IntervalSchedule\":5:{s:22:\"\0*\0scheduled_timestamp\";i:1673619538;s:18:\"\0*\0first_timestamp\";i:1664619052;s:13:\"\0*\0recurrence\";i:86400;s:49:\"\0ActionScheduler_IntervalSchedule\0start_timestamp\";i:1673619538;s:53:\"\0ActionScheduler_IntervalSchedule\0interval_in_seconds\";i:86400;}',0,1,'2023-01-13 14:19:46','2023-01-13 17:19:46',0,NULL),(3514,'woocommerce_cleanup_draft_orders','complete','2023-01-15 14:21:05','2023-01-15 17:21:05','[]','O:32:\"ActionScheduler_IntervalSchedule\":5:{s:22:\"\0*\0scheduled_timestamp\";i:1673792465;s:18:\"\0*\0first_timestamp\";i:1664619052;s:13:\"\0*\0recurrence\";i:86400;s:49:\"\0ActionScheduler_IntervalSchedule\0start_timestamp\";i:1673792465;s:53:\"\0ActionScheduler_IntervalSchedule\0interval_in_seconds\";i:86400;}',0,1,'2023-01-15 14:26:01','2023-01-15 17:26:01',0,NULL),(3515,'woocommerce_cleanup_draft_orders','complete','2023-01-16 14:26:01','2023-01-16 17:26:01','[]','O:32:\"ActionScheduler_IntervalSchedule\":5:{s:22:\"\0*\0scheduled_timestamp\";i:1673879161;s:18:\"\0*\0first_timestamp\";i:1664619052;s:13:\"\0*\0recurrence\";i:86400;s:49:\"\0ActionScheduler_IntervalSchedule\0start_timestamp\";i:1673879161;s:53:\"\0ActionScheduler_IntervalSchedule\0interval_in_seconds\";i:86400;}',0,1,'2023-01-16 14:26:05','2023-01-16 17:26:05',0,NULL),(3516,'woocommerce_cleanup_draft_orders','complete','2023-01-17 14:26:05','2023-01-17 17:26:05','[]','O:32:\"ActionScheduler_IntervalSchedule\":5:{s:22:\"\0*\0scheduled_timestamp\";i:1673965565;s:18:\"\0*\0first_timestamp\";i:1664619052;s:13:\"\0*\0recurrence\";i:86400;s:49:\"\0ActionScheduler_IntervalSchedule\0start_timestamp\";i:1673965565;s:53:\"\0ActionScheduler_IntervalSchedule\0interval_in_seconds\";i:86400;}',0,1,'2023-01-17 14:30:01','2023-01-17 17:30:01',0,NULL),(3519,'rank_math/analytics/data_fetch','pending','2023-01-26 06:56:09','2023-01-26 09:56:09','[]','O:32:\"ActionScheduler_IntervalSchedule\":5:{s:22:\"\0*\0scheduled_timestamp\";i:1674716169;s:18:\"\0*\0first_timestamp\";i:1631156460;s:13:\"\0*\0recurrence\";i:604800;s:49:\"\0ActionScheduler_IntervalSchedule\0start_timestamp\";i:1674716169;s:53:\"\0ActionScheduler_IntervalSchedule\0interval_in_seconds\";i:604800;}',5,0,'0000-00-00 00:00:00','0000-00-00 00:00:00',0,NULL),(3517,'woocommerce_cleanup_draft_orders','complete','2023-01-18 14:30:01','2023-01-18 17:30:01','[]','O:32:\"ActionScheduler_IntervalSchedule\":5:{s:22:\"\0*\0scheduled_timestamp\";i:1674052201;s:18:\"\0*\0first_timestamp\";i:1664619052;s:13:\"\0*\0recurrence\";i:86400;s:49:\"\0ActionScheduler_IntervalSchedule\0start_timestamp\";i:1674052201;s:53:\"\0ActionScheduler_IntervalSchedule\0interval_in_seconds\";i:86400;}',0,1,'2023-01-18 14:32:19','2023-01-18 17:32:19',0,NULL),(3498,'woocommerce_cleanup_draft_orders','complete','2023-01-01 13:25:30','2023-01-01 16:25:30','[]','O:32:\"ActionScheduler_IntervalSchedule\":5:{s:22:\"\0*\0scheduled_timestamp\";i:1672579530;s:18:\"\0*\0first_timestamp\";i:1664619052;s:13:\"\0*\0recurrence\";i:86400;s:49:\"\0ActionScheduler_IntervalSchedule\0start_timestamp\";i:1672579530;s:53:\"\0ActionScheduler_IntervalSchedule\0interval_in_seconds\";i:86400;}',0,1,'2023-01-01 13:30:13','2023-01-01 16:30:13',0,NULL),(3499,'woocommerce_cleanup_draft_orders','complete','2023-01-02 13:30:13','2023-01-02 16:30:13','[]','O:32:\"ActionScheduler_IntervalSchedule\":5:{s:22:\"\0*\0scheduled_timestamp\";i:1672666213;s:18:\"\0*\0first_timestamp\";i:1664619052;s:13:\"\0*\0recurrence\";i:86400;s:49:\"\0ActionScheduler_IntervalSchedule\0start_timestamp\";i:1672666213;s:53:\"\0ActionScheduler_IntervalSchedule\0interval_in_seconds\";i:86400;}',0,1,'2023-01-02 13:32:21','2023-01-02 16:32:21',0,NULL);

--
-- Table structure for table `wp_actionscheduler_claims`
--

CREATE TABLE `wp_actionscheduler_claims` (
  `claim_id` bigint(20) unsigned NOT NULL AUTO_INCREMENT,
  `date_created_gmt` datetime NOT NULL DEFAULT '0000-00-00 00:00:00',
  PRIMARY KEY (`claim_id`),
  KEY `date_created_gmt` (`date_created_gmt`)
) ENGINE=MyISAM AUTO_INCREMENT=230410 DEFAULT CHARSET=utf8mb4 COLLATE=utf8mb4_unicode_ci;

--
-- Dumping data for table `wp_actionscheduler_claims`
--


--
-- Table structure for table `wp_actionscheduler_groups`
--

CREATE TABLE `wp_actionscheduler_groups` (
  `group_id` bigint(20) unsigned NOT NULL AUTO_INCREMENT,
  `slug` varchar(255) COLLATE utf8mb4_unicode_ci NOT NULL,
  PRIMARY KEY (`group_id`),
  KEY `slug` (`slug`(191))
) ENGINE=MyISAM AUTO_INCREMENT=7 DEFAULT CHARSET=utf8mb4 COLLATE=utf8mb4_unicode_ci;

--
-- Dumping data for table `wp_actionscheduler_groups`
--

INSERT INTO `wp_actionscheduler_groups` VALUES (1,'action-scheduler-migration'),(2,'wc-admin-data'),(3,'wc_update_product_default_cat'),(4,'workflow'),(5,'rank-math'),(6,'woocommerce-db-updates');

--
-- Table structure for table `wp_actionscheduler_logs`
--

CREATE TABLE `wp_actionscheduler_logs` (
  `log_id` bigint(20) unsigned NOT NULL AUTO_INCREMENT,
  `action_id` bigint(20) unsigned NOT NULL,
  `message` text COLLATE utf8mb4_unicode_ci NOT NULL,
  `log_date_gmt` datetime DEFAULT '0000-00-00 00:00:00',
  `log_date_local` datetime DEFAULT '0000-00-00 00:00:00',
  PRIMARY KEY (`log_id`),
  KEY `action_id` (`action_id`),
  KEY `log_date_gmt` (`log_date_gmt`)
) ENGINE=MyISAM AUTO_INCREMENT=3343 DEFAULT CHARSET=utf8mb4 COLLATE=utf8mb4_unicode_ci;

--
-- Dumping data for table `wp_actionscheduler_logs`
--

INSERT INTO `wp_actionscheduler_logs` VALUES (3243,3493,'action created','2022-12-28 13:17:18','2022-12-28 16:17:18'),(3240,3492,'action created','2022-12-27 13:13:06','2022-12-27 16:13:06'),(3239,3491,'action complete via WP Cron','2022-12-27 13:13:06','2022-12-27 16:13:06'),(3242,3492,'action complete via WP Cron','2022-12-28 13:17:18','2022-12-28 16:17:18'),(3249,3495,'action created','2022-12-29 13:18:54','2022-12-29 16:18:54'),(3238,3491,'action started via WP Cron','2022-12-27 13:13:06','2022-12-27 16:13:06'),(3237,3491,'action created','2022-12-26 13:12:51','2022-12-26 16:12:51'),(3261,3499,'action created','2023-01-01 13:30:13','2023-01-01 16:30:13'),(3245,3486,'action complete via WP Cron','2022-12-29 06:51:12','2022-12-29 09:51:12'),(3336,3524,'action created','2023-01-23 14:42:04','2023-01-23 17:42:04'),(3339,3525,'action created','2023-01-24 14:44:50','2023-01-24 17:44:50'),(3333,3523,'action created','2023-01-22 14:41:54','2023-01-22 17:41:54'),(3332,3522,'action complete via WP Cron','2023-01-22 14:41:54','2023-01-22 17:41:54'),(3246,3494,'action created','2022-12-29 06:51:12','2022-12-29 09:51:12'),(3331,3522,'action started via WP Cron','2023-01-22 14:41:54','2023-01-22 17:41:54'),(3330,3522,'action created','2023-01-21 14:40:29','2023-01-21 17:40:29'),(3327,3521,'action created','2023-01-20 14:39:19','2023-01-20 17:39:19'),(3329,3521,'action complete via WP Cron','2023-01-21 14:40:29','2023-01-21 17:40:29'),(3328,3521,'action started via WP Cron','2023-01-21 14:40:29','2023-01-21 17:40:29'),(3306,3514,'action created','2023-01-14 14:21:05','2023-01-14 17:21:05'),(3309,3515,'action created','2023-01-15 14:26:01','2023-01-15 17:26:01'),(3303,3513,'action created','2023-01-13 14:19:46','2023-01-13 17:19:46'),(3302,3512,'action complete via WP Cron','2023-01-13 14:19:46','2023-01-13 17:19:46'),(3312,3516,'action created','2023-01-16 14:26:05','2023-01-16 17:26:05'),(3222,3486,'action created','2022-12-22 06:47:18','2022-12-22 09:47:18'),(3253,3461,'action started via WP Cron','2022-12-31 01:13:56','2022-12-31 04:13:56'),(3305,3513,'action complete via WP Cron','2023-01-14 14:21:05','2023-01-14 17:21:05'),(3304,3513,'action started via WP Cron','2023-01-14 14:21:05','2023-01-14 17:21:05'),(3315,3517,'action created','2023-01-17 14:30:01','2023-01-17 17:30:01'),(3308,3514,'action complete via WP Cron','2023-01-15 14:26:01','2023-01-15 17:26:01'),(3307,3514,'action started via WP Cron','2023-01-15 14:26:01','2023-01-15 17:26:01'),(3318,3518,'action created','2023-01-18 14:32:19','2023-01-18 17:32:19'),(3311,3515,'action complete via WP Cron','2023-01-16 14:26:05','2023-01-16 17:26:05'),(3310,3515,'action started via WP Cron','2023-01-16 14:26:05','2023-01-16 17:26:05'),(3324,3520,'action created','2023-01-19 14:33:20','2023-01-19 17:33:20'),(3326,3520,'action complete via WP Cron','2023-01-20 14:39:19','2023-01-20 17:39:19'),(3317,3517,'action complete via WP Cron','2023-01-18 14:32:19','2023-01-18 17:32:19'),(3325,3520,'action started via WP Cron','2023-01-20 14:39:19','2023-01-20 17:39:19'),(3323,3518,'action complete via WP Cron','2023-01-19 14:33:20','2023-01-19 17:33:20'),(3322,3518,'action started via WP Cron','2023-01-19 14:33:20','2023-01-19 17:33:20'),(3282,3506,'action created','2023-01-07 13:57:50','2023-01-07 16:57:50'),(3279,3505,'action created','2023-01-06 13:49:37','2023-01-06 16:49:37'),(3285,3507,'action created','2023-01-08 14:05:46','2023-01-08 17:05:46'),(3295,3503,'action started via WP Cron','2023-01-12 06:53:16','2023-01-12 09:53:16'),(3296,3503,'action complete via WP Cron','2023-01-12 06:53:16','2023-01-12 09:53:16'),(3320,3511,'action complete via WP Cron','2023-01-19 06:56:09','2023-01-19 09:56:09'),(3321,3519,'action created','2023-01-19 06:56:09','2023-01-19 09:56:09'),(3278,3504,'action complete via WP Cron','2023-01-06 13:49:37','2023-01-06 16:49:37'),(3277,3504,'action started via WP Cron','2023-01-06 13:49:37','2023-01-06 16:49:37'),(3288,3508,'action created','2023-01-09 14:06:59','2023-01-09 17:06:59'),(3255,3497,'action created','2022-12-31 01:13:56','2022-12-31 04:13:56'),(3254,3461,'action complete via WP Cron','2022-12-31 01:13:56','2022-12-31 04:13:56'),(3244,3486,'action started via WP Cron','2022-12-29 06:51:12','2022-12-29 09:51:12'),(3281,3505,'action complete via WP Cron','2023-01-07 13:57:50','2023-01-07 16:57:50'),(3280,3505,'action started via WP Cron','2023-01-07 13:57:50','2023-01-07 16:57:50'),(3291,3509,'action created','2023-01-10 14:07:52','2023-01-10 17:07:52'),(3284,3506,'action complete via WP Cron','2023-01-08 14:05:46','2023-01-08 17:05:46'),(3283,3506,'action started via WP Cron','2023-01-08 14:05:46','2023-01-08 17:05:46'),(3294,3510,'action created','2023-01-11 14:18:28','2023-01-11 17:18:28'),(3301,3512,'action started via WP Cron','2023-01-13 14:19:46','2023-01-13 17:19:46'),(3299,3510,'action complete via WP Cron','2023-01-12 14:18:58','2023-01-12 17:18:58'),(3300,3512,'action created','2023-01-12 14:18:58','2023-01-12 17:18:58'),(3236,3490,'action complete via WP Cron','2022-12-26 13:12:51','2022-12-26 16:12:51'),(3147,3461,'action created','2022-12-01 00:59:43','2022-12-01 03:59:43'),(3297,3511,'action created','2023-01-12 06:53:16','2023-01-12 09:53:16'),(3293,3509,'action complete via WP Cron','2023-01-11 14:18:28','2023-01-11 17:18:28'),(3298,3510,'action started via WP Cron','2023-01-12 14:18:58','2023-01-12 17:18:58'),(3274,3502,'action started via WP Cron','2023-01-05 13:47:05','2023-01-05 16:47:05'),(3275,3502,'action complete via WP Cron','2023-01-05 13:47:05','2023-01-05 16:47:05'),(3276,3504,'action created','2023-01-05 13:47:05','2023-01-05 16:47:05'),(3319,3511,'action started via WP Cron','2023-01-19 06:56:09','2023-01-19 09:56:09'),(3316,3517,'action started via WP Cron','2023-01-18 14:32:19','2023-01-18 17:32:19'),(3260,3498,'action complete via WP Cron','2023-01-01 13:30:13','2023-01-01 16:30:13'),(3259,3498,'action started via WP Cron','2023-01-01 13:30:13','2023-01-01 16:30:13'),(3264,3500,'action created','2023-01-02 13:32:21','2023-01-02 16:32:21'),(3314,3516,'action complete via WP Cron','2023-01-17 14:30:01','2023-01-17 17:30:01'),(3234,3490,'action created','2022-12-25 13:12:34','2022-12-25 16:12:34'),(3342,3526,'action created','2023-01-25 14:50:35','2023-01-25 17:50:35'),(3258,3498,'action created','2022-12-31 13:25:30','2022-12-31 16:25:30'),(3256,3496,'action started via WP Cron','2022-12-31 13:25:30','2022-12-31 16:25:30'),(3292,3509,'action started via WP Cron','2023-01-11 14:18:28','2023-01-11 17:18:28'),(3290,3508,'action complete via WP Cron','2023-01-10 14:07:52','2023-01-10 17:07:52'),(3289,3508,'action started via WP Cron','2023-01-10 14:07:52','2023-01-10 17:07:52'),(3313,3516,'action started via WP Cron','2023-01-17 14:30:01','2023-01-17 17:30:01'),(3268,3501,'action started via WP Cron','2023-01-04 13:38:36','2023-01-04 16:38:36'),(3269,3501,'action complete via WP Cron','2023-01-04 13:38:36','2023-01-04 16:38:36'),(3270,3502,'action created','2023-01-04 13:38:36','2023-01-04 16:38:36'),(3271,3494,'action started via WP Cron','2023-01-05 06:52:57','2023-01-05 09:52:57'),(3272,3494,'action complete via WP Cron','2023-01-05 06:52:57','2023-01-05 09:52:57'),(3273,3503,'action created','2023-01-05 06:52:57','2023-01-05 09:52:57'),(3263,3499,'action complete via WP Cron','2023-01-02 13:32:21','2023-01-02 16:32:21'),(3262,3499,'action started via WP Cron','2023-01-02 13:32:21','2023-01-02 16:32:21'),(3265,3500,'action started via WP Cron','2023-01-03 13:37:45','2023-01-03 16:37:45'),(3266,3500,'action complete via WP Cron','2023-01-03 13:37:45','2023-01-03 16:37:45'),(3267,3501,'action created','2023-01-03 13:37:45','2023-01-03 16:37:45'),(3257,3496,'action complete via WP Cron','2022-12-31 13:25:30','2022-12-31 16:25:30'),(3251,3495,'action complete via WP Cron','2022-12-30 13:22:19','2022-12-30 16:22:19'),(3252,3496,'action created','2022-12-30 13:22:19','2022-12-30 16:22:19'),(3250,3495,'action started via WP Cron','2022-12-30 13:22:19','2022-12-30 16:22:19'),(3248,3493,'action complete via WP Cron','2022-12-29 13:18:54','2022-12-29 16:18:54'),(3247,3493,'action started via WP Cron','2022-12-29 13:18:54','2022-12-29 16:18:54'),(3241,3492,'action started via WP Cron','2022-12-28 13:17:18','2022-12-28 16:17:18'),(3341,3525,'action complete via WP Cron','2023-01-25 14:50:35','2023-01-25 17:50:35'),(3340,3525,'action started via WP Cron','2023-01-25 14:50:35','2023-01-25 17:50:35'),(3235,3490,'action started via WP Cron','2022-12-26 13:12:51','2022-12-26 16:12:51'),(3338,3524,'action complete via WP Cron','2023-01-24 14:44:50','2023-01-24 17:44:50'),(3337,3524,'action started via WP Cron','2023-01-24 14:44:50','2023-01-24 17:44:50'),(3334,3523,'action started via WP Cron','2023-01-23 14:42:04','2023-01-23 17:42:04'),(3335,3523,'action complete via WP Cron','2023-01-23 14:42:04','2023-01-23 17:42:04'),(3287,3507,'action complete via WP Cron','2023-01-09 14:06:59','2023-01-09 17:06:59'),(3286,3507,'action started via WP Cron','2023-01-09 14:06:59','2023-01-09 17:06:59');

--
-- Table structure for table `wp_awb_critical_css`
--

CREATE TABLE `wp_awb_critical_css` (
  `id` bigint(20) NOT NULL AUTO_INCREMENT,
  `css_key` varchar(255) COLLATE utf8mb4_unicode_ci NOT NULL,
  `mobile_css` longtext COLLATE utf8mb4_unicode_ci NOT NULL,
  `desktop_css` longtext COLLATE utf8mb4_unicode_ci NOT NULL,
  `mobile_preloads` longtext COLLATE utf8mb4_unicode_ci NOT NULL,
  `desktop_preloads` longtext COLLATE utf8mb4_unicode_ci NOT NULL,
  `updated_at` varchar(25) COLLATE utf8mb4_unicode_ci NOT NULL,
  PRIMARY KEY (`id`),
  UNIQUE KEY `id` (`id`)
) ENGINE=MyISAM DEFAULT CHARSET=utf8mb4 COLLATE=utf8mb4_unicode_ci;

--
-- Dumping data for table `wp_awb_critical_css`
--


--
-- Table structure for table `wp_commentmeta`
--

CREATE TABLE `wp_commentmeta` (
  `meta_id` bigint(20) unsigned NOT NULL AUTO_INCREMENT,
  `comment_id` bigint(20) unsigned NOT NULL DEFAULT 0,
  `meta_key` varchar(255) COLLATE utf8mb4_unicode_ci DEFAULT NULL,
  `meta_value` longtext COLLATE utf8mb4_unicode_ci DEFAULT NULL,
  PRIMARY KEY (`meta_id`),
  KEY `comment_id` (`comment_id`),
  KEY `meta_key` (`meta_key`(191))
) ENGINE=MyISAM AUTO_INCREMENT=5 DEFAULT CHARSET=utf8mb4 COLLATE=utf8mb4_unicode_ci;

--
-- Dumping data for table `wp_commentmeta`
--


--
-- Table structure for table `wp_comments`
--

CREATE TABLE `wp_comments` (
  `comment_ID` bigint(20) unsigned NOT NULL AUTO_INCREMENT,
  `comment_post_ID` bigint(20) unsigned NOT NULL DEFAULT 0,
  `comment_author` tinytext COLLATE utf8mb4_unicode_ci NOT NULL,
  `comment_author_email` varchar(100) COLLATE utf8mb4_unicode_ci NOT NULL DEFAULT '',
  `comment_author_url` varchar(200) COLLATE utf8mb4_unicode_ci NOT NULL DEFAULT '',
  `comment_author_IP` varchar(100) COLLATE utf8mb4_unicode_ci NOT NULL DEFAULT '',
  `comment_date` datetime NOT NULL DEFAULT '0000-00-00 00:00:00',
  `comment_date_gmt` datetime NOT NULL DEFAULT '0000-00-00 00:00:00',
  `comment_content` text COLLATE utf8mb4_unicode_ci NOT NULL,
  `comment_karma` int(11) NOT NULL DEFAULT 0,
  `comment_approved` varchar(20) COLLATE utf8mb4_unicode_ci NOT NULL DEFAULT '1',
  `comment_agent` varchar(255) COLLATE utf8mb4_unicode_ci NOT NULL DEFAULT '',
  `comment_type` varchar(20) COLLATE utf8mb4_unicode_ci NOT NULL DEFAULT 'comment',
  `comment_parent` bigint(20) unsigned NOT NULL DEFAULT 0,
  `user_id` bigint(20) unsigned NOT NULL DEFAULT 0,
  PRIMARY KEY (`comment_ID`),
  KEY `comment_post_ID` (`comment_post_ID`),
  KEY `comment_approved_date_gmt` (`comment_approved`,`comment_date_gmt`),
  KEY `comment_date_gmt` (`comment_date_gmt`),
  KEY `comment_parent` (`comment_parent`),
  KEY `comment_author_email` (`comment_author_email`(10)),
  KEY `woo_idx_comment_type` (`comment_type`)
) ENGINE=MyISAM AUTO_INCREMENT=3 DEFAULT CHARSET=utf8mb4 COLLATE=utf8mb4_unicode_ci;

--
-- Dumping data for table `wp_comments`
--


--
-- Table structure for table `wp_fbv`
--

CREATE TABLE `wp_fbv` (
  `id` int(11) unsigned NOT NULL AUTO_INCREMENT,
  `name` varchar(250) COLLATE utf8mb4_unicode_ci NOT NULL,
  `parent` int(11) NOT NULL DEFAULT 0,
  `type` int(2) NOT NULL DEFAULT 0,
  `ord` int(11) DEFAULT 0,
  `created_by` int(11) DEFAULT 0,
  PRIMARY KEY (`id`),
  UNIQUE KEY `id` (`id`)
) ENGINE=InnoDB DEFAULT CHARSET=utf8mb4 COLLATE=utf8mb4_unicode_ci;

--
-- Dumping data for table `wp_fbv`
--


--
-- Table structure for table `wp_fbv_attachment_folder`
--

CREATE TABLE `wp_fbv_attachment_folder` (
  `folder_id` int(11) unsigned NOT NULL,
  `attachment_id` bigint(20) unsigned NOT NULL,
  UNIQUE KEY `folder_id` (`folder_id`,`attachment_id`)
) ENGINE=InnoDB DEFAULT CHARSET=utf8mb4 COLLATE=utf8mb4_unicode_ci;

--
-- Dumping data for table `wp_fbv_attachment_folder`
--


--
-- Table structure for table `wp_fusion_form_entries`
--

CREATE TABLE `wp_fusion_form_entries` (
  `id` bigint(20) NOT NULL AUTO_INCREMENT,
  `submission_id` bigint(20) NOT NULL,
  `form_id` bigint(20) NOT NULL,
  `field_id` bigint(20) NOT NULL,
  `value` longtext COLLATE utf8mb4_unicode_ci DEFAULT NULL,
  `privacy` tinyint(1) DEFAULT NULL,
  `data` longtext COLLATE utf8mb4_unicode_ci DEFAULT NULL,
  PRIMARY KEY (`id`),
  UNIQUE KEY `id` (`id`)
) ENGINE=MyISAM AUTO_INCREMENT=37 DEFAULT CHARSET=utf8mb4 COLLATE=utf8mb4_unicode_ci;

--
-- Dumping data for table `wp_fusion_form_entries`
--

INSERT INTO `wp_fusion_form_entries` VALUES (1,1,3,1,'Ali',0,NULL),(2,1,3,2,'Alabood',0,NULL),(3,1,3,3,'https://www.namerah.com/wp-content/uploads/fusion-forms/615c1a3bbdea0.pdf',0,NULL),(4,2,3,1,'madrek',0,NULL),(5,2,3,2,'أبو عمار',0,NULL),(6,2,3,3,'https://www.namerah.com/wp-content/uploads/fusion-forms/6183b115f2ddc.pdf',0,NULL),(7,3,3,1,'Aadil',0,NULL),(8,3,3,2,'Siddiqui',0,NULL),(9,3,3,3,'https://www.namerah.com/wp-content/uploads/fusion-forms/62a1a4a8c0b8f.pdf',0,NULL),(10,4,3,1,'Suliman',0,NULL),(11,4,3,2,'Amin',0,NULL),(12,4,3,3,'https://www.namerah.com/wp-content/uploads/fusion-forms/62d083e32dfe2.pdf',0,NULL),(13,5,3,1,'Mohamed Ahmed',0,NULL),(14,5,3,2,'Yasin',0,NULL),(15,5,3,3,'https://www.namerah.com/wp-content/uploads/fusion-forms/6309fbd843691.pdf',0,NULL),(16,6,3,1,'Suliman',0,NULL),(17,6,3,2,'Amin',0,NULL),(18,6,3,3,'https://www.namerah.com/wp-content/uploads/fusion-forms/630ce3f9652dd.pdf',0,NULL),(19,7,3,1,'Suliman',0,NULL),(20,7,3,2,'Amin',0,NULL),(21,7,3,3,'https://www.namerah.com/wp-content/uploads/fusion-forms/634f777d59570.pdf',0,NULL),(22,8,3,1,'Amit',0,NULL),(23,8,3,2,'Dawange',0,NULL),(24,8,3,3,'https://www.namerah.com/wp-content/uploads/fusion-forms/6357ee3a9daf5.pdf',0,NULL),(25,9,3,1,'Thaer',0,NULL),(26,9,3,2,'aldanaf',0,NULL),(27,9,3,3,'https://www.namerah.com/wp-content/uploads/fusion-forms/635fd17643adf.pdf',0,NULL),(28,10,3,1,'Mohamed Ahmed',0,NULL),(29,10,3,2,'Yasin',0,NULL),(30,10,3,3,'https://www.namerah.com/wp-content/uploads/fusion-forms/63865e93d6d24.pdf',0,NULL),(31,11,3,1,'Suliman',0,NULL),(32,11,3,2,'Amin',0,NULL),(33,11,3,3,'https://www.namerah.com/wp-content/uploads/fusion-forms/638d7bc9c7d06.pdf',0,NULL),(34,12,3,1,'Amira',0,NULL),(35,12,3,2,'Gamal',0,NULL),(36,12,3,3,'https://www.namerah.com/wp-content/uploads/fusion-forms/63bda4df3ca0e.pdf',0,NULL);

--
-- Table structure for table `wp_fusion_form_fields`
--

CREATE TABLE `wp_fusion_form_fields` (
  `id` bigint(20) NOT NULL AUTO_INCREMENT,
  `form_id` bigint(20) NOT NULL,
  `field_name` varchar(256) COLLATE utf8mb4_unicode_ci NOT NULL,
  `field_label` varchar(256) COLLATE utf8mb4_unicode_ci DEFAULT NULL,
  `data` longtext COLLATE utf8mb4_unicode_ci DEFAULT NULL,
  PRIMARY KEY (`id`),
  UNIQUE KEY `id` (`id`)
) ENGINE=MyISAM AUTO_INCREMENT=4 DEFAULT CHARSET=utf8mb4 COLLATE=utf8mb4_unicode_ci;

--
-- Dumping data for table `wp_fusion_form_fields`
--

INSERT INTO `wp_fusion_form_fields` VALUES (1,3,'first_name','',NULL),(2,3,'last_name','',NULL),(3,3,'0','',NULL);

--
-- Table structure for table `wp_fusion_form_submissions`
--

CREATE TABLE `wp_fusion_form_submissions` (
  `id` bigint(20) NOT NULL AUTO_INCREMENT,
  `form_id` bigint(20) NOT NULL,
  `time` datetime NOT NULL,
  `source_url` varchar(512) COLLATE utf8mb4_unicode_ci NOT NULL,
  `post_id` bigint(20) DEFAULT NULL,
  `user_id` bigint(20) DEFAULT NULL,
  `user_agent` text COLLATE utf8mb4_unicode_ci DEFAULT NULL,
  `ip` varchar(512) COLLATE utf8mb4_unicode_ci DEFAULT NULL,
  `is_read` tinyint(1) DEFAULT NULL,
  `privacy_scrub_date` date DEFAULT NULL,
  `on_privacy_scrub` varchar(20) COLLATE utf8mb4_unicode_ci NOT NULL,
  `data` longtext COLLATE utf8mb4_unicode_ci DEFAULT NULL,
  PRIMARY KEY (`id`),
  UNIQUE KEY `id` (`id`)
) ENGINE=MyISAM AUTO_INCREMENT=13 DEFAULT CHARSET=utf8mb4 COLLATE=utf8mb4_unicode_ci;

--
-- Dumping data for table `wp_fusion_form_submissions`
--

INSERT INTO `wp_fusion_form_submissions` VALUES (1,3,'2021-10-05 09:26:19','https://www.namerah.com/careers/',1101,0,'','',0,'2025-09-14','ignore',NULL),(2,3,'2021-11-04 10:08:21','https://www.namerah.com/careers/',1101,0,'','',0,'2025-10-14','ignore',NULL),(3,3,'2022-06-09 07:43:36','https://www.namerah.com/careers/',1101,0,'','',0,'2026-05-19','ignore',NULL),(4,3,'2022-07-14 21:00:19','https://www.namerah.com/careers/',1101,0,'','',0,'2026-06-23','ignore',NULL),(5,3,'2022-08-27 11:11:20','https://www.namerah.com/careers/',1101,0,'','',0,'2026-08-06','ignore',NULL),(6,3,'2022-08-29 16:06:17','https://www.namerah.com/careers/',1101,0,'','',0,'2026-08-08','ignore',NULL),(7,3,'2022-10-19 04:05:17','https://www.namerah.com/index.php/careers/',1101,0,'','',0,'2026-09-28','ignore',NULL),(8,3,'2022-10-25 14:10:02','https://www.namerah.com/careers/',1101,0,'','',0,'2026-10-04','ignore',NULL),(9,3,'2022-10-31 13:45:26','https://www.namerah.com/careers/',1101,0,'','',0,'2026-10-10','ignore',NULL),(10,3,'2022-11-29 19:33:39','https://www.namerah.com/careers/',1101,0,'','',0,'2026-11-08','ignore',NULL),(11,3,'2022-12-05 05:04:09','https://www.namerah.com/careers/',1101,0,'','',0,'2026-11-14','ignore',NULL),(12,3,'2023-01-10 17:48:15','https://www.namerah.com/careers/',1101,0,'','',0,'2026-12-20','ignore',NULL);

--
-- Table structure for table `wp_fusion_forms`
--

CREATE TABLE `wp_fusion_forms` (
  `id` bigint(20) NOT NULL AUTO_INCREMENT,
  `form_id` bigint(20) NOT NULL,
  `views` bigint(20) DEFAULT 0,
  `submissions_count` bigint(20) DEFAULT 0,
  `data` longtext COLLATE utf8mb4_unicode_ci DEFAULT NULL,
  PRIMARY KEY (`id`),
  UNIQUE KEY `id` (`id`),
  UNIQUE KEY `form_id` (`form_id`)
) ENGINE=MyISAM AUTO_INCREMENT=6 DEFAULT CHARSET=utf8mb4 COLLATE=utf8mb4_unicode_ci;

--
-- Dumping data for table `wp_fusion_forms`
--

INSERT INTO `wp_fusion_forms` VALUES (1,1965,24905,178,NULL),(2,1978,41,0,NULL),(3,2638,123,12,NULL),(4,3334,12215,0,NULL),(5,3476,17,0,NULL);

--
-- Table structure for table `wp_icl_content_status`
--

CREATE TABLE `wp_icl_content_status` (
  `rid` bigint(20) NOT NULL,
  `nid` bigint(20) NOT NULL,
  `timestamp` datetime NOT NULL,
  `md5` varchar(32) COLLATE utf8mb4_unicode_ci NOT NULL,
  PRIMARY KEY (`rid`),
  KEY `nid` (`nid`)
) ENGINE=MyISAM DEFAULT CHARSET=utf8mb4 COLLATE=utf8mb4_unicode_ci;

--
-- Dumping data for table `wp_icl_content_status`
--


--
-- Table structure for table `wp_icl_core_status`
--

CREATE TABLE `wp_icl_core_status` (
  `id` bigint(20) NOT NULL AUTO_INCREMENT,
  `rid` bigint(20) NOT NULL,
  `module` varchar(16) COLLATE utf8mb4_unicode_ci NOT NULL,
  `origin` varchar(64) COLLATE utf8mb4_unicode_ci NOT NULL,
  `target` varchar(64) COLLATE utf8mb4_unicode_ci NOT NULL,
  `status` smallint(6) NOT NULL,
  `tp_revision` int(11) NOT NULL DEFAULT 1,
  `ts_status` text COLLATE utf8mb4_unicode_ci DEFAULT NULL,
  PRIMARY KEY (`id`),
  KEY `rid` (`rid`)
) ENGINE=MyISAM DEFAULT CHARSET=utf8mb4 COLLATE=utf8mb4_unicode_ci;

--
-- Dumping data for table `wp_icl_core_status`
--


--
-- Table structure for table `wp_icl_flags`
--

CREATE TABLE `wp_icl_flags` (
  `id` int(11) NOT NULL AUTO_INCREMENT,
  `lang_code` varchar(10) COLLATE utf8mb4_unicode_ci NOT NULL,
  `flag` varchar(32) COLLATE utf8mb4_unicode_ci NOT NULL,
  `from_template` tinyint(4) NOT NULL DEFAULT 0,
  PRIMARY KEY (`id`),
  UNIQUE KEY `lang_code` (`lang_code`)
) ENGINE=MyISAM AUTO_INCREMENT=66 DEFAULT CHARSET=utf8mb4 COLLATE=utf8mb4_unicode_ci;

--
-- Dumping data for table `wp_icl_flags`
--

INSERT INTO `wp_icl_flags` VALUES (1,'ar','ar.png',0),(2,'az','az.png',0),(3,'bg','bg.png',0),(4,'bn','bn.png',0),(5,'bs','bs.png',0),(6,'ca','ca.png',0),(7,'cs','cs.png',0),(8,'cy','cy.png',0),(9,'da','da.png',0),(10,'de','de.png',0),(11,'el','el.png',0),(12,'en','en.png',0),(13,'eo','eo.png',0),(14,'es','es.png',0),(15,'et','et.png',0),(16,'eu','eu.png',0),(17,'fa','fa.png',0),(18,'fi','fi.png',0),(19,'fr','fr.png',0),(20,'ga','ga.png',0),(21,'gl','gl.png',0),(22,'he','he.png',0),(23,'hi','hi.png',0),(24,'hr','hr.png',0),(25,'hu','hu.png',0),(26,'hy','hy.png',0),(27,'id','id.png',0),(28,'is','is.png',0),(29,'it','it.png',0),(30,'ja','ja.png',0),(31,'ko','ko.png',0),(32,'ku','ku.png',0),(33,'lt','lt.png',0),(34,'lv','lv.png',0),(35,'mk','mk.png',0),(36,'mn','mn.png',0),(37,'ms','ms.png',0),(38,'mt','mt.png',0),(39,'ne','ne.png',0),(40,'nl','nl.png',0),(41,'no','no.png',0),(42,'pa','pa.png',0),(43,'pl','pl.png',0),(44,'pt-br','pt-br.png',0),(45,'pt-pt','pt-pt.png',0),(46,'qu','qu.png',0),(47,'ro','ro.png',0),(48,'ru','ru.png',0),(49,'sk','sk.png',0),(50,'sl','sl.png',0),(51,'so','so.png',0),(52,'sq','sq.png',0),(53,'sr','sr.png',0),(54,'sv','sv.png',0),(55,'ta','ta.png',0),(56,'th','th.png',0),(57,'tr','tr.png',0),(58,'uk','uk.png',0),(59,'ur','ur.png',0),(60,'uz','uz.png',0),(61,'vi','vi.png',0),(62,'yi','yi.png',0),(63,'zh-hans','zh.png',0),(64,'zh-hant','zh.png',0),(65,'zu','zu.png',0);

--
-- Table structure for table `wp_icl_languages`
--

CREATE TABLE `wp_icl_languages` (
  `id` int(11) NOT NULL AUTO_INCREMENT,
  `code` varchar(7) COLLATE utf8mb4_unicode_ci NOT NULL,
  `english_name` varchar(128) COLLATE utf8mb4_unicode_ci NOT NULL,
  `major` tinyint(4) NOT NULL DEFAULT 0,
  `active` tinyint(4) NOT NULL,
  `default_locale` varchar(35) COLLATE utf8mb4_unicode_ci DEFAULT NULL,
  `tag` varchar(35) COLLATE utf8mb4_unicode_ci DEFAULT NULL,
  `encode_url` tinyint(1) NOT NULL DEFAULT 0,
  `country` varchar(10) COLLATE utf8mb4_unicode_ci DEFAULT NULL,
  PRIMARY KEY (`id`),
  UNIQUE KEY `code` (`code`),
  UNIQUE KEY `english_name` (`english_name`)
) ENGINE=MyISAM AUTO_INCREMENT=66 DEFAULT CHARSET=utf8mb4 COLLATE=utf8mb4_unicode_ci;

--
-- Dumping data for table `wp_icl_languages`
--

INSERT INTO `wp_icl_languages` VALUES (1,'en','English',1,1,'en_US','en',0,NULL),(2,'es','Spanish',1,0,'es_ES','es',0,NULL),(3,'de','German',1,0,'de_DE','de',0,NULL),(4,'fr','French',1,0,'fr_FR','fr',0,NULL),(5,'ar','Arabic',0,1,'ar','ar',0,NULL),(6,'bs','Bosnian',0,0,'bs_BA','bs',0,NULL),(7,'bg','Bulgarian',0,0,'bg_BG','bg',0,NULL),(8,'ca','Catalan',0,0,'ca','ca',0,NULL),(9,'cs','Czech',0,0,'cs_CZ','cs',0,NULL),(10,'sk','Slovak',0,0,'sk_SK','sk',0,NULL),(11,'cy','Welsh',0,0,'cy_GB','cy',0,NULL),(12,'da','Danish',1,0,'da_DK','da',0,NULL),(13,'el','Greek',0,0,'el','el',0,NULL),(14,'eo','Esperanto',0,0,'eo_UY','eo',0,NULL),(15,'et','Estonian',0,0,'et','et',0,NULL),(16,'eu','Basque',0,0,'eu_ES','eu',0,NULL),(17,'fa','Persian',0,0,'fa_IR','fa',0,NULL),(18,'fi','Finnish',0,0,'fi','fi',0,NULL),(19,'ga','Irish',0,0,'ga_IE','ga',0,NULL),(20,'he','Hebrew',0,0,'he_IL','he',0,NULL),(21,'hi','Hindi',0,0,'hi_IN','hi',0,NULL),(22,'hr','Croatian',0,0,'hr','hr',0,NULL),(23,'hu','Hungarian',0,0,'hu_HU','hu',0,NULL),(24,'hy','Armenian',0,0,'hy_AM','hy',0,NULL),(25,'id','Indonesian',0,0,'id_ID','id',0,NULL),(26,'is','Icelandic',0,0,'is_IS','is',0,NULL),(27,'it','Italian',1,0,'it_IT','it',0,NULL),(28,'ja','Japanese',1,0,'ja','ja',0,NULL),(29,'ko','Korean',0,0,'ko_KR','ko',0,NULL),(30,'ku','Kurdish',0,0,'ckb','ku',0,NULL),(31,'lv','Latvian',0,0,'lv_LV','lv',0,NULL),(32,'lt','Lithuanian',0,0,'lt_LT','lt',0,NULL),(33,'mk','Macedonian',0,0,'mk_MK','mk',0,NULL),(34,'mt','Maltese',0,0,'mt_MT','mt',0,NULL),(35,'mn','Mongolian',0,0,'mn_MN','mn',0,NULL),(36,'ne','Nepali',0,0,'ne','ne',0,NULL),(37,'nl','Dutch',1,0,'nl_NL','nl',0,NULL),(38,'no','Norwegian Bokmål',0,0,'nb_NO','no',0,NULL),(39,'pa','Punjabi',0,0,'pa_IN','pa',0,NULL),(40,'pl','Polish',0,0,'pl_PL','pl',0,NULL),(41,'pt-pt','Portuguese, Portugal',0,0,'pt_PT','pt-pt',0,NULL),(42,'pt-br','Portuguese, Brazil',0,0,'pt_BR','pt-br',0,NULL),(43,'qu','Quechua',0,0,'quz_PE','qu',0,NULL),(44,'ro','Romanian',0,0,'ro_RO','ro',0,NULL),(45,'ru','Russian',1,0,'ru_RU','ru',0,NULL),(46,'sl','Slovenian',0,0,'sl_SI','sl',0,NULL),(47,'so','Somali',0,0,'so_SO','so',0,NULL),(48,'sq','Albanian',0,0,'sq_AL','sq',0,NULL),(49,'sr','Serbian',0,0,'sr_RS','sr',0,NULL),(50,'sv','Swedish',0,0,'sv_SE','sv',0,NULL),(51,'ta','Tamil',0,0,'ta_IN','ta',0,NULL),(52,'th','Thai',0,0,'th','th',0,NULL),(53,'tr','Turkish',0,0,'tr_TR','tr',0,NULL),(54,'uk','Ukrainian',0,0,'uk','uk',0,NULL),(55,'ur','Urdu',0,0,'ur','ur',0,NULL),(56,'uz','Uzbek',0,0,'uz_UZ','uz',0,NULL),(57,'vi','Vietnamese',0,0,'vi_VN','vi',0,NULL),(58,'yi','Yiddish',0,0,'','yi',0,NULL),(59,'zh-hans','Chinese (Simplified)',1,0,'zh_CN','zh-hans',0,NULL),(60,'zu','Zulu',0,0,'','zu',0,NULL),(61,'zh-hant','Chinese (Traditional)',1,0,'zh_TW','zh-hant',0,NULL),(62,'ms','Malay',0,0,'ms_MY','ms',0,NULL),(63,'gl','Galician',0,0,'gl_ES','gl',0,NULL),(64,'bn','Bengali',0,0,'bn_BD','bn',0,NULL),(65,'az','Azerbaijani',0,0,'az','az',0,NULL);

--
-- Table structure for table `wp_icl_languages_translations`
--

CREATE TABLE `wp_icl_languages_translations` (
  `id` int(11) NOT NULL AUTO_INCREMENT,
  `language_code` varchar(7) COLLATE utf8mb4_unicode_ci NOT NULL,
  `display_language_code` varchar(7) COLLATE utf8mb4_unicode_ci NOT NULL,
  `name` varchar(255) COLLATE utf8mb4_unicode_ci NOT NULL,
  PRIMARY KEY (`id`),
  UNIQUE KEY `language_code` (`language_code`,`display_language_code`)
) ENGINE=MyISAM AUTO_INCREMENT=4226 DEFAULT CHARSET=utf8mb4 COLLATE=utf8mb4_unicode_ci;

--
-- Dumping data for table `wp_icl_languages_translations`
--

INSERT INTO `wp_icl_languages_translations` VALUES (1,'en','en','English'),(2,'en','es','Inglés'),(3,'en','de','Englisch'),(4,'en','fr','Anglais'),(5,'en','ar','الإنجليزية'),(6,'en','bs','English'),(7,'en','bg','Английски'),(8,'en','ca','English'),(9,'en','cs','Angličtina'),(10,'en','sk','Angličtina'),(11,'en','cy','English'),(12,'en','da','English'),(13,'en','el','Αγγλικά'),(14,'en','eo','English'),(15,'en','et','English'),(16,'en','eu','English'),(17,'en','fa','English'),(18,'en','fi','Englanti'),(19,'en','ga','English'),(20,'en','he','אנגלית'),(21,'en','hi','English'),(22,'en','hr','Engleski'),(23,'en','hu','Angol'),(24,'en','hy','English'),(25,'en','id','English'),(26,'en','is','English'),(27,'en','it','Inglese'),(28,'en','ja','英語'),(29,'en','ko','영어'),(30,'en','ku','English'),(31,'en','lv','English'),(32,'en','lt','English'),(33,'en','mk','English'),(34,'en','mt','English'),(35,'en','mn','English'),(36,'en','ne','English'),(37,'en','nl','Engels'),(38,'en','no','Engelsk'),(39,'en','pa','English'),(40,'en','pl','Angielski'),(41,'en','pt-pt','Inglês'),(42,'en','pt-br','Inglês'),(43,'en','qu','English'),(44,'en','ro','Engleză'),(45,'en','ru','Английский'),(46,'en','sl','Angleščina'),(47,'en','so','English'),(48,'en','sq','English'),(49,'en','sr','енглески'),(50,'en','sv','Engelska'),(51,'en','ta','English'),(52,'en','th','อังกฤษ'),(53,'en','tr','İngilizce'),(54,'en','uk','English'),(55,'en','ur','English'),(56,'en','uz','English'),(57,'en','vi','English'),(58,'en','yi','English'),(59,'en','zh-hans','英语'),(60,'en','zu','English'),(61,'en','zh-hant','英語'),(62,'en','ms','English'),(63,'en','gl','English'),(64,'en','bn','English'),(65,'en','az','Ingilis'),(66,'es','en','Spanish'),(67,'es','es','Español'),(68,'es','de','Spanisch'),(69,'es','fr','Espagnol'),(70,'es','ar','الأسبانية'),(71,'es','bs','Spanish'),(72,'es','bg','Испански'),(73,'es','ca','Spanish'),(74,'es','cs','Španělský'),(75,'es','sk','Španielčina'),(76,'es','cy','Spanish'),(77,'es','da','Spanish'),(78,'es','el','Ισπανικά'),(79,'es','eo','Spanish'),(80,'es','et','Spanish'),(81,'es','eu','Spanish'),(82,'es','fa','Spanish'),(83,'es','fi','Espanja'),(84,'es','ga','Spanish'),(85,'es','he','ספרדית'),(86,'es','hi','Spanish'),(87,'es','hr','španjolski'),(88,'es','hu','Spanyol'),(89,'es','hy','Spanish'),(90,'es','id','Spanish'),(91,'es','is','Spanish'),(92,'es','it','Spagnolo'),(93,'es','ja','スペイン語'),(94,'es','ko','스페인어'),(95,'es','ku','Spanish'),(96,'es','lv','Spanish'),(97,'es','lt','Spanish'),(98,'es','mk','Spanish'),(99,'es','mt','Spanish'),(100,'es','mn','Spanish'),(101,'es','ne','Spanish'),(102,'es','nl','Spaans'),(103,'es','no','Spansk'),(104,'es','pa','Spanish'),(105,'es','pl','Hiszpański'),(106,'es','pt-pt','Espanhol'),(107,'es','pt-br','Espanhol'),(108,'es','qu','Spanish'),(109,'es','ro','Spaniolă'),(110,'es','ru','Испанский'),(111,'es','sl','Španščina'),(112,'es','so','Spanish'),(113,'es','sq','Spanish'),(114,'es','sr','шпански'),(115,'es','sv','Spanska'),(116,'es','ta','Spanish'),(117,'es','th','สเปน'),(118,'es','tr','İspanyolca'),(119,'es','uk','Spanish'),(120,'es','ur','Spanish'),(121,'es','uz','Spanish'),(122,'es','vi','Spanish'),(123,'es','yi','Spanish'),(124,'es','zh-hans','西班牙语'),(125,'es','zu','Spanish'),(126,'es','zh-hant','西班牙語'),(127,'es','ms','Spanish'),(128,'es','gl','Spanish'),(129,'es','bn','Spanish'),(130,'es','az','Spanish'),(131,'de','en','German'),(132,'de','es','Alemán'),(133,'de','de','Deutsch'),(134,'de','fr','Allemand'),(135,'de','ar','الألمانية'),(136,'de','bs','German'),(137,'de','bg','Немски'),(138,'de','ca','German'),(139,'de','cs','Němec'),(140,'de','sk','Nemčina'),(141,'de','cy','German'),(142,'de','da','German'),(143,'de','el','Γερμανικά'),(144,'de','eo','German'),(145,'de','et','German'),(146,'de','eu','German'),(147,'de','fa','German'),(148,'de','fi','Saksa'),(149,'de','ga','German'),(150,'de','he','גרמנית'),(151,'de','hi','German'),(152,'de','hr','Njemački'),(153,'de','hu','Német'),(154,'de','hy','German'),(155,'de','id','German'),(156,'de','is','German'),(157,'de','it','Tedesco'),(158,'de','ja','ドイツ語'),(159,'de','ko','독어'),(160,'de','ku','German'),(161,'de','lv','German'),(162,'de','lt','German'),(163,'de','mk','German'),(164,'de','mt','German'),(165,'de','mn','German'),(166,'de','ne','German'),(167,'de','nl','Duits'),(168,'de','no','Tysk'),(169,'de','pa','German'),(170,'de','pl','Niemiecki'),(171,'de','pt-pt','Alemão'),(172,'de','pt-br','Alemão'),(173,'de','qu','German'),(174,'de','ro','Germană'),(175,'de','ru','Немецкий'),(176,'de','sl','Nemščina'),(177,'de','so','German'),(178,'de','sq','German'),(179,'de','sr','немачки'),(180,'de','sv','Tyska'),(181,'de','ta','German'),(182,'de','th','เยอรมัน'),(183,'de','tr','Almanca'),(184,'de','uk','German'),(185,'de','ur','German'),(186,'de','uz','German'),(187,'de','vi','German'),(188,'de','yi','German'),(189,'de','zh-hans','德语'),(190,'de','zu','German'),(191,'de','zh-hant','德語'),(192,'de','ms','German'),(193,'de','gl','German'),(194,'de','bn','German'),(195,'de','az','German'),(196,'fr','en','French'),(197,'fr','es','Francés'),(198,'fr','de','Französisch'),(199,'fr','fr','Français'),(200,'fr','ar','الفرنسية'),(201,'fr','bs','French'),(202,'fr','bg','Френски'),(203,'fr','ca','French'),(204,'fr','cs','Francouzština'),(205,'fr','sk','Francúzština'),(206,'fr','cy','French'),(207,'fr','da','French'),(208,'fr','el','Γαλλικά'),(209,'fr','eo','French'),(210,'fr','et','French'),(211,'fr','eu','French'),(212,'fr','fa','French'),(213,'fr','fi','Ranska'),(214,'fr','ga','French'),(215,'fr','he','צרפתית'),(216,'fr','hi','French'),(217,'fr','hr','Francuski'),(218,'fr','hu','Francia'),(219,'fr','hy','French'),(220,'fr','id','French'),(221,'fr','is','French'),(222,'fr','it','Francese'),(223,'fr','ja','フランス語'),(224,'fr','ko','불어'),(225,'fr','ku','French'),(226,'fr','lv','French'),(227,'fr','lt','French'),(228,'fr','mk','French'),(229,'fr','mt','French'),(230,'fr','mn','French'),(231,'fr','ne','French'),(232,'fr','nl','Frans'),(233,'fr','no','Fransk'),(234,'fr','pa','French'),(235,'fr','pl','Francuski'),(236,'fr','pt-pt','Francês'),(237,'fr','pt-br','Francês'),(238,'fr','qu','French'),(239,'fr','ro','Franceză'),(240,'fr','ru','Французский'),(241,'fr','sl','Francoščina'),(242,'fr','so','French'),(243,'fr','sq','French'),(244,'fr','sr','француски'),(245,'fr','sv','Franska'),(246,'fr','ta','French'),(247,'fr','th','ฝรั่งเศส'),(248,'fr','tr','Fransızca'),(249,'fr','uk','French'),(250,'fr','ur','French'),(251,'fr','uz','French'),(252,'fr','vi','French'),(253,'fr','yi','French'),(254,'fr','zh-hans','法语'),(255,'fr','zu','French'),(256,'fr','zh-hant','法語'),(257,'fr','ms','French'),(258,'fr','gl','French'),(259,'fr','bn','French'),(260,'fr','az','French'),(261,'ar','en','Arabic'),(262,'ar','es','Árabe'),(263,'ar','de','Arabisch'),(264,'ar','fr','Arabe'),(265,'ar','ar','العربية'),(266,'ar','bs','Arabic'),(267,'ar','bg','Арабски'),(268,'ar','ca','Arabic'),(269,'ar','cs','Arabština'),(270,'ar','sk','Arabčina'),(271,'ar','cy','Arabic'),(272,'ar','da','Arabic'),(273,'ar','el','Αραβικά'),(274,'ar','eo','Arabic'),(275,'ar','et','Arabic'),(276,'ar','eu','Arabic'),(277,'ar','fa','Arabic'),(278,'ar','fi','Arabia'),(279,'ar','ga','Arabic'),(280,'ar','he','ערבית'),(281,'ar','hi','Arabic'),(282,'ar','hr','Arapski'),(283,'ar','hu','Arab'),(284,'ar','hy','Arabic'),(285,'ar','id','Arabic'),(286,'ar','is','Arabic'),(287,'ar','it','Arabo'),(288,'ar','ja','アラビア語'),(289,'ar','ko','아랍어'),(290,'ar','ku','Arabic'),(291,'ar','lv','Arabic'),(292,'ar','lt','Arabic'),(293,'ar','mk','Arabic'),(294,'ar','mt','Arabic'),(295,'ar','mn','Arabic'),(296,'ar','ne','Arabic'),(297,'ar','nl','Arabisch'),(298,'ar','no','Arabisk'),(299,'ar','pa','Arabic'),(300,'ar','pl','Arabski'),(301,'ar','pt-pt','Árabe'),(302,'ar','pt-br','Árabe'),(303,'ar','qu','Arabic'),(304,'ar','ro','Arabică'),(305,'ar','ru','Арабский'),(306,'ar','sl','Arabščina'),(307,'ar','so','Arabic'),(308,'ar','sq','Arabic'),(309,'ar','sr','арапски'),(310,'ar','sv','Arabiska'),(311,'ar','ta','Arabic'),(312,'ar','th','อารบิก'),(313,'ar','tr','Arapça'),(314,'ar','uk','Arabic'),(315,'ar','ur','Arabic'),(316,'ar','uz','Arabic'),(317,'ar','vi','Arabic'),(318,'ar','yi','Arabic'),(319,'ar','zh-hans','阿拉伯语'),(320,'ar','zu','Arabic'),(321,'ar','zh-hant','阿拉伯語'),(322,'ar','ms','Arabic'),(323,'ar','gl','Arabic'),(324,'ar','bn','Arabic'),(325,'ar','az','Arabic'),(326,'bs','en','Bosnian'),(327,'bs','es','Bosnio'),(328,'bs','de','Bosnisch'),(329,'bs','fr','Bosnien'),(330,'bs','ar','البوسنية'),(331,'bs','bs','Bosnian'),(332,'bs','bg','Босненски'),(333,'bs','ca','Bosnian'),(334,'bs','cs','Bosenština'),(335,'bs','sk','Bosniačtina'),(336,'bs','cy','Bosnian'),(337,'bs','da','Bosnian'),(338,'bs','el','Βοσνιακά'),(339,'bs','eo','Bosnian'),(340,'bs','et','Bosnian'),(341,'bs','eu','Bosnian'),(342,'bs','fa','Bosnian'),(343,'bs','fi','Bosnia'),(344,'bs','ga','Bosnian'),(345,'bs','he','בוסנית'),(346,'bs','hi','Bosnian'),(347,'bs','hr','Bosanski'),(348,'bs','hu','Bosnyák'),(349,'bs','hy','Bosnian'),(350,'bs','id','Bosnian'),(351,'bs','is','Bosnian'),(352,'bs','it','Bosniaco'),(353,'bs','ja','ボスニア語'),(354,'bs','ko','보즈니아어'),(355,'bs','ku','Bosnian'),(356,'bs','lv','Bosnian'),(357,'bs','lt','Bosnian'),(358,'bs','mk','Bosnian'),(359,'bs','mt','Bosnian'),(360,'bs','mn','Bosnian'),(361,'bs','ne','Bosnian'),(362,'bs','nl','Bosnisch'),(363,'bs','no','Bosnisk'),(364,'bs','pa','Bosnian'),(365,'bs','pl','Bośniacki'),(366,'bs','pt-pt','Bósnio'),(367,'bs','pt-br','Bósnio'),(368,'bs','qu','Bosnian'),(369,'bs','ro','Bosniacă'),(370,'bs','ru','Боснийский'),(371,'bs','sl','Bosanski'),(372,'bs','so','Bosnian'),(373,'bs','sq','Bosnian'),(374,'bs','sr','босански'),(375,'bs','sv','Bosniska'),(376,'bs','ta','Bosnian'),(377,'bs','th','บอสเนียน'),(378,'bs','tr','Boşnakça'),(379,'bs','uk','Bosnian'),(380,'bs','ur','Bosnian'),(381,'bs','uz','Bosnian'),(382,'bs','vi','Bosnian'),(383,'bs','yi','Bosnian'),(384,'bs','zh-hans','波斯尼亚语'),(385,'bs','zu','Bosnian'),(386,'bs','zh-hant','波士尼亞語'),(387,'bs','ms','Bosnian'),(388,'bs','gl','Bosnian'),(389,'bs','bn','Bosnian'),(390,'bs','az','Bosnian'),(391,'bg','en','Bulgarian'),(392,'bg','es','Búlgaro'),(393,'bg','de','Bulgarisch'),(394,'bg','fr','Bulgare'),(395,'bg','ar','البلغارية'),(396,'bg','bs','Bulgarian'),(397,'bg','bg','Български'),(398,'bg','ca','Bulgarian'),(399,'bg','cs','Bulharština'),(400,'bg','sk','Bulharčina'),(401,'bg','cy','Bulgarian'),(402,'bg','da','Bulgarian'),(403,'bg','el','Βουλγαρικά'),(404,'bg','eo','Bulgarian'),(405,'bg','et','Bulgarian'),(406,'bg','eu','Bulgarian'),(407,'bg','fa','Bulgarian'),(408,'bg','fi','Bulgaria'),(409,'bg','ga','Bulgarian'),(410,'bg','he','בולגרית'),(411,'bg','hi','Bulgarian'),(412,'bg','hr','Bugarski'),(413,'bg','hu','Bolgár'),(414,'bg','hy','Bulgarian'),(415,'bg','id','Bulgarian'),(416,'bg','is','Bulgarian'),(417,'bg','it','Bulgaro'),(418,'bg','ja','ブルガリア語'),(419,'bg','ko','불가리아어'),(420,'bg','ku','Bulgarian'),(421,'bg','lv','Bulgarian'),(422,'bg','lt','Bulgarian'),(423,'bg','mk','Bulgarian'),(424,'bg','mt','Bulgarian'),(425,'bg','mn','Bulgarian'),(426,'bg','ne','Bulgarian'),(427,'bg','nl','Bulgaars'),(428,'bg','no','Bulgarian'),(429,'bg','pa','Bulgarian'),(430,'bg','pl','Bułgarski'),(431,'bg','pt-pt','Búlgaro'),(432,'bg','pt-br','Búlgaro'),(433,'bg','qu','Bulgarian'),(434,'bg','ro','Bulgară'),(435,'bg','ru','Болгарский'),(436,'bg','sl','Bolgarščina'),(437,'bg','so','Bulgarian'),(438,'bg','sq','Bulgarian'),(439,'bg','sr','бугарски'),(440,'bg','sv','Bulgariska'),(441,'bg','ta','Bulgarian'),(442,'bg','th','บัลแกเรียน'),(443,'bg','tr','Bulgarca'),(444,'bg','uk','Bulgarian'),(445,'bg','ur','Bulgarian'),(446,'bg','uz','Bulgarian'),(447,'bg','vi','Bulgarian'),(448,'bg','yi','Bulgarian'),(449,'bg','zh-hans','保加利亚语'),(450,'bg','zu','Bulgarian'),(451,'bg','zh-hant','保加利亞語'),(452,'bg','ms','Bulgarian'),(453,'bg','gl','Bulgarian'),(454,'bg','bn','Bulgarian'),(455,'bg','az','Bulgarian'),(456,'ca','en','Catalan'),(457,'ca','es','Catalán'),(458,'ca','de','Katalanisch'),(459,'ca','fr','Catalan'),(460,'ca','ar','الكاتالوينية'),(461,'ca','bs','Catalan'),(462,'ca','bg','Каталонски'),(463,'ca','ca','Català'),(464,'ca','cs','Katalánština'),(465,'ca','sk','Katalánčina'),(466,'ca','cy','Catalan'),(467,'ca','da','Catalan'),(468,'ca','el','Καταλανικά'),(469,'ca','eo','Catalan'),(470,'ca','et','Catalan'),(471,'ca','eu','Catalan'),(472,'ca','fa','Catalan'),(473,'ca','fi','Katalaani'),(474,'ca','ga','Catalan'),(475,'ca','he','קטלאנית'),(476,'ca','hi','Catalan'),(477,'ca','hr','Katalonski'),(478,'ca','hu','Katalán'),(479,'ca','hy','Catalan'),(480,'ca','id','Catalan'),(481,'ca','is','Catalan'),(482,'ca','it','Catalano'),(483,'ca','ja','カタルーニャ語'),(484,'ca','ko','카탈로니아어'),(485,'ca','ku','Catalan'),(486,'ca','lv','Catalan'),(487,'ca','lt','Catalan'),(488,'ca','mk','Catalan'),(489,'ca','mt','Catalan'),(490,'ca','mn','Catalan'),(491,'ca','ne','Catalan'),(492,'ca','nl','Catalaans'),(493,'ca','no','catalan'),(494,'ca','pa','Catalan'),(495,'ca','pl','Kataloński'),(496,'ca','pt-pt','Catalão'),(497,'ca','pt-br','Catalão'),(498,'ca','qu','Catalan'),(499,'ca','ro','Catalană'),(500,'ca','ru','Каталанский'),(501,'ca','sl','Katalonščina'),(502,'ca','so','Catalan'),(503,'ca','sq','Catalan'),(504,'ca','sr','каталонски'),(505,'ca','sv','Katalanska'),(506,'ca','ta','Catalan'),(507,'ca','th','คะตะลาน'),(508,'ca','tr','Katalan dili'),(509,'ca','uk','Catalan'),(510,'ca','ur','Catalan'),(511,'ca','uz','Catalan'),(512,'ca','vi','Catalan'),(513,'ca','yi','Catalan'),(514,'ca','zh-hans','加泰罗尼亚语'),(515,'ca','zu','Catalan'),(516,'ca','zh-hant','加泰羅尼亞語'),(517,'ca','ms','Catalan'),(518,'ca','gl','Catalan'),(519,'ca','bn','Catalan'),(520,'ca','az','Catalan'),(521,'cs','en','Czech'),(522,'cs','es','Checo'),(523,'cs','de','Tschechisch'),(524,'cs','fr','Tchèque'),(525,'cs','ar','التشيكية'),(526,'cs','bs','Czech'),(527,'cs','bg','Чешки'),(528,'cs','ca','Czech'),(529,'cs','cs','Čeština'),(530,'cs','sk','Čeština'),(531,'cs','cy','Czech'),(532,'cs','da','Czech'),(533,'cs','el','Τσεχικά'),(534,'cs','eo','Czech'),(535,'cs','et','Czech'),(536,'cs','eu','Czech'),(537,'cs','fa','Czech'),(538,'cs','fi','Tsekki'),(539,'cs','ga','Czech'),(540,'cs','he','צ\'כית'),(541,'cs','hi','Czech'),(542,'cs','hr','češki'),(543,'cs','hu','Cseh'),(544,'cs','hy','Czech'),(545,'cs','id','Czech'),(546,'cs','is','Czech'),(547,'cs','it','Ceco'),(548,'cs','ja','チェコ語'),(549,'cs','ko','체코슬로바키아어'),(550,'cs','ku','Czech'),(551,'cs','lv','Czech'),(552,'cs','lt','Czech'),(553,'cs','mk','Czech'),(554,'cs','mt','Czech'),(555,'cs','mn','Czech'),(556,'cs','ne','Czech'),(557,'cs','nl','Tsjechisch'),(558,'cs','no','Czech'),(559,'cs','pa','Czech'),(560,'cs','pl','Czeski'),(561,'cs','pt-pt','Tcheco'),(562,'cs','pt-br','Tcheco'),(563,'cs','qu','Czech'),(564,'cs','ro','Cehă'),(565,'cs','ru','Чешский'),(566,'cs','sl','Češčina'),(567,'cs','so','Czech'),(568,'cs','sq','Czech'),(569,'cs','sr','чешки'),(570,'cs','sv','Tjeckiska'),(571,'cs','ta','Czech'),(572,'cs','th','เช็ก'),(573,'cs','tr','Çekçe'),(574,'cs','uk','Czech'),(575,'cs','ur','Czech'),(576,'cs','uz','Czech'),(577,'cs','vi','Czech'),(578,'cs','yi','Czech'),(579,'cs','zh-hans','捷克语'),(580,'cs','zu','Czech'),(581,'cs','zh-hant','捷克語'),(582,'cs','ms','Czech'),(583,'cs','gl','Czech'),(584,'cs','bn','Czech'),(585,'cs','az','Czech'),(586,'sk','en','Slovak'),(587,'sk','es','Eslavo'),(588,'sk','de','Slowakisch'),(589,'sk','fr','Slave'),(590,'sk','ar','السلافية'),(591,'sk','bs','Slovak'),(592,'sk','bg','Словашки'),(593,'sk','ca','Slovak'),(594,'sk','cs','Slovenština'),(595,'sk','sk','Slovenčina'),(596,'sk','cy','Slovak'),(597,'sk','da','Slovak'),(598,'sk','el','Σλαβική'),(599,'sk','eo','Slovak'),(600,'sk','et','Slovak'),(601,'sk','eu','Slovak'),(602,'sk','fa','Slovak'),(603,'sk','fi','Slaavi'),(604,'sk','ga','Slovak'),(605,'sk','he','סלאבית'),(606,'sk','hi','Slovak'),(607,'sk','hr','Slovački'),(608,'sk','hu','Szlovák'),(609,'sk','hy','Slovak'),(610,'sk','id','Slovak'),(611,'sk','is','Slovak'),(612,'sk','it','Slavo'),(613,'sk','ja','スラヴ語派'),(614,'sk','ko','슬라브어'),(615,'sk','ku','Slovak'),(616,'sk','lv','Slovak'),(617,'sk','lt','Slovak'),(618,'sk','mk','Slovak'),(619,'sk','mt','Slovak'),(620,'sk','mn','Slovak'),(621,'sk','ne','Slovak'),(622,'sk','nl','Slavisch'),(623,'sk','no','Slovak'),(624,'sk','pa','Slovak'),(625,'sk','pl','Słowacki'),(626,'sk','pt-pt','Eslavo'),(627,'sk','pt-br','Eslavo'),(628,'sk','qu','Slovak'),(629,'sk','ro','Slavă'),(630,'sk','ru','Славянский'),(631,'sk','sl','Slovaščina'),(632,'sk','so','Slovak'),(633,'sk','sq','Slovak'),(634,'sk','sr','словачки'),(635,'sk','sv','Slavisk'),(636,'sk','ta','Slovak'),(637,'sk','th','สลาวิก'),(638,'sk','tr','Slav dili'),(639,'sk','uk','Slovak'),(640,'sk','ur','Slovak'),(641,'sk','uz','Slovak'),(642,'sk','vi','Slovak'),(643,'sk','yi','Slovak'),(644,'sk','zh-hans','斯拉夫语'),(645,'sk','zu','Slovak'),(646,'sk','zh-hant','斯拉夫語'),(647,'sk','ms','Slovak'),(648,'sk','gl','Slovak'),(649,'sk','bn','Slovak'),(650,'sk','az','Slovak'),(651,'cy','en','Welsh'),(652,'cy','es','Galés'),(653,'cy','de','Walisisch'),(654,'cy','fr','Gallois'),(655,'cy','ar','الولزية'),(656,'cy','bs','Welsh'),(657,'cy','bg','Уелски'),(658,'cy','ca','Welsh'),(659,'cy','cs','Velšský'),(660,'cy','sk','Welština'),(661,'cy','cy','Cymraeg'),(662,'cy','da','Welsh'),(663,'cy','el','Oυαλικά'),(664,'cy','eo','Welsh'),(665,'cy','et','Welsh'),(666,'cy','eu','Welsh'),(667,'cy','fa','Welsh'),(668,'cy','fi','Kymri'),(669,'cy','ga','Welsh'),(670,'cy','he','וולשית'),(671,'cy','hi','Welsh'),(672,'cy','hr','Velški'),(673,'cy','hu','Vels'),(674,'cy','hy','Welsh'),(675,'cy','id','Welsh'),(676,'cy','is','Welsh'),(677,'cy','it','Gallese'),(678,'cy','ja','ウェールズ語'),(679,'cy','ko','웨일즈어'),(680,'cy','ku','Welsh'),(681,'cy','lv','Welsh'),(682,'cy','lt','Welsh'),(683,'cy','mk','Welsh'),(684,'cy','mt','Welsh'),(685,'cy','mn','Welsh'),(686,'cy','ne','Welsh'),(687,'cy','nl','Welsh'),(688,'cy','no','Welsh'),(689,'cy','pa','Welsh'),(690,'cy','pl','Walijski'),(691,'cy','pt-pt','Galês'),(692,'cy','pt-br','Galês'),(693,'cy','qu','Welsh'),(694,'cy','ro','Galeză'),(695,'cy','ru','Валлийский'),(696,'cy','sl','Welsh'),(697,'cy','so','Welsh'),(698,'cy','sq','Welsh'),(699,'cy','sr','велшки'),(700,'cy','sv','Walesiska'),(701,'cy','ta','Welsh'),(702,'cy','th','เวลช์'),(703,'cy','tr','Galce'),(704,'cy','uk','Welsh'),(705,'cy','ur','Welsh'),(706,'cy','uz','Welsh'),(707,'cy','vi','Welsh'),(708,'cy','yi','Welsh'),(709,'cy','zh-hans','威尔士语'),(710,'cy','zu','Welsh'),(711,'cy','zh-hant','威爾士語'),(712,'cy','ms','Welsh'),(713,'cy','gl','Welsh'),(714,'cy','bn','Welsh'),(715,'cy','az','Welsh'),(716,'da','en','Danish'),(717,'da','es','Danés'),(718,'da','de','Dänisch'),(719,'da','fr','Danois'),(720,'da','ar','الدانماركية'),(721,'da','bs','Danish'),(722,'da','bg','Датски'),(723,'da','ca','Danish'),(724,'da','cs','Dánský'),(725,'da','sk','Dánčina'),(726,'da','cy','Danish'),(727,'da','da','Dansk'),(728,'da','el','Δανέζικα'),(729,'da','eo','Danish'),(730,'da','et','Danish'),(731,'da','eu','Danish'),(732,'da','fa','Danish'),(733,'da','fi','Tanska'),(734,'da','ga','Danish'),(735,'da','he','דנית'),(736,'da','hi','Danish'),(737,'da','hr','Danski'),(738,'da','hu','Dán'),(739,'da','hy','Danish'),(740,'da','id','Danish'),(741,'da','is','Danish'),(742,'da','it','Danese'),(743,'da','ja','デンマーク語'),(744,'da','ko','덴마크어'),(745,'da','ku','Danish'),(746,'da','lv','Danish'),(747,'da','lt','Danish'),(748,'da','mk','Danish'),(749,'da','mt','Danish'),(750,'da','mn','Danish'),(751,'da','ne','Danish'),(752,'da','nl','Deens'),(753,'da','no','Danish'),(754,'da','pa','Danish'),(755,'da','pl','Duński'),(756,'da','pt-pt','Dinamarquês'),(757,'da','pt-br','Dinamarquês'),(758,'da','qu','Danish'),(759,'da','ro','Daneză'),(760,'da','ru','Датский'),(761,'da','sl','Danščina'),(762,'da','so','Danish'),(763,'da','sq','Danish'),(764,'da','sr','дански'),(765,'da','sv','Danska'),(766,'da','ta','Danish'),(767,'da','th','เดนมาร์ก'),(768,'da','tr','Danca'),(769,'da','uk','Danish'),(770,'da','ur','Danish'),(771,'da','uz','Danish'),(772,'da','vi','Danish'),(773,'da','yi','Danish'),(774,'da','zh-hans','丹麦语'),(775,'da','zu','Danish'),(776,'da','zh-hant','丹麥語'),(777,'da','ms','Danish'),(778,'da','gl','Danish'),(779,'da','bn','Danish'),(780,'da','az','Danish'),(781,'el','en','Greek'),(782,'el','es','Griego'),(783,'el','de','Griechisch'),(784,'el','fr','Grec moderne'),(785,'el','ar','اليونانية'),(786,'el','bs','Greek'),(787,'el','bg','Гръцки'),(788,'el','ca','Greek'),(789,'el','cs','Řečtina'),(790,'el','sk','Gréčtina'),(791,'el','cy','Greek'),(792,'el','da','Greek'),(793,'el','el','Ελληνικά'),(794,'el','eo','Greek'),(795,'el','et','Greek'),(796,'el','eu','Greek'),(797,'el','fa','Greek'),(798,'el','fi','Kreikka'),(799,'el','ga','Greek'),(800,'el','he','יוונית'),(801,'el','hi','Greek'),(802,'el','hr','Grčki'),(803,'el','hu','Görög'),(804,'el','hy','Greek'),(805,'el','id','Greek'),(806,'el','is','Greek'),(807,'el','it','Greco'),(808,'el','ja','ギリシア語'),(809,'el','ko','그리스어'),(810,'el','ku','Greek'),(811,'el','lv','Greek'),(812,'el','lt','Greek'),(813,'el','mk','Greek'),(814,'el','mt','Greek'),(815,'el','mn','Greek'),(816,'el','ne','Greek'),(817,'el','nl','Grieks'),(818,'el','no','Gresk'),(819,'el','pa','Greek'),(820,'el','pl','Grecki'),(821,'el','pt-pt','Grego'),(822,'el','pt-br','Grego'),(823,'el','qu','Greek'),(824,'el','ro','Greacă'),(825,'el','ru','Греческий'),(826,'el','sl','Greek'),(827,'el','so','Greek'),(828,'el','sq','Greek'),(829,'el','sr','грчки'),(830,'el','sv','Grekiska'),(831,'el','ta','Greek'),(832,'el','th','กรีก'),(833,'el','tr','Yunanca'),(834,'el','uk','Greek'),(835,'el','ur','Greek'),(836,'el','uz','Greek'),(837,'el','vi','Greek'),(838,'el','yi','Greek'),(839,'el','zh-hans','希腊语'),(840,'el','zu','Greek'),(841,'el','zh-hant','希臘語'),(842,'el','ms','Greek'),(843,'el','gl','Greek'),(844,'el','bn','Greek'),(845,'el','az','Greek'),(846,'eo','en','Esperanto'),(847,'eo','es','Esperanto'),(848,'eo','de','Esperanto'),(849,'eo','fr','Espéranto'),(850,'eo','ar','الاسبرانتو'),(851,'eo','bs','Esperanto'),(852,'eo','bg','Есперанто'),(853,'eo','ca','Esperanto'),(854,'eo','cs','Esperanto'),(855,'eo','sk','Esperanto'),(856,'eo','cy','Esperanto'),(857,'eo','da','Esperanto'),(858,'eo','el','Εσπεράντο'),(859,'eo','eo','Esperanta'),(860,'eo','et','Esperanto'),(861,'eo','eu','Esperanto'),(862,'eo','fa','Esperanto'),(863,'eo','fi','Esperanto'),(864,'eo','ga','Esperanto'),(865,'eo','he','אספרנטו'),(866,'eo','hi','Esperanto'),(867,'eo','hr','Esperanto'),(868,'eo','hu','Eszperantó'),(869,'eo','hy','Esperanto'),(870,'eo','id','Esperanto'),(871,'eo','is','Esperanto'),(872,'eo','it','Esperanto'),(873,'eo','ja','エスペラント語'),(874,'eo','ko','에스페란토어'),(875,'eo','ku','Esperanto'),(876,'eo','lv','Esperanto'),(877,'eo','lt','Esperanto'),(878,'eo','mk','Esperanto'),(879,'eo','mt','Esperanto'),(880,'eo','mn','Esperanto'),(881,'eo','ne','Esperanto'),(882,'eo','nl','Esperanto'),(883,'eo','no','Esperanto'),(884,'eo','pa','Esperanto'),(885,'eo','pl','Esperanto'),(886,'eo','pt-pt','Esperanto'),(887,'eo','pt-br','Esperanto'),(888,'eo','qu','Esperanto'),(889,'eo','ro','Esperanto'),(890,'eo','ru','Эсперанто'),(891,'eo','sl','Esperanto'),(892,'eo','so','Esperanto'),(893,'eo','sq','Esperanto'),(894,'eo','sr','есперанто'),(895,'eo','sv','Esperanto'),(896,'eo','ta','Esperanto'),(897,'eo','th','เอสเปอรันโต'),(898,'eo','tr','Esperanto'),(899,'eo','uk','Esperanto'),(900,'eo','ur','Esperanto'),(901,'eo','uz','Esperanto'),(902,'eo','vi','Esperanto'),(903,'eo','yi','Esperanto'),(904,'eo','zh-hans','世界语'),(905,'eo','zu','Esperanto'),(906,'eo','zh-hant','世界語'),(907,'eo','ms','Esperanto'),(908,'eo','gl','Esperanto'),(909,'eo','bn','Esperanto'),(910,'eo','az','Esperanto'),(911,'et','en','Estonian'),(912,'et','es','Estonio'),(913,'et','de','Estnisch'),(914,'et','fr','Estonien'),(915,'et','ar','الأستونية'),(916,'et','bs','Estonian'),(917,'et','bg','Естонски'),(918,'et','ca','Estonian'),(919,'et','cs','Estonština'),(920,'et','sk','Estónčina'),(921,'et','cy','Estonian'),(922,'et','da','Estonian'),(923,'et','el','Εσθονικά'),(924,'et','eo','Estonian'),(925,'et','et','Eesti'),(926,'et','eu','Estonian'),(927,'et','fa','Estonian'),(928,'et','fi','Eesti'),(929,'et','ga','Estonian'),(930,'et','he','אסטונית'),(931,'et','hi','Estonian'),(932,'et','hr','Estonski'),(933,'et','hu','észt'),(934,'et','hy','Estonian'),(935,'et','id','Estonian'),(936,'et','is','Estonian'),(937,'et','it','Estone'),(938,'et','ja','エストニア語'),(939,'et','ko','에스토니아어'),(940,'et','ku','Estonian'),(941,'et','lv','Estonian'),(942,'et','lt','Estonian'),(943,'et','mk','Estonian'),(944,'et','mt','Estonian'),(945,'et','mn','Estonian'),(946,'et','ne','Estonian'),(947,'et','nl','Ests'),(948,'et','no','Estonian'),(949,'et','pa','Estonian'),(950,'et','pl','Estoński'),(951,'et','pt-pt','Estoniano'),(952,'et','pt-br','Estoniano'),(953,'et','qu','Estonian'),(954,'et','ro','Estoniană'),(955,'et','ru','Эстонский'),(956,'et','sl','Estonščina'),(957,'et','so','Estonian'),(958,'et','sq','Estonian'),(959,'et','sr','естонски'),(960,'et','sv','Estniska'),(961,'et','ta','Estonian'),(962,'et','th','เอสโตเนียน'),(963,'et','tr','Estonya dili'),(964,'et','uk','Estonian'),(965,'et','ur','Estonian'),(966,'et','uz','Estonian'),(967,'et','vi','Estonian'),(968,'et','yi','Estonian'),(969,'et','zh-hans','爱沙尼亚语'),(970,'et','zu','Estonian'),(971,'et','zh-hant','愛沙尼亞語'),(972,'et','ms','Estonian'),(973,'et','gl','Estonian'),(974,'et','bn','Estonian'),(975,'et','az','Estonian'),(976,'eu','en','Basque'),(977,'eu','es','Euskera'),(978,'eu','de','Baskisch'),(979,'eu','fr','Basque'),(980,'eu','ar','لغة الباسك'),(981,'eu','bs','Basque'),(982,'eu','bg','Баски'),(983,'eu','ca','Basque'),(984,'eu','cs','Basque'),(985,'eu','sk','Baskičtina'),(986,'eu','cy','Basque'),(987,'eu','da','Basque'),(988,'eu','el','Βασκικά'),(989,'eu','eo','Basque'),(990,'eu','et','Basque'),(991,'eu','eu','Euskara'),(992,'eu','fa','Basque'),(993,'eu','fi','Baski'),(994,'eu','ga','Basque'),(995,'eu','he','בסקית'),(996,'eu','hi','Basque'),(997,'eu','hr','Baskijski'),(998,'eu','hu','Baszk'),(999,'eu','hy','Basque'),(1000,'eu','id','Basque'),(1001,'eu','is','Basque'),(1002,'eu','it','Basco'),(1003,'eu','ja','バスク語'),(1004,'eu','ko','바스크어'),(1005,'eu','ku','Basque'),(1006,'eu','lv','Basque'),(1007,'eu','lt','Basque'),(1008,'eu','mk','Basque'),(1009,'eu','mt','Basque'),(1010,'eu','mn','Basque'),(1011,'eu','ne','Basque'),(1012,'eu','nl','Baskisch'),(1013,'eu','no','Basque'),(1014,'eu','pa','Basque'),(1015,'eu','pl','Baskijski'),(1016,'eu','pt-pt','Basco'),(1017,'eu','pt-br','Basco'),(1018,'eu','qu','Basque'),(1019,'eu','ro','Bască'),(1020,'eu','ru','Баскский'),(1021,'eu','sl','Baskovščina'),(1022,'eu','so','Basque'),(1023,'eu','sq','Basque'),(1024,'eu','sr','баскијски'),(1025,'eu','sv','Baskiska'),(1026,'eu','ta','Basque'),(1027,'eu','th','บาสค์'),(1028,'eu','tr','Bask dili'),(1029,'eu','uk','Basque'),(1030,'eu','ur','Basque'),(1031,'eu','uz','Basque'),(1032,'eu','vi','Basque'),(1033,'eu','yi','Basque'),(1034,'eu','zh-hans','巴斯克语'),(1035,'eu','zu','Basque'),(1036,'eu','zh-hant','巴斯克語'),(1037,'eu','ms','Basque'),(1038,'eu','gl','Basque'),(1039,'eu','bn','Basque'),(1040,'eu','az','Basque'),(1041,'fa','en','Persian'),(1042,'fa','es','Persa'),(1043,'fa','de','Persisch'),(1044,'fa','fr','Perse'),(1045,'fa','ar','الفارسية'),(1046,'fa','bs','Persian'),(1047,'fa','bg','Персийски'),(1048,'fa','ca','Persian'),(1049,'fa','cs','Perský'),(1050,'fa','sk','Perzština'),(1051,'fa','cy','Persian'),(1052,'fa','da','Persian'),(1053,'fa','el','Περσικά'),(1054,'fa','eo','Persian'),(1055,'fa','et','Persian'),(1056,'fa','eu','Persian'),(1057,'fa','fa','فارسی'),(1058,'fa','fi','Persia'),(1059,'fa','ga','Persian'),(1060,'fa','he','פרסית'),(1061,'fa','hi','Persian'),(1062,'fa','hr','Perzijski'),(1063,'fa','hu','Perzsa'),(1064,'fa','hy','Persian'),(1065,'fa','id','Persian'),(1066,'fa','is','Persian'),(1067,'fa','it','Persiano'),(1068,'fa','ja','ペルシア語'),(1069,'fa','ko','페르시아어'),(1070,'fa','ku','Persian'),(1071,'fa','lv','Persian'),(1072,'fa','lt','Persian'),(1073,'fa','mk','Persian'),(1074,'fa','mt','Persian'),(1075,'fa','mn','Persian'),(1076,'fa','ne','Persian'),(1077,'fa','nl','Perzisch'),(1078,'fa','no','Persisk'),(1079,'fa','pa','Persian'),(1080,'fa','pl','Perski'),(1081,'fa','pt-pt','Persa'),(1082,'fa','pt-br','Persa'),(1083,'fa','qu','Persian'),(1084,'fa','ro','Persană'),(1085,'fa','ru','Персидский'),(1086,'fa','sl','Perzijski'),(1087,'fa','so','Persian'),(1088,'fa','sq','Persian'),(1089,'fa','sr','персијски'),(1090,'fa','sv','Persiska'),(1091,'fa','ta','Persian'),(1092,'fa','th','เปอร์เซียน'),(1093,'fa','tr','Farsça'),(1094,'fa','uk','Persian'),(1095,'fa','ur','Persian'),(1096,'fa','uz','Persian'),(1097,'fa','vi','Persian'),(1098,'fa','yi','Persian'),(1099,'fa','zh-hans','波斯语'),(1100,'fa','zu','Persian'),(1101,'fa','zh-hant','波斯語'),(1102,'fa','ms','Persian'),(1103,'fa','gl','Persian'),(1104,'fa','bn','Persian'),(1105,'fa','az','Persian'),(1106,'fi','en','Finnish'),(1107,'fi','es','Finlandés'),(1108,'fi','de','Finnisch'),(1109,'fi','fr','Finnois'),(1110,'fi','ar','الفنلندية'),(1111,'fi','bs','Finnish'),(1112,'fi','bg','Фински'),(1113,'fi','ca','Finnish'),(1114,'fi','cs','Finský'),(1115,'fi','sk','Fínština'),(1116,'fi','cy','Finnish'),(1117,'fi','da','Finnish'),(1118,'fi','el','Φινλανδικά'),(1119,'fi','eo','Finnish'),(1120,'fi','et','Finnish'),(1121,'fi','eu','Finnish'),(1122,'fi','fa','Finnish'),(1123,'fi','fi','Suomi'),(1124,'fi','ga','Finnish'),(1125,'fi','he','פינית'),(1126,'fi','hi','Finnish'),(1127,'fi','hr','Finski'),(1128,'fi','hu','Finn'),(1129,'fi','hy','Finnish'),(1130,'fi','id','Finnish'),(1131,'fi','is','Finnish'),(1132,'fi','it','Finlandese'),(1133,'fi','ja','フィンランド語'),(1134,'fi','ko','핀란드어'),(1135,'fi','ku','Finnish'),(1136,'fi','lv','Finnish'),(1137,'fi','lt','Finnish'),(1138,'fi','mk','Finnish'),(1139,'fi','mt','Finnish'),(1140,'fi','mn','Finnish'),(1141,'fi','ne','Finnish'),(1142,'fi','nl','Fins'),(1143,'fi','no','Finsk'),(1144,'fi','pa','Finnish'),(1145,'fi','pl','Fiński'),(1146,'fi','pt-pt','Finlandês'),(1147,'fi','pt-br','Finlandês'),(1148,'fi','qu','Finnish'),(1149,'fi','ro','Finlandeză'),(1150,'fi','ru','Финский'),(1151,'fi','sl','Finski'),(1152,'fi','so','Finnish'),(1153,'fi','sq','Finnish'),(1154,'fi','sr','фински'),(1155,'fi','sv','Finska'),(1156,'fi','ta','Finnish'),(1157,'fi','th','ฟินนิช'),(1158,'fi','tr','Fince'),(1159,'fi','uk','Finnish'),(1160,'fi','ur','Finnish'),(1161,'fi','uz','Finnish'),(1162,'fi','vi','Finnish'),(1163,'fi','yi','Finnish'),(1164,'fi','zh-hans','芬兰语'),(1165,'fi','zu','Finnish'),(1166,'fi','zh-hant','芬蘭語'),(1167,'fi','ms','Finnish'),(1168,'fi','gl','Finnish'),(1169,'fi','bn','Finnish'),(1170,'fi','az','Finnish'),(1171,'ga','en','Irish'),(1172,'ga','es','Irlandés'),(1173,'ga','de','Irisch'),(1174,'ga','fr','Irlandais'),(1175,'ga','ar','الأيرلندية'),(1176,'ga','bs','Irish'),(1177,'ga','bg','Ирландски'),(1178,'ga','ca','Irish'),(1179,'ga','cs','Irský'),(1180,'ga','sk','Írština'),(1181,'ga','cy','Irish'),(1182,'ga','da','Irish'),(1183,'ga','el','Ιρλανδικά'),(1184,'ga','eo','Irish'),(1185,'ga','et','Irish'),(1186,'ga','eu','Irish'),(1187,'ga','fa','Irish'),(1188,'ga','fi','Iiri'),(1189,'ga','ga','Gaeilge'),(1190,'ga','he','אירית'),(1191,'ga','hi','Irish'),(1192,'ga','hr','Irski'),(1193,'ga','hu','ír'),(1194,'ga','hy','Irish'),(1195,'ga','id','Irish'),(1196,'ga','is','Irish'),(1197,'ga','it','Irlandese'),(1198,'ga','ja','アイルランド語'),(1199,'ga','ko','아일랜드어'),(1200,'ga','ku','Irish'),(1201,'ga','lv','Irish'),(1202,'ga','lt','Irish'),(1203,'ga','mk','Irish'),(1204,'ga','mt','Irish'),(1205,'ga','mn','Irish'),(1206,'ga','ne','Irish'),(1207,'ga','nl','Iers'),(1208,'ga','no','Irish'),(1209,'ga','pa','Irish'),(1210,'ga','pl','Irlandzki'),(1211,'ga','pt-pt','Irlandês'),(1212,'ga','pt-br','Irlandês'),(1213,'ga','qu','Irish'),(1214,'ga','ro','Irlandeză'),(1215,'ga','ru','Ирландский'),(1216,'ga','sl','Irski'),(1217,'ga','so','Irish'),(1218,'ga','sq','Irish'),(1219,'ga','sr','ирски'),(1220,'ga','sv','Irländska'),(1221,'ga','ta','Irish'),(1222,'ga','th','ไอริช'),(1223,'ga','tr','İrlanda dili'),(1224,'ga','uk','Irish'),(1225,'ga','ur','Irish'),(1226,'ga','uz','Irish'),(1227,'ga','vi','Irish'),(1228,'ga','yi','Irish'),(1229,'ga','zh-hans','爱尔兰语'),(1230,'ga','zu','Irish'),(1231,'ga','zh-hant','愛爾蘭語'),(1232,'ga','ms','Irish'),(1233,'ga','gl','Irish'),(1234,'ga','bn','Irish'),(1235,'ga','az','Irish'),(1236,'he','en','Hebrew'),(1237,'he','es','Hebreo'),(1238,'he','de','Hebräisch'),(1239,'he','fr','Hébreu'),(1240,'he','ar','العبرية'),(1241,'he','bs','Hebrew'),(1242,'he','bg','Иврит'),(1243,'he','ca','Hebrew'),(1244,'he','cs','Hebrejština'),(1245,'he','sk','Hebrejčina'),(1246,'he','cy','Hebrew'),(1247,'he','da','Hebrew'),(1248,'he','el','Εβραϊκά'),(1249,'he','eo','Hebrew'),(1250,'he','et','Hebrew'),(1251,'he','eu','Hebrew'),(1252,'he','fa','Hebrew'),(1253,'he','fi','Heprea'),(1254,'he','ga','Hebrew'),(1255,'he','he','עברית'),(1256,'he','hi','Hebrew'),(1257,'he','hr','Hebrejski'),(1258,'he','hu','Héber'),(1259,'he','hy','Hebrew'),(1260,'he','id','Hebrew'),(1261,'he','is','Hebrew'),(1262,'he','it','Ebraico'),(1263,'he','ja','ヘブライ語'),(1264,'he','ko','히브리어'),(1265,'he','ku','Hebrew'),(1266,'he','lv','Hebrew'),(1267,'he','lt','Hebrew'),(1268,'he','mk','Hebrew'),(1269,'he','mt','Hebrew'),(1270,'he','mn','Hebrew'),(1271,'he','ne','Hebrew'),(1272,'he','nl','Hebreeuws'),(1273,'he','no','Hebraisk'),(1274,'he','pa','Hebrew'),(1275,'he','pl','Hebrajski'),(1276,'he','pt-pt','Hebraico'),(1277,'he','pt-br','Hebraico'),(1278,'he','qu','Hebrew'),(1279,'he','ro','Ebraică'),(1280,'he','ru','Иврит'),(1281,'he','sl','Hebrejščina'),(1282,'he','so','Hebrew'),(1283,'he','sq','Hebrew'),(1284,'he','sr','Хебрејски'),(1285,'he','sv','Hebreiska'),(1286,'he','ta','Hebrew'),(1287,'he','th','ฮิบรู'),(1288,'he','tr','İbranice'),(1289,'he','uk','Hebrew'),(1290,'he','ur','Hebrew'),(1291,'he','uz','Hebrew'),(1292,'he','vi','Hebrew'),(1293,'he','yi','Hebrew'),(1294,'he','zh-hans','希伯来语'),(1295,'he','zu','Hebrew'),(1296,'he','zh-hant','希伯來語'),(1297,'he','ms','Hebrew'),(1298,'he','gl','Hebrew'),(1299,'he','bn','Hebrew'),(1300,'he','az','Hebrew'),(1301,'hi','en','Hindi'),(1302,'hi','es','Hindi'),(1303,'hi','de','Hindi'),(1304,'hi','fr','Hindi'),(1305,'hi','ar','الهندية'),(1306,'hi','bs','Hindi'),(1307,'hi','bg','Хинди'),(1308,'hi','ca','Hindi'),(1309,'hi','cs','Hindština'),(1310,'hi','sk','Hindčina'),(1311,'hi','cy','Hindi'),(1312,'hi','da','Hindi'),(1313,'hi','el','Ινδικά'),(1314,'hi','eo','Hindi'),(1315,'hi','et','Hindi'),(1316,'hi','eu','Hindi'),(1317,'hi','fa','Hindi'),(1318,'hi','fi','Hindi'),(1319,'hi','ga','Hindi'),(1320,'hi','he','הודית'),(1321,'hi','hi','हिन्दी'),(1322,'hi','hr','Hindski'),(1323,'hi','hu','Hindi'),(1324,'hi','hy','Hindi'),(1325,'hi','id','Hindi'),(1326,'hi','is','Hindi'),(1327,'hi','it','Hindi'),(1328,'hi','ja','ヒンディー語'),(1329,'hi','ko','힌두어'),(1330,'hi','ku','Hindi'),(1331,'hi','lv','Hindi'),(1332,'hi','lt','Hindi'),(1333,'hi','mk','Hindi'),(1334,'hi','mt','Hindi'),(1335,'hi','mn','Hindi'),(1336,'hi','ne','Hindi'),(1337,'hi','nl','Hindi'),(1338,'hi','no','Hindi'),(1339,'hi','pa','Hindi'),(1340,'hi','pl','Hindi'),(1341,'hi','pt-pt','Hindi'),(1342,'hi','pt-br','Hindi'),(1343,'hi','qu','Hindi'),(1344,'hi','ro','Hindi'),(1345,'hi','ru','Хинди'),(1346,'hi','sl','Hindi'),(1347,'hi','so','Hindi'),(1348,'hi','sq','Hindi'),(1349,'hi','sr','хинди'),(1350,'hi','sv','Hindi'),(1351,'hi','ta','Hindi'),(1352,'hi','th','ฮินดิ'),(1353,'hi','tr','Hintçe'),(1354,'hi','uk','Hindi'),(1355,'hi','ur','Hindi'),(1356,'hi','uz','Hindi'),(1357,'hi','vi','Hindi'),(1358,'hi','yi','Hindi'),(1359,'hi','zh-hans','印地语'),(1360,'hi','zu','Hindi'),(1361,'hi','zh-hant','印地語'),(1362,'hi','ms','Hindi'),(1363,'hi','gl','Hindi'),(1364,'hi','bn','Hindi'),(1365,'hi','az','Hindi'),(1366,'hr','en','Croatian'),(1367,'hr','es','Croata'),(1368,'hr','de','Kroatisch'),(1369,'hr','fr','Croate'),(1370,'hr','ar','الكرواتية'),(1371,'hr','bs','Croatian'),(1372,'hr','bg','Хърватски'),(1373,'hr','ca','Croatian'),(1374,'hr','cs','Chorvatský'),(1375,'hr','sk','Chorvátština'),(1376,'hr','cy','Croatian'),(1377,'hr','da','Croatian'),(1378,'hr','el','Κροατικά'),(1379,'hr','eo','Croatian'),(1380,'hr','et','Croatian'),(1381,'hr','eu','Croatian'),(1382,'hr','fa','Croatian'),(1383,'hr','fi','Kroatia'),(1384,'hr','ga','Croatian'),(1385,'hr','he','קרוטאית'),(1386,'hr','hi','Croatian'),(1387,'hr','hr','Hrvatski'),(1388,'hr','hu','Horvát'),(1389,'hr','hy','Croatian'),(1390,'hr','id','Croatian'),(1391,'hr','is','Croatian'),(1392,'hr','it','Croato'),(1393,'hr','ja','クロアチア語'),(1394,'hr','ko','크로아시아어'),(1395,'hr','ku','Croatian'),(1396,'hr','lv','Croatian'),(1397,'hr','lt','Croatian'),(1398,'hr','mk','Croatian'),(1399,'hr','mt','Croatian'),(1400,'hr','mn','Croatian'),(1401,'hr','ne','Croatian'),(1402,'hr','nl','Kroatisch'),(1403,'hr','no','Kroatisk'),(1404,'hr','pa','Croatian'),(1405,'hr','pl','Chorwacki'),(1406,'hr','pt-pt','Croata'),(1407,'hr','pt-br','Croata'),(1408,'hr','qu','Croatian'),(1409,'hr','ro','Croată'),(1410,'hr','ru','Хорватский'),(1411,'hr','sl','Hrvaški'),(1412,'hr','so','Croatian'),(1413,'hr','sq','Croatian'),(1414,'hr','sr','хрватски'),(1415,'hr','sv','Kroatiska'),(1416,'hr','ta','Croatian'),(1417,'hr','th','โครเอเชีย'),(1418,'hr','tr','Hırvatça'),(1419,'hr','uk','Croatian'),(1420,'hr','ur','Croatian'),(1421,'hr','uz','Croatian'),(1422,'hr','vi','Croatian'),(1423,'hr','yi','Croatian'),(1424,'hr','zh-hans','克罗地亚语'),(1425,'hr','zu','Croatian'),(1426,'hr','zh-hant','克羅地亞語'),(1427,'hr','ms','Croatian'),(1428,'hr','gl','Croatian'),(1429,'hr','bn','Croatian'),(1430,'hr','az','Croatian'),(1431,'hu','en','Hungarian'),(1432,'hu','es','Húngaro'),(1433,'hu','de','Ungarisch'),(1434,'hu','fr','Hongrois'),(1435,'hu','ar','الهنغارية'),(1436,'hu','bs','Hungarian'),(1437,'hu','bg','Унгарски'),(1438,'hu','ca','Hungarian'),(1439,'hu','cs','Maďarština'),(1440,'hu','sk','Maďarčina'),(1441,'hu','cy','Hungarian'),(1442,'hu','da','Hungarian'),(1443,'hu','el','Ουγγρικά'),(1444,'hu','eo','Hungarian'),(1445,'hu','et','Hungarian'),(1446,'hu','eu','Hungarian'),(1447,'hu','fa','Hungarian'),(1448,'hu','fi','Unkari'),(1449,'hu','ga','Hungarian'),(1450,'hu','he','הונגרית'),(1451,'hu','hi','Hungarian'),(1452,'hu','hr','Mađarski'),(1453,'hu','hu','Magyar'),(1454,'hu','hy','Hungarian'),(1455,'hu','id','Hungarian'),(1456,'hu','is','Hungarian'),(1457,'hu','it','Ungherese'),(1458,'hu','ja','ハンガリー語'),(1459,'hu','ko','헝가리어'),(1460,'hu','ku','Hungarian'),(1461,'hu','lv','Hungarian'),(1462,'hu','lt','Hungarian'),(1463,'hu','mk','Hungarian'),(1464,'hu','mt','Hungarian'),(1465,'hu','mn','Hungarian'),(1466,'hu','ne','Hungarian'),(1467,'hu','nl','Hongaars'),(1468,'hu','no','Ungarsk'),(1469,'hu','pa','Hungarian'),(1470,'hu','pl','Węgierski'),(1471,'hu','pt-pt','Húngaro'),(1472,'hu','pt-br','Húngaro'),(1473,'hu','qu','Hungarian'),(1474,'hu','ro','Ungară'),(1475,'hu','ru','Венгерский'),(1476,'hu','sl','Madžarski'),(1477,'hu','so','Hungarian'),(1478,'hu','sq','Hungarian'),(1479,'hu','sr','мађарски'),(1480,'hu','sv','Ungerska'),(1481,'hu','ta','Hungarian'),(1482,'hu','th','ฮังการี'),(1483,'hu','tr','Macarca'),(1484,'hu','uk','Hungarian'),(1485,'hu','ur','Hungarian'),(1486,'hu','uz','Hungarian'),(1487,'hu','vi','Hungarian'),(1488,'hu','yi','Hungarian'),(1489,'hu','zh-hans','匈牙利语'),(1490,'hu','zu','Hungarian'),(1491,'hu','zh-hant','匈牙利語'),(1492,'hu','ms','Hungarian'),(1493,'hu','gl','Hungarian'),(1494,'hu','bn','Hungarian'),(1495,'hu','az','Hungarian'),(1496,'hy','en','Armenian'),(1497,'hy','es','Armenio'),(1498,'hy','de','Armenisch'),(1499,'hy','fr','Arménien'),(1500,'hy','ar','الأرمينية'),(1501,'hy','bs','Armenian'),(1502,'hy','bg','Арменски'),(1503,'hy','ca','Armenian'),(1504,'hy','cs','Arménský'),(1505,'hy','sk','Arménčina'),(1506,'hy','cy','Armenian'),(1507,'hy','da','Armenian'),(1508,'hy','el','Αρμένικα'),(1509,'hy','eo','Armenian'),(1510,'hy','et','Armenian'),(1511,'hy','eu','Armenian'),(1512,'hy','fa','Armenian'),(1513,'hy','fi','Armenia'),(1514,'hy','ga','Armenian'),(1515,'hy','he','ארמנית'),(1516,'hy','hi','Armenian'),(1517,'hy','hr','Armenski'),(1518,'hy','hu','örmény'),(1519,'hy','hy','Հայերեն'),(1520,'hy','id','Armenian'),(1521,'hy','is','Armenian'),(1522,'hy','it','Armeno'),(1523,'hy','ja','アルメニア語'),(1524,'hy','ko','아르메니아어'),(1525,'hy','ku','Armenian'),(1526,'hy','lv','Armenian'),(1527,'hy','lt','Armenian'),(1528,'hy','mk','Armenian'),(1529,'hy','mt','Armenian'),(1530,'hy','mn','Armenian'),(1531,'hy','ne','Armenian'),(1532,'hy','nl','Armeens'),(1533,'hy','no','Armensk'),(1534,'hy','pa','Armenian'),(1535,'hy','pl','Ormiański'),(1536,'hy','pt-pt','Arménio'),(1537,'hy','pt-br','Arménio'),(1538,'hy','qu','Armenian'),(1539,'hy','ro','Armeană'),(1540,'hy','ru','Армянский'),(1541,'hy','sl','Armenski'),(1542,'hy','so','Armenian'),(1543,'hy','sq','Armenian'),(1544,'hy','sr','јерменски'),(1545,'hy','sv','Armeniska'),(1546,'hy','ta','Armenian'),(1547,'hy','th','อาร์เมเนีย'),(1548,'hy','tr','Ermenice'),(1549,'hy','uk','Armenian'),(1550,'hy','ur','Armenian'),(1551,'hy','uz','Armenian'),(1552,'hy','vi','Armenian'),(1553,'hy','yi','Armenian'),(1554,'hy','zh-hans','亚美尼亚语'),(1555,'hy','zu','Armenian'),(1556,'hy','zh-hant','亞美尼亞語'),(1557,'hy','ms','Armenian'),(1558,'hy','gl','Armenian'),(1559,'hy','bn','Armenian'),(1560,'hy','az','Armenian'),(1561,'id','en','Indonesian'),(1562,'id','es','Indonesio'),(1563,'id','de','Indonesisch'),(1564,'id','fr','Indonésien'),(1565,'id','ar','الأندونيسية'),(1566,'id','bs','Indonesian'),(1567,'id','bg','Индонезийски'),(1568,'id','ca','Indonesian'),(1569,'id','cs','Indonéský'),(1570,'id','sk','Indonézčina'),(1571,'id','cy','Indonesian'),(1572,'id','da','Indonesian'),(1573,'id','el','Ινδονησιακά'),(1574,'id','eo','Indonesian'),(1575,'id','et','Indonesian'),(1576,'id','eu','Indonesian'),(1577,'id','fa','Indonesian'),(1578,'id','fi','Indonesia'),(1579,'id','ga','Indonesian'),(1580,'id','he','אינדונזית'),(1581,'id','hi','Indonesian'),(1582,'id','hr','Indonezijski'),(1583,'id','hu','Indonéz'),(1584,'id','hy','Indonesian'),(1585,'id','id','Indonesia'),(1586,'id','is','Indonesian'),(1587,'id','it','Indonesiano'),(1588,'id','ja','インドネシア語'),(1589,'id','ko','인도네시아어'),(1590,'id','ku','Indonesian'),(1591,'id','lv','Indonesian'),(1592,'id','lt','Indonesian'),(1593,'id','mk','Indonesian'),(1594,'id','mt','Indonesian'),(1595,'id','mn','Indonesian'),(1596,'id','ne','Indonesian'),(1597,'id','nl','Indonesisch'),(1598,'id','no','Indonesian'),(1599,'id','pa','Indonesian'),(1600,'id','pl','Indonezyjski'),(1601,'id','pt-pt','Indonésio'),(1602,'id','pt-br','Indonésio'),(1603,'id','qu','Indonesian'),(1604,'id','ro','Indoneziană'),(1605,'id','ru','Индонезийский'),(1606,'id','sl','Indonezijski'),(1607,'id','so','Indonesian'),(1608,'id','sq','Indonesian'),(1609,'id','sr','индонезијски'),(1610,'id','sv','Indonesiska'),(1611,'id','ta','Indonesian'),(1612,'id','th','อินโดนีเซีย'),(1613,'id','tr','Endonezya dili'),(1614,'id','uk','Indonesian'),(1615,'id','ur','Indonesian'),(1616,'id','uz','Indonesian'),(1617,'id','vi','Indonesian'),(1618,'id','yi','Indonesian'),(1619,'id','zh-hans','印度尼西亚语'),(1620,'id','zu','Indonesian'),(1621,'id','zh-hant','印尼語'),(1622,'id','ms','Indonesian'),(1623,'id','gl','Indonesian'),(1624,'id','bn','Indonesian'),(1625,'id','az','Indonesian'),(1626,'is','en','Icelandic'),(1627,'is','es','Islandés'),(1628,'is','de','Isländisch'),(1629,'is','fr','Islandais'),(1630,'is','ar','الأيسلاندية'),(1631,'is','bs','Icelandic'),(1632,'is','bg','Исландски'),(1633,'is','ca','Icelandic'),(1634,'is','cs','Islandský'),(1635,'is','sk','Islančina'),(1636,'is','cy','Icelandic'),(1637,'is','da','Icelandic'),(1638,'is','el','Ισλανδικά'),(1639,'is','eo','Icelandic'),(1640,'is','et','Icelandic'),(1641,'is','eu','Icelandic'),(1642,'is','fa','Icelandic'),(1643,'is','fi','Islanti'),(1644,'is','ga','Icelandic'),(1645,'is','he','איסלנדית'),(1646,'is','hi','Icelandic'),(1647,'is','hr','Islandski'),(1648,'is','hu','Izlandi'),(1649,'is','hy','Icelandic'),(1650,'is','id','Icelandic'),(1651,'is','is','Íslenska'),(1652,'is','it','Islandese'),(1653,'is','ja','アイスランド語'),(1654,'is','ko','아이슬랜드어'),(1655,'is','ku','Icelandic'),(1656,'is','lv','Icelandic'),(1657,'is','lt','Icelandic'),(1658,'is','mk','Icelandic'),(1659,'is','mt','Icelandic'),(1660,'is','mn','Icelandic'),(1661,'is','ne','Icelandic'),(1662,'is','nl','Ijslands'),(1663,'is','no','Islandsk'),(1664,'is','pa','Icelandic'),(1665,'is','pl','Islandzki'),(1666,'is','pt-pt','Islandês'),(1667,'is','pt-br','Islandês'),(1668,'is','qu','Icelandic'),(1669,'is','ro','Islandeză'),(1670,'is','ru','Исландский'),(1671,'is','sl','Islandski'),(1672,'is','so','Icelandic'),(1673,'is','sq','Icelandic'),(1674,'is','sr','исландски'),(1675,'is','sv','Isländska'),(1676,'is','ta','Icelandic'),(1677,'is','th','ไอซ์แลนด์'),(1678,'is','tr','İzlandaca'),(1679,'is','uk','Icelandic'),(1680,'is','ur','Icelandic'),(1681,'is','uz','Icelandic'),(1682,'is','vi','Icelandic'),(1683,'is','yi','Icelandic'),(1684,'is','zh-hans','冰岛语'),(1685,'is','zu','Icelandic'),(1686,'is','zh-hant','冰島語'),(1687,'is','ms','Icelandic'),(1688,'is','gl','Icelandic'),(1689,'is','bn','Icelandic'),(1690,'is','az','Icelandic'),(1691,'it','en','Italian'),(1692,'it','es','Italiano'),(1693,'it','de','Italienisch'),(1694,'it','fr','Italien'),(1695,'it','ar','الإيطالية'),(1696,'it','bs','Italian'),(1697,'it','bg','Италиански'),(1698,'it','ca','Italian'),(1699,'it','cs','Ital'),(1700,'it','sk','Taliančina'),(1701,'it','cy','Italian'),(1702,'it','da','Italian'),(1703,'it','el','Ιταλικά'),(1704,'it','eo','Italian'),(1705,'it','et','Italian'),(1706,'it','eu','Italian'),(1707,'it','fa','Italian'),(1708,'it','fi','Italia'),(1709,'it','ga','Italian'),(1710,'it','he','איטלקית'),(1711,'it','hi','Italian'),(1712,'it','hr','Talijanski'),(1713,'it','hu','Olasz'),(1714,'it','hy','Italian'),(1715,'it','id','Italian'),(1716,'it','is','Italian'),(1717,'it','it','Italiano'),(1718,'it','ja','イタリア語'),(1719,'it','ko','이태리어'),(1720,'it','ku','Italian'),(1721,'it','lv','Italian'),(1722,'it','lt','Italian'),(1723,'it','mk','Italian'),(1724,'it','mt','Italian'),(1725,'it','mn','Italian'),(1726,'it','ne','Italian'),(1727,'it','nl','Italiaans'),(1728,'it','no','Italiensk'),(1729,'it','pa','Italian'),(1730,'it','pl','Włoski'),(1731,'it','pt-pt','Italiano'),(1732,'it','pt-br','Italiano'),(1733,'it','qu','Italian'),(1734,'it','ro','Italiană'),(1735,'it','ru','Итальянский'),(1736,'it','sl','Italijanski'),(1737,'it','so','Italian'),(1738,'it','sq','Italian'),(1739,'it','sr','италијански'),(1740,'it','sv','Italienska'),(1741,'it','ta','Italian'),(1742,'it','th','อิตาลี'),(1743,'it','tr','İtalyanca'),(1744,'it','uk','Italian'),(1745,'it','ur','Italian'),(1746,'it','uz','Italian'),(1747,'it','vi','Italian'),(1748,'it','yi','Italian'),(1749,'it','zh-hans','意大利语'),(1750,'it','zu','Italian'),(1751,'it','zh-hant','義大利語'),(1752,'it','ms','Italian'),(1753,'it','gl','Italian'),(1754,'it','bn','Italian'),(1755,'it','az','Italian'),(1756,'ja','en','Japanese'),(1757,'ja','es','Japonés'),(1758,'ja','de','Japanisch'),(1759,'ja','fr','Japonais'),(1760,'ja','ar','اليابانية'),(1761,'ja','bs','Japanese'),(1762,'ja','bg','Японски'),(1763,'ja','ca','Japanese'),(1764,'ja','cs','Japonský'),(1765,'ja','sk','Japonština'),(1766,'ja','cy','Japanese'),(1767,'ja','da','Japanese'),(1768,'ja','el','Ιαπωνικά'),(1769,'ja','eo','Japanese'),(1770,'ja','et','Japanese'),(1771,'ja','eu','Japanese'),(1772,'ja','fa','Japanese'),(1773,'ja','fi','Japani'),(1774,'ja','ga','Japanese'),(1775,'ja','he','יפנית'),(1776,'ja','hi','Japanese'),(1777,'ja','hr','Japanski'),(1778,'ja','hu','Japán'),(1779,'ja','hy','Japanese'),(1780,'ja','id','Japanese'),(1781,'ja','is','Japanese'),(1782,'ja','it','Giapponese'),(1783,'ja','ja','日本語'),(1784,'ja','ko','일어'),(1785,'ja','ku','Japanese'),(1786,'ja','lv','Japanese'),(1787,'ja','lt','Japanese'),(1788,'ja','mk','Japanese'),(1789,'ja','mt','Japanese'),(1790,'ja','mn','Japanese'),(1791,'ja','ne','Japanese'),(1792,'ja','nl','Japans'),(1793,'ja','no','Japansk'),(1794,'ja','pa','Japanese'),(1795,'ja','pl','Japoński'),(1796,'ja','pt-pt','Japonês'),(1797,'ja','pt-br','Japonês'),(1798,'ja','qu','Japanese'),(1799,'ja','ro','Japoneză'),(1800,'ja','ru','Японский'),(1801,'ja','sl','Japonski'),(1802,'ja','so','Japanese'),(1803,'ja','sq','Japanese'),(1804,'ja','sr','јапански'),(1805,'ja','sv','Japanska'),(1806,'ja','ta','Japanese'),(1807,'ja','th','ญี่ปุ่น'),(1808,'ja','tr','Japonca'),(1809,'ja','uk','Japanese'),(1810,'ja','ur','Japanese'),(1811,'ja','uz','Japanese'),(1812,'ja','vi','Japanese'),(1813,'ja','yi','Japanese'),(1814,'ja','zh-hans','日语'),(1815,'ja','zu','Japanese'),(1816,'ja','zh-hant','日語'),(1817,'ja','ms','Japanese'),(1818,'ja','gl','Japanese'),(1819,'ja','bn','Japanese'),(1820,'ja','az','Japanese'),(1821,'ko','en','Korean'),(1822,'ko','es','Coreano'),(1823,'ko','de','Koreanisch'),(1824,'ko','fr','Coréen'),(1825,'ko','ar','الكورية'),(1826,'ko','bs','Korean'),(1827,'ko','bg','Корейски'),(1828,'ko','ca','Korean'),(1829,'ko','cs','Korejský'),(1830,'ko','sk','Kórejčina'),(1831,'ko','cy','Korean'),(1832,'ko','da','Korean'),(1833,'ko','el','Κορεάτικα'),(1834,'ko','eo','Korean'),(1835,'ko','et','Korean'),(1836,'ko','eu','Korean'),(1837,'ko','fa','Korean'),(1838,'ko','fi','Korea'),(1839,'ko','ga','Korean'),(1840,'ko','he','קוראנית'),(1841,'ko','hi','Korean'),(1842,'ko','hr','Korejski'),(1843,'ko','hu','Koreai'),(1844,'ko','hy','Korean'),(1845,'ko','id','Korean'),(1846,'ko','is','Korean'),(1847,'ko','it','Coreano'),(1848,'ko','ja','韓国語'),(1849,'ko','ko','한국어'),(1850,'ko','ku','Korean'),(1851,'ko','lv','Korean'),(1852,'ko','lt','Korean'),(1853,'ko','mk','Korean'),(1854,'ko','mt','Korean'),(1855,'ko','mn','Korean'),(1856,'ko','ne','Korean'),(1857,'ko','nl','Koreaans'),(1858,'ko','no','Koreanske'),(1859,'ko','pa','Korean'),(1860,'ko','pl','Koreański'),(1861,'ko','pt-pt','Coreano'),(1862,'ko','pt-br','Coreano'),(1863,'ko','qu','Korean'),(1864,'ko','ro','Coreană'),(1865,'ko','ru','Корейский'),(1866,'ko','sl','Korejski'),(1867,'ko','so','Korean'),(1868,'ko','sq','Korean'),(1869,'ko','sr','корејски'),(1870,'ko','sv','Koreanska'),(1871,'ko','ta','Korean'),(1872,'ko','th','เกาหลี'),(1873,'ko','tr','Kore dili'),(1874,'ko','uk','Korean'),(1875,'ko','ur','Korean'),(1876,'ko','uz','Korean'),(1877,'ko','vi','Korean'),(1878,'ko','yi','Korean'),(1879,'ko','zh-hans','韩语'),(1880,'ko','zu','Korean'),(1881,'ko','zh-hant','韓語'),(1882,'ko','ms','Korean'),(1883,'ko','gl','Korean'),(1884,'ko','bn','Korean'),(1885,'ko','az','Korean'),(1886,'ku','en','Kurdish'),(1887,'ku','es','Kurdo'),(1888,'ku','de','Kurdisch'),(1889,'ku','fr','Kurde'),(1890,'ku','ar','الكردية'),(1891,'ku','bs','Kurdish'),(1892,'ku','bg','Кюрдски'),(1893,'ku','ca','Kurdish'),(1894,'ku','cs','Kurdský'),(1895,'ku','sk','Kurdština'),(1896,'ku','cy','Kurdish'),(1897,'ku','da','Kurdish'),(1898,'ku','el','Κουρδικά'),(1899,'ku','eo','Kurdish'),(1900,'ku','et','Kurdish'),(1901,'ku','eu','Kurdish'),(1902,'ku','fa','Kurdish'),(1903,'ku','fi','Kurdi'),(1904,'ku','ga','Kurdish'),(1905,'ku','he','כורדית'),(1906,'ku','hi','Kurdish'),(1907,'ku','hr','Kurdski'),(1908,'ku','hu','Kurd'),(1909,'ku','hy','Kurdish'),(1910,'ku','id','Kurdish'),(1911,'ku','is','Kurdish'),(1912,'ku','it','Curdo'),(1913,'ku','ja','クルド語'),(1914,'ku','ko','쿠르드어'),(1915,'ku','ku','Kurdish'),(1916,'ku','lv','Kurdish'),(1917,'ku','lt','Kurdish'),(1918,'ku','mk','Kurdish'),(1919,'ku','mt','Kurdish'),(1920,'ku','mn','Kurdish'),(1921,'ku','ne','Kurdish'),(1922,'ku','nl','Koerdish'),(1923,'ku','no','Kurdisk'),(1924,'ku','pa','Kurdish'),(1925,'ku','pl','Kurdyjski'),(1926,'ku','pt-pt','Curdo'),(1927,'ku','pt-br','Curdo'),(1928,'ku','qu','Kurdish'),(1929,'ku','ro','Kurdă'),(1930,'ku','ru','Курдский'),(1931,'ku','sl','Kurdščina'),(1932,'ku','so','Kurdish'),(1933,'ku','sq','Kurdish'),(1934,'ku','sr','курдски'),(1935,'ku','sv','Kurdiska'),(1936,'ku','ta','Kurdish'),(1937,'ku','th','เคอร์ดิช'),(1938,'ku','tr','Kürtçe'),(1939,'ku','uk','Kurdish'),(1940,'ku','ur','Kurdish'),(1941,'ku','uz','Kurdish'),(1942,'ku','vi','Kurdish'),(1943,'ku','yi','Kurdish'),(1944,'ku','zh-hans','库尔德语'),(1945,'ku','zu','Kurdish'),(1946,'ku','zh-hant','庫爾德語'),(1947,'ku','ms','Kurdish'),(1948,'ku','gl','Kurdish'),(1949,'ku','bn','Kurdish'),(1950,'ku','az','Kurdish'),(1951,'lv','en','Latvian'),(1952,'lv','es','Letón'),(1953,'lv','de','Lettisch'),(1954,'lv','fr','Letton'),(1955,'lv','ar','اللاتفية'),(1956,'lv','bs','Latvian'),(1957,'lv','bg','Латвийски'),(1958,'lv','ca','Latvian'),(1959,'lv','cs','Lotyština'),(1960,'lv','sk','Lotyština'),(1961,'lv','cy','Latvian'),(1962,'lv','da','Latvian'),(1963,'lv','el','Λετονικά'),(1964,'lv','eo','Latvian'),(1965,'lv','et','Latvian'),(1966,'lv','eu','Latvian'),(1967,'lv','fa','Latvian'),(1968,'lv','fi','Latvia'),(1969,'lv','ga','Latvian'),(1970,'lv','he','לטבית'),(1971,'lv','hi','Latvian'),(1972,'lv','hr','Latvijski'),(1973,'lv','hu','Lett'),(1974,'lv','hy','Latvian'),(1975,'lv','id','Latvian'),(1976,'lv','is','Latvian'),(1977,'lv','it','Lettone'),(1978,'lv','ja','ラトビア語'),(1979,'lv','ko','라트비아어'),(1980,'lv','ku','Latvian'),(1981,'lv','lv','Latviešu'),(1982,'lv','lt','Latvian'),(1983,'lv','mk','Latvian'),(1984,'lv','mt','Latvian'),(1985,'lv','mn','Latvian'),(1986,'lv','ne','Latvian'),(1987,'lv','nl','Lets'),(1988,'lv','no','Latvisk'),(1989,'lv','pa','Latvian'),(1990,'lv','pl','łotewski'),(1991,'lv','pt-pt','Letão'),(1992,'lv','pt-br','Letão'),(1993,'lv','qu','Latvian'),(1994,'lv','ro','Letoniană'),(1995,'lv','ru','латышский'),(1996,'lv','sl','Latvijščina'),(1997,'lv','so','Latvian'),(1998,'lv','sq','Latvian'),(1999,'lv','sr','летонски'),(2000,'lv','sv','Lettiska'),(2001,'lv','ta','Latvian'),(2002,'lv','th','ลัตเวีย'),(2003,'lv','tr','Letonca'),(2004,'lv','uk','Latvian'),(2005,'lv','ur','Latvian'),(2006,'lv','uz','Latvian'),(2007,'lv','vi','Latvian'),(2008,'lv','yi','Latvian'),(2009,'lv','zh-hans','拉脱维亚语'),(2010,'lv','zu','Latvian'),(2011,'lv','zh-hant','拉脫維亞語'),(2012,'lv','ms','Latvian'),(2013,'lv','gl','Latvian'),(2014,'lv','bn','Latvian'),(2015,'lv','az','Latvian'),(2016,'lt','en','Lithuanian'),(2017,'lt','es','Lituano'),(2018,'lt','de','Litauisch'),(2019,'lt','fr','Lituanien'),(2020,'lt','ar','اللتوانية'),(2021,'lt','bs','Lithuanian'),(2022,'lt','bg','Литовски'),(2023,'lt','ca','Lithuanian'),(2024,'lt','cs','Litevský'),(2025,'lt','sk','Litovčina'),(2026,'lt','cy','Lithuanian'),(2027,'lt','da','Lithuanian'),(2028,'lt','el','Λιθουανικά'),(2029,'lt','eo','Lithuanian'),(2030,'lt','et','Lithuanian'),(2031,'lt','eu','Lithuanian'),(2032,'lt','fa','Lithuanian'),(2033,'lt','fi','Liettua'),(2034,'lt','ga','Lithuanian'),(2035,'lt','he','ליטאית'),(2036,'lt','hi','Lithuanian'),(2037,'lt','hr','Litavski'),(2038,'lt','hu','Litván'),(2039,'lt','hy','Lithuanian'),(2040,'lt','id','Lithuanian'),(2041,'lt','is','Lithuanian'),(2042,'lt','it','Lituano'),(2043,'lt','ja','リトアニア語'),(2044,'lt','ko','리투아니아어'),(2045,'lt','ku','Lithuanian'),(2046,'lt','lv','Lithuanian'),(2047,'lt','lt','Lietuvių'),(2048,'lt','mk','Lithuanian'),(2049,'lt','mt','Lithuanian'),(2050,'lt','mn','Lithuanian'),(2051,'lt','ne','Lithuanian'),(2052,'lt','nl','Litouws'),(2053,'lt','no','Litauisk'),(2054,'lt','pa','Lithuanian'),(2055,'lt','pl','Litewski'),(2056,'lt','pt-pt','Lituano'),(2057,'lt','pt-br','Lituano'),(2058,'lt','qu','Lithuanian'),(2059,'lt','ro','Lituaniană'),(2060,'lt','ru','Литовский'),(2061,'lt','sl','Litovščina'),(2062,'lt','so','Lithuanian'),(2063,'lt','sq','Lithuanian'),(2064,'lt','sr','литвански'),(2065,'lt','sv','Litauiska'),(2066,'lt','ta','Lithuanian'),(2067,'lt','th','ลิธัวเนีย'),(2068,'lt','tr','Litvanyaca'),(2069,'lt','uk','Lithuanian'),(2070,'lt','ur','Lithuanian'),(2071,'lt','uz','Lithuanian'),(2072,'lt','vi','Lithuanian'),(2073,'lt','yi','Lithuanian'),(2074,'lt','zh-hans','立陶宛语'),(2075,'lt','zu','Lithuanian'),(2076,'lt','zh-hant','立陶宛語'),(2077,'lt','ms','Lithuanian'),(2078,'lt','gl','Lithuanian'),(2079,'lt','bn','Lithuanian'),(2080,'lt','az','Lithuanian'),(2081,'mk','en','Macedonian'),(2082,'mk','es','Macedonio'),(2083,'mk','de','Mazedonisch'),(2084,'mk','fr','Macédonien'),(2085,'mk','ar','المقدونية'),(2086,'mk','bs','Macedonian'),(2087,'mk','bg','Македонски'),(2088,'mk','ca','Macedonian'),(2089,'mk','cs','Makedonský'),(2090,'mk','sk','Macedónština'),(2091,'mk','cy','Macedonian'),(2092,'mk','da','Macedonian'),(2093,'mk','el','Μακεδονικά'),(2094,'mk','eo','Macedonian'),(2095,'mk','et','Macedonian'),(2096,'mk','eu','Macedonian'),(2097,'mk','fa','Macedonian'),(2098,'mk','fi','Makedonia'),(2099,'mk','ga','Macedonian'),(2100,'mk','he','מקדונית'),(2101,'mk','hi','Macedonian'),(2102,'mk','hr','Makedonski'),(2103,'mk','hu','Macedón'),(2104,'mk','hy','Macedonian'),(2105,'mk','id','Macedonian'),(2106,'mk','is','Macedonian'),(2107,'mk','it','Macedone'),(2108,'mk','ja','マケドニア語'),(2109,'mk','ko','마케도니아어'),(2110,'mk','ku','Macedonian'),(2111,'mk','lv','Macedonian'),(2112,'mk','lt','Macedonian'),(2113,'mk','mk','македонски'),(2114,'mk','mt','Macedonian'),(2115,'mk','mn','Macedonian'),(2116,'mk','ne','Macedonian'),(2117,'mk','nl','Macedonisch'),(2118,'mk','no','Makedonsk'),(2119,'mk','pa','Macedonian'),(2120,'mk','pl','Macedoński'),(2121,'mk','pt-pt','Macedônio'),(2122,'mk','pt-br','Macedônio'),(2123,'mk','qu','Macedonian'),(2124,'mk','ro','Macedoniană'),(2125,'mk','ru','Македонский'),(2126,'mk','sl','Makedonski'),(2127,'mk','so','Macedonian'),(2128,'mk','sq','Macedonian'),(2129,'mk','sr','македонски'),(2130,'mk','sv','Makedonska'),(2131,'mk','ta','Macedonian'),(2132,'mk','th','มาซิโดเนีย'),(2133,'mk','tr','Makedonyaca'),(2134,'mk','uk','Macedonian'),(2135,'mk','ur','Macedonian'),(2136,'mk','uz','Macedonian'),(2137,'mk','vi','Macedonian'),(2138,'mk','yi','Macedonian'),(2139,'mk','zh-hans','马其顿语'),(2140,'mk','zu','Macedonian'),(2141,'mk','zh-hant','馬其頓語'),(2142,'mk','ms','Macedonian'),(2143,'mk','gl','Macedonian'),(2144,'mk','bn','Macedonian'),(2145,'mk','az','Macedonian'),(2146,'mt','en','Maltese'),(2147,'mt','es','Maltés'),(2148,'mt','de','Maltesisch'),(2149,'mt','fr','Maltais'),(2150,'mt','ar','المالطية'),(2151,'mt','bs','Maltese'),(2152,'mt','bg','Малтийски'),(2153,'mt','ca','Maltese'),(2154,'mt','cs','Maltština'),(2155,'mt','sk','Maltézština'),(2156,'mt','cy','Maltese'),(2157,'mt','da','Maltese'),(2158,'mt','el','Μαλτέζικα'),(2159,'mt','eo','Maltese'),(2160,'mt','et','Maltese'),(2161,'mt','eu','Maltese'),(2162,'mt','fa','Maltese'),(2163,'mt','fi','Malta'),(2164,'mt','ga','Maltese'),(2165,'mt','he','מלטזית'),(2166,'mt','hi','Maltese'),(2167,'mt','hr','Malteški'),(2168,'mt','hu','Máltai'),(2169,'mt','hy','Maltese'),(2170,'mt','id','Maltese'),(2171,'mt','is','Maltese'),(2172,'mt','it','Maltese'),(2173,'mt','ja','マルタ語'),(2174,'mt','ko','몰타어'),(2175,'mt','ku','Maltese'),(2176,'mt','lv','Maltese'),(2177,'mt','lt','Maltese'),(2178,'mt','mk','Maltese'),(2179,'mt','mt','Malti'),(2180,'mt','mn','Maltese'),(2181,'mt','ne','Maltese'),(2182,'mt','nl','Maltees'),(2183,'mt','no','Maltese'),(2184,'mt','pa','Maltese'),(2185,'mt','pl','Maltański'),(2186,'mt','pt-pt','Maltês'),(2187,'mt','pt-br','Maltês'),(2188,'mt','qu','Maltese'),(2189,'mt','ro','Malteză'),(2190,'mt','ru','Мальтийский'),(2191,'mt','sl','Malteški'),(2192,'mt','so','Maltese'),(2193,'mt','sq','Maltese'),(2194,'mt','sr','малтешки'),(2195,'mt','sv','Maltesiska'),(2196,'mt','ta','Maltese'),(2197,'mt','th','มอลทีส'),(2198,'mt','tr','Malta dili'),(2199,'mt','uk','Maltese'),(2200,'mt','ur','Maltese'),(2201,'mt','uz','Maltese'),(2202,'mt','vi','Maltese'),(2203,'mt','yi','Maltese'),(2204,'mt','zh-hans','马耳他语'),(2205,'mt','zu','Maltese'),(2206,'mt','zh-hant','馬爾他語'),(2207,'mt','ms','Maltese'),(2208,'mt','gl','Maltese'),(2209,'mt','bn','Maltese'),(2210,'mt','az','Maltese'),(2211,'mn','en','Mongolian'),(2212,'mn','es','Mongol'),(2213,'mn','de','Mongolisch'),(2214,'mn','fr','Mongol'),(2215,'mn','ar','المنغولية'),(2216,'mn','bs','Mongolian'),(2217,'mn','bg','Монголски'),(2218,'mn','ca','Mongolian'),(2219,'mn','cs','Mongolský'),(2220,'mn','sk','Mongolština'),(2221,'mn','cy','Mongolian'),(2222,'mn','da','Mongolian'),(2223,'mn','el','Μογγολικά'),(2224,'mn','eo','Mongolian'),(2225,'mn','et','Mongolian'),(2226,'mn','eu','Mongolian'),(2227,'mn','fa','Mongolian'),(2228,'mn','fi','Mongoli'),(2229,'mn','ga','Mongolian'),(2230,'mn','he','מונגולית'),(2231,'mn','hi','Mongolian'),(2232,'mn','hr','Mongolski'),(2233,'mn','hu','Mongol'),(2234,'mn','hy','Mongolian'),(2235,'mn','id','Mongolian'),(2236,'mn','is','Mongolian'),(2237,'mn','it','Mongolo'),(2238,'mn','ja','モンゴル語'),(2239,'mn','ko','몽골어'),(2240,'mn','ku','Mongolian'),(2241,'mn','lv','Mongolian'),(2242,'mn','lt','Mongolian'),(2243,'mn','mk','Mongolian'),(2244,'mn','mt','Mongolian'),(2245,'mn','mn','Mongolian'),(2246,'mn','ne','Mongolian'),(2247,'mn','nl','Mongools'),(2248,'mn','no','Mongolsk'),(2249,'mn','pa','Mongolian'),(2250,'mn','pl','Mongolski'),(2251,'mn','pt-pt','Mongolian'),(2252,'mn','pt-br','Mongolian'),(2253,'mn','qu','Mongolian'),(2254,'mn','ro','Mongoleză'),(2255,'mn','ru','Монгольский'),(2256,'mn','sl','Mongolski'),(2257,'mn','so','Mongolian'),(2258,'mn','sq','Mongolian'),(2259,'mn','sr','монголски'),(2260,'mn','sv','Mongoliska'),(2261,'mn','ta','Mongolian'),(2262,'mn','th','มองโกเลีย'),(2263,'mn','tr','Mongolca'),(2264,'mn','uk','Mongolian'),(2265,'mn','ur','Mongolian'),(2266,'mn','uz','Mongolian'),(2267,'mn','vi','Mongolian'),(2268,'mn','yi','Mongolian'),(2269,'mn','zh-hans','蒙古语'),(2270,'mn','zu','Mongolian'),(2271,'mn','zh-hant','蒙古語'),(2272,'mn','ms','Mongolian'),(2273,'mn','gl','Mongolian'),(2274,'mn','bn','Mongolian'),(2275,'mn','az','Mongolian'),(2276,'ne','en','Nepali'),(2277,'ne','es','Nepalí'),(2278,'ne','de','Nepali'),(2279,'ne','fr','Népalais'),(2280,'ne','ar','النيبالية'),(2281,'ne','bs','Nepali'),(2282,'ne','bg','Непалски'),(2283,'ne','ca','Nepali'),(2284,'ne','cs','Nepálský'),(2285,'ne','sk','Nepálčina'),(2286,'ne','cy','Nepali'),(2287,'ne','da','Nepali'),(2288,'ne','el','Νεπαλικά'),(2289,'ne','eo','Nepali'),(2290,'ne','et','Nepali'),(2291,'ne','eu','Nepali'),(2292,'ne','fa','Nepali'),(2293,'ne','fi','Nepali'),(2294,'ne','ga','Nepali'),(2295,'ne','he','נפאלית'),(2296,'ne','hi','Nepali'),(2297,'ne','hr','Nepali'),(2298,'ne','hu','Nepáli'),(2299,'ne','hy','Nepali'),(2300,'ne','id','Nepali'),(2301,'ne','is','Nepali'),(2302,'ne','it','Nepalese'),(2303,'ne','ja','ネパール語'),(2304,'ne','ko','네팔어'),(2305,'ne','ku','Nepali'),(2306,'ne','lv','Nepali'),(2307,'ne','lt','Nepali'),(2308,'ne','mk','Nepali'),(2309,'ne','mt','Nepali'),(2310,'ne','mn','Nepali'),(2311,'ne','ne','Nepali'),(2312,'ne','nl','Nepalees'),(2313,'ne','no','Nepali'),(2314,'ne','pa','Nepali'),(2315,'ne','pl','Nepalski'),(2316,'ne','pt-pt','Nepali'),(2317,'ne','pt-br','Nepali'),(2318,'ne','qu','Nepali'),(2319,'ne','ro','Nepaleză'),(2320,'ne','ru','Непальский'),(2321,'ne','sl','Nepalščina'),(2322,'ne','so','Nepali'),(2323,'ne','sq','Nepali'),(2324,'ne','sr','непалски'),(2325,'ne','sv','Nepalesiska'),(2326,'ne','ta','Nepali'),(2327,'ne','th','เนปาล'),(2328,'ne','tr','Nepal dili'),(2329,'ne','uk','Nepali'),(2330,'ne','ur','Nepali'),(2331,'ne','uz','Nepali'),(2332,'ne','vi','Nepali'),(2333,'ne','yi','Nepali'),(2334,'ne','zh-hans','尼泊尔语'),(2335,'ne','zu','Nepali'),(2336,'ne','zh-hant','尼泊爾語'),(2337,'ne','ms','Nepali'),(2338,'ne','gl','Nepali'),(2339,'ne','bn','Nepali'),(2340,'ne','az','Nepali'),(2341,'nl','en','Dutch'),(2342,'nl','es','Holandés'),(2343,'nl','de','Niederländisch'),(2344,'nl','fr','Néerlandais'),(2345,'nl','ar','الهولندية'),(2346,'nl','bs','Dutch'),(2347,'nl','bg','Холандски'),(2348,'nl','ca','Dutch'),(2349,'nl','cs','Holandský'),(2350,'nl','sk','Holandčina'),(2351,'nl','cy','Dutch'),(2352,'nl','da','Dutch'),(2353,'nl','el','Ολλανδικά'),(2354,'nl','eo','Dutch'),(2355,'nl','et','Dutch'),(2356,'nl','eu','Dutch'),(2357,'nl','fa','Dutch'),(2358,'nl','fi','Hollanti'),(2359,'nl','ga','Dutch'),(2360,'nl','he','הולנדית'),(2361,'nl','hi','Dutch'),(2362,'nl','hr','Nizozemski'),(2363,'nl','hu','Holland'),(2364,'nl','hy','Dutch'),(2365,'nl','id','Dutch'),(2366,'nl','is','Dutch'),(2367,'nl','it','Olandese'),(2368,'nl','ja','オランダ語'),(2369,'nl','ko','화란어'),(2370,'nl','ku','Dutch'),(2371,'nl','lv','Dutch'),(2372,'nl','lt','Dutch'),(2373,'nl','mk','Dutch'),(2374,'nl','mt','Dutch'),(2375,'nl','mn','Dutch'),(2376,'nl','ne','Dutch'),(2377,'nl','nl','Nederlands'),(2378,'nl','no','Nederlandsk'),(2379,'nl','pa','Dutch'),(2380,'nl','pl','Holenderski'),(2381,'nl','pt-pt','Holandês'),(2382,'nl','pt-br','Holandês'),(2383,'nl','qu','Dutch'),(2384,'nl','ro','Olaneză'),(2385,'nl','ru','Голландский'),(2386,'nl','sl','Nizozemščina'),(2387,'nl','so','Dutch'),(2388,'nl','sq','Dutch'),(2389,'nl','sr','холандски'),(2390,'nl','sv','Nederländska'),(2391,'nl','ta','Dutch'),(2392,'nl','th','ดัตช์'),(2393,'nl','tr','Hollandaca'),(2394,'nl','uk','Dutch'),(2395,'nl','ur','Dutch'),(2396,'nl','uz','Dutch'),(2397,'nl','vi','Dutch'),(2398,'nl','yi','Dutch'),(2399,'nl','zh-hans','荷兰语'),(2400,'nl','zu','Dutch'),(2401,'nl','zh-hant','荷蘭語'),(2402,'nl','ms','Dutch'),(2403,'nl','gl','Dutch'),(2404,'nl','bn','Dutch'),(2405,'nl','az','Dutch'),(2406,'no','en','Norwegian Bokmål'),(2407,'no','es','Bokmål'),(2408,'no','de','Norwegisch (Buchsprache)'),(2409,'no','fr','Norvégien Bokmål'),(2410,'no','ar','البوكمالية النرويجية'),(2411,'no','bs','Norwegian Bokmål'),(2412,'no','bg','Норвежки книжовен'),(2413,'no','ca','Norwegian Bokmål'),(2414,'no','cs','Norwegian bokmål'),(2415,'no','sk','Nórsky jazyk Bokmål'),(2416,'no','cy','Norwegian Bokmål'),(2417,'no','da','Norwegian Bokmål'),(2418,'no','el','Νορβηγικά'),(2419,'no','eo','Norwegian Bokmål'),(2420,'no','et','Norwegian Bokmål'),(2421,'no','eu','Norwegian Bokmål'),(2422,'no','fa','Norwegian Bokmål'),(2423,'no','fi','Kirjanorja'),(2424,'no','ga','Norwegian Bokmål'),(2425,'no','he','נורווגית'),(2426,'no','hi','Norwegian Bokmål'),(2427,'no','hr','Književni norveški'),(2428,'no','hu','Norvég bokmål'),(2429,'no','hy','Norwegian Bokmål'),(2430,'no','id','Norwegian Bokmål'),(2431,'no','is','Norwegian Bokmål'),(2432,'no','it','Norvegese Bokmål'),(2433,'no','ja','ノルウェー・ブークモール'),(2434,'no','ko','노르웨이 보크말어'),(2435,'no','ku','Norwegian Bokmål'),(2436,'no','lv','Norwegian Bokmål'),(2437,'no','lt','Norwegian Bokmål'),(2438,'no','mk','Norwegian Bokmål'),(2439,'no','mt','Norwegian Bokmål'),(2440,'no','mn','Norwegian Bokmål'),(2441,'no','ne','Norwegian Bokmål'),(2442,'no','nl','Noors Bokmål'),(2443,'no','no','Norsk bokmål'),(2444,'no','pa','Norwegian Bokmål'),(2445,'no','pl','Norweski bokmål'),(2446,'no','pt-pt','Norueguês'),(2447,'no','pt-br','Norueguês'),(2448,'no','qu','Norwegian Bokmål'),(2449,'no','ro','Bokmål (norvegiană)'),(2450,'no','ru','Норвежский букмол'),(2451,'no','sl','Knjižna norveščina'),(2452,'no','so','Norwegian Bokmål'),(2453,'no','sq','Norwegian Bokmål'),(2454,'no','sr','Норвешки бокмал'),(2455,'no','sv','Norskt Bokmål'),(2456,'no','ta','Norwegian Bokmål'),(2457,'no','th','นอร์วิเจียนบอกมาล'),(2458,'no','tr','Bokmal Norveç dili'),(2459,'no','uk','Norwegian Bokmål'),(2460,'no','ur','Norwegian Bokmål'),(2461,'no','uz','Norwegian Bokmål'),(2462,'no','vi','Norwegian Bokmål'),(2463,'no','yi','Norwegian Bokmål'),(2464,'no','zh-hans','挪威布克莫尔语'),(2465,'no','zu','Norwegian Bokmål'),(2466,'no','zh-hant','挪威布克莫爾語'),(2467,'no','ms','Norwegian Bokmål'),(2468,'no','gl','Norwegian Bokmål'),(2469,'no','bn','Norwegian Bokmål'),(2470,'no','az','Norwegian Bokmål'),(2471,'pa','en','Punjabi'),(2472,'pa','es','Panyabí'),(2473,'pa','de','Pandschabi'),(2474,'pa','fr','Panjabi'),(2475,'pa','ar','البنجابية'),(2476,'pa','bs','Punjabi'),(2477,'pa','bg','Панджабски'),(2478,'pa','ca','Punjabi'),(2479,'pa','cs','Punjabi'),(2480,'pa','sk','Pandžábčina'),(2481,'pa','cy','Punjabi'),(2482,'pa','da','Punjabi'),(2483,'pa','el','Παντζάμπι'),(2484,'pa','eo','Punjabi'),(2485,'pa','et','Punjabi'),(2486,'pa','eu','Punjabi'),(2487,'pa','fa','Punjabi'),(2488,'pa','fi','Pandzabi'),(2489,'pa','ga','Punjabi'),(2490,'pa','he','פנג\'אבית'),(2491,'pa','hi','Punjabi'),(2492,'pa','hr','Pendžabljanin'),(2493,'pa','hu','Pandzsábi'),(2494,'pa','hy','Punjabi'),(2495,'pa','id','Punjabi'),(2496,'pa','is','Punjabi'),(2497,'pa','it','Panjabi'),(2498,'pa','ja','パンジャーブ語'),(2499,'pa','ko','펀자브어'),(2500,'pa','ku','Punjabi'),(2501,'pa','lv','Punjabi'),(2502,'pa','lt','Punjabi'),(2503,'pa','mk','Punjabi'),(2504,'pa','mt','Punjabi'),(2505,'pa','mn','Punjabi'),(2506,'pa','ne','Punjabi'),(2507,'pa','nl','Punjabi'),(2508,'pa','no','Punjabi'),(2509,'pa','pa','Punjabi'),(2510,'pa','pl','Pendżabi'),(2511,'pa','pt-pt','Panjabi'),(2512,'pa','pt-br','Panjabi'),(2513,'pa','qu','Punjabi'),(2514,'pa','ro','Punjabi'),(2515,'pa','ru','Панджаби'),(2516,'pa','sl','Pandžabščina'),(2517,'pa','so','Punjabi'),(2518,'pa','sq','Punjabi'),(2519,'pa','sr','панџаби'),(2520,'pa','sv','Punjabi'),(2521,'pa','ta','Punjabi'),(2522,'pa','th','ปัญจาบ'),(2523,'pa','tr','Pencapça'),(2524,'pa','uk','Punjabi'),(2525,'pa','ur','Punjabi'),(2526,'pa','uz','Punjabi'),(2527,'pa','vi','Punjabi'),(2528,'pa','yi','Punjabi'),(2529,'pa','zh-hans','旁遮普语'),(2530,'pa','zu','Punjabi'),(2531,'pa','zh-hant','旁遮普語'),(2532,'pa','ms','Punjabi'),(2533,'pa','gl','Punjabi'),(2534,'pa','bn','Punjabi'),(2535,'pa','az','Punjabi'),(2536,'pl','en','Polish'),(2537,'pl','es','Polaco'),(2538,'pl','de','Polnisch'),(2539,'pl','fr','Polonais'),(2540,'pl','ar','البولندية'),(2541,'pl','bs','Polish'),(2542,'pl','bg','Полски'),(2543,'pl','ca','Polish'),(2544,'pl','cs','Polský'),(2545,'pl','sk','Polština'),(2546,'pl','cy','Polish'),(2547,'pl','da','Polish'),(2548,'pl','el','Πολωνικά'),(2549,'pl','eo','Polish'),(2550,'pl','et','Polish'),(2551,'pl','eu','Polish'),(2552,'pl','fa','Polish'),(2553,'pl','fi','Puola'),(2554,'pl','ga','Polish'),(2555,'pl','he','פולנית'),(2556,'pl','hi','Polish'),(2557,'pl','hr','Poljski'),(2558,'pl','hu','Lengyel'),(2559,'pl','hy','Polish'),(2560,'pl','id','Polish'),(2561,'pl','is','Polish'),(2562,'pl','it','Polacco'),(2563,'pl','ja','ポーランド語'),(2564,'pl','ko','폴란드어'),(2565,'pl','ku','Polish'),(2566,'pl','lv','Polish'),(2567,'pl','lt','Polish'),(2568,'pl','mk','Polish'),(2569,'pl','mt','Polish'),(2570,'pl','mn','Polish'),(2571,'pl','ne','Polish'),(2572,'pl','nl','Pools'),(2573,'pl','no','Polsk'),(2574,'pl','pa','Polish'),(2575,'pl','pl','Polski'),(2576,'pl','pt-pt','Polonês'),(2577,'pl','pt-br','Polonês'),(2578,'pl','qu','Polish'),(2579,'pl','ro','Poloneză'),(2580,'pl','ru','Польский'),(2581,'pl','sl','Poljski'),(2582,'pl','so','Polish'),(2583,'pl','sq','Polish'),(2584,'pl','sr','пољски'),(2585,'pl','sv','Polska'),(2586,'pl','ta','Polish'),(2587,'pl','th','โปแลนด์'),(2588,'pl','tr','Polonyaca'),(2589,'pl','uk','Polish'),(2590,'pl','ur','Polish'),(2591,'pl','uz','Polish'),(2592,'pl','vi','Polish'),(2593,'pl','yi','Polish'),(2594,'pl','zh-hans','波兰语'),(2595,'pl','zu','Polish'),(2596,'pl','zh-hant','波蘭語'),(2597,'pl','ms','Polish'),(2598,'pl','gl','Polish'),(2599,'pl','bn','Polish'),(2600,'pl','az','Polish'),(2601,'pt-pt','en','Portuguese (Portugal)'),(2602,'pt-pt','es','Portugués, Portugal'),(2603,'pt-pt','de','Portugiesisch, Portugal'),(2604,'pt-pt','fr','Portugais - du Portugal'),(2605,'pt-pt','ar','البرتغالية ، البرتغال'),(2606,'pt-pt','bs','Portuguese, Portugal'),(2607,'pt-pt','bg','Португалски (Португалия)'),(2608,'pt-pt','ca','Portuguese, Portugal'),(2609,'pt-pt','cs','Portugalština ( Portugalsko)'),(2610,'pt-pt','sk','Portugalština'),(2611,'pt-pt','cy','Portuguese, Portugal'),(2612,'pt-pt','da','Portuguese, Portugal'),(2613,'pt-pt','el','Πορτογαλικά'),(2614,'pt-pt','eo','Portuguese, Portugal'),(2615,'pt-pt','et','Portuguese, Portugal'),(2616,'pt-pt','eu','Portuguese, Portugal'),(2617,'pt-pt','fa','Portuguese, Portugal'),(2618,'pt-pt','fi','Portugali'),(2619,'pt-pt','ga','Portuguese, Portugal'),(2620,'pt-pt','he','פורטוגזית'),(2621,'pt-pt','hi','Portuguese, Portugal'),(2622,'pt-pt','hr','Portugalski (Portugal)'),(2623,'pt-pt','hu','Portugál'),(2624,'pt-pt','hy','Portuguese, Portugal'),(2625,'pt-pt','id','Portuguese, Portugal'),(2626,'pt-pt','is','Portuguese, Portugal'),(2627,'pt-pt','it','Portoghese, Portogallo'),(2628,'pt-pt','ja','ポルトガル語'),(2629,'pt-pt','ko','포르투갈 포르투갈어'),(2630,'pt-pt','ku','Portuguese, Portugal'),(2631,'pt-pt','lv','Portuguese, Portugal'),(2632,'pt-pt','lt','Portuguese, Portugal'),(2633,'pt-pt','mk','Portuguese, Portugal'),(2634,'pt-pt','mt','Portuguese, Portugal'),(2635,'pt-pt','mn','Portuguese, Portugal'),(2636,'pt-pt','ne','Portuguese, Portugal'),(2637,'pt-pt','nl','Portugees, Portugal'),(2638,'pt-pt','no','Portugisisk (Portugal)'),(2639,'pt-pt','pa','Portuguese, Portugal'),(2640,'pt-pt','pl','Portugalski, Portugalia'),(2641,'pt-pt','pt-pt','Português'),(2642,'pt-pt','pt-br','Português'),(2643,'pt-pt','qu','Portuguese, Portugal'),(2644,'pt-pt','ro','Portugheză (Portugalia)'),(2645,'pt-pt','ru','Португальский, Португалия'),(2646,'pt-pt','sl','Portugalščina ( Portugalska )'),(2647,'pt-pt','so','Portuguese, Portugal'),(2648,'pt-pt','sq','Portuguese, Portugal'),(2649,'pt-pt','sr','Португалски (Португалија)'),(2650,'pt-pt','sv','Portugisiska, Portugal'),(2651,'pt-pt','ta','Portuguese, Portugal'),(2652,'pt-pt','th','โปรตุเกส'),(2653,'pt-pt','tr','Portekizce, Portekiz'),(2654,'pt-pt','uk','Portuguese, Portugal'),(2655,'pt-pt','ur','Portuguese, Portugal'),(2656,'pt-pt','uz','Portuguese, Portugal'),(2657,'pt-pt','vi','Portuguese, Portugal'),(2658,'pt-pt','yi','Portuguese, Portugal'),(2659,'pt-pt','zh-hans','葡萄牙语（葡萄牙）'),(2660,'pt-pt','zu','Portuguese, Portugal'),(2661,'pt-pt','zh-hant','葡萄牙語（葡萄牙）'),(2662,'pt-pt','ms','Portuguese, Portugal'),(2663,'pt-pt','gl','Portuguese, Portugal'),(2664,'pt-pt','bn','Portuguese, Portugal'),(2665,'pt-pt','az','Portuguese, Portugal'),(2666,'pt-br','en','Portuguese (Brazil)'),(2667,'pt-br','es','Portugués, Brasil'),(2668,'pt-br','de','Portugiesisch, Brasilien'),(2669,'pt-br','fr','Portugais - du Brésil'),(2670,'pt-br','ar','البرتغالية ،البرازيل'),(2671,'pt-br','bs','Portuguese, Brazil'),(2672,'pt-br','bg','Португалски (Бразилия)'),(2673,'pt-br','ca','Portuguese, Brazil'),(2674,'pt-br','cs','Portugalština ( Brazílie)'),(2675,'pt-br','sk','Brazílska Portugalština'),(2676,'pt-br','cy','Portuguese, Brazil'),(2677,'pt-br','da','Portuguese, Brazil'),(2678,'pt-br','el','Πορτογαλικά Βραζιλίας'),(2679,'pt-br','eo','Portuguese, Brazil'),(2680,'pt-br','et','Portuguese, Brazil'),(2681,'pt-br','eu','Portuguese, Brazil'),(2682,'pt-br','fa','Portuguese, Brazil'),(2683,'pt-br','fi','Brasilian portugali'),(2684,'pt-br','ga','Portuguese, Brazil'),(2685,'pt-br','he','פורטוגזית - ברזיל'),(2686,'pt-br','hi','Portuguese, Brazil'),(2687,'pt-br','hr','Portugalski (Brazil)'),(2688,'pt-br','hu','Brazil'),(2689,'pt-br','hy','Portuguese, Brazil'),(2690,'pt-br','id','Portuguese, Brazil'),(2691,'pt-br','is','Portuguese, Brazil'),(2692,'pt-br','it','Portoghese, Brasile'),(2693,'pt-br','ja','ポルトガル語（ブラジル）'),(2694,'pt-br','ko','브라질 포르투갈어'),(2695,'pt-br','ku','Portuguese, Brazil'),(2696,'pt-br','lv','Portuguese, Brazil'),(2697,'pt-br','lt','Portuguese, Brazil'),(2698,'pt-br','mk','Portuguese, Brazil'),(2699,'pt-br','mt','Portuguese, Brazil'),(2700,'pt-br','mn','Portuguese, Brazil'),(2701,'pt-br','ne','Portuguese, Brazil'),(2702,'pt-br','nl','Portugees, Brazilië'),(2703,'pt-br','no','Portugisisk (Brasil)'),(2704,'pt-br','pa','Portuguese, Brazil'),(2705,'pt-br','pl','Portugalski, Brazylia'),(2706,'pt-br','pt-pt','Português'),(2707,'pt-br','pt-br','Português'),(2708,'pt-br','qu','Portuguese, Brazil'),(2709,'pt-br','ro','Portugheză (Brazilia)'),(2710,'pt-br','ru','Португальский, Бразилия'),(2711,'pt-br','sl','Portugalščina ( Brazilija )'),(2712,'pt-br','so','Portuguese, Brazil'),(2713,'pt-br','sq','Portuguese, Brazil'),(2714,'pt-br','sr','Португалски (Бразил)'),(2715,'pt-br','sv','Portugisiska, Brasilien'),(2716,'pt-br','ta','Portuguese, Brazil'),(2717,'pt-br','th','โปรตุเกสบราซิล'),(2718,'pt-br','tr','Portekizce, Brezilya'),(2719,'pt-br','uk','Portuguese, Brazil'),(2720,'pt-br','ur','Portuguese, Brazil'),(2721,'pt-br','uz','Portuguese, Brazil'),(2722,'pt-br','vi','Portuguese, Brazil'),(2723,'pt-br','yi','Portuguese, Brazil'),(2724,'pt-br','zh-hans','葡萄牙语（巴西）'),(2725,'pt-br','zu','Portuguese, Brazil'),(2726,'pt-br','zh-hant','葡萄牙語（巴西）'),(2727,'pt-br','ms','Portuguese, Brazil'),(2728,'pt-br','gl','Portuguese, Brazil'),(2729,'pt-br','bn','Portuguese, Brazil'),(2730,'pt-br','az','Portuguese, Brazil'),(2731,'qu','en','Quechua'),(2732,'qu','es','Quechua'),(2733,'qu','de','Quechua'),(2734,'qu','fr','Quechua'),(2735,'qu','ar','الكويتشوا'),(2736,'qu','bs','Quechua'),(2737,'qu','bg','Кечуа'),(2738,'qu','ca','Quechua'),(2739,'qu','cs','Quechua'),(2740,'qu','sk','Jazyk Quechua'),(2741,'qu','cy','Quechua'),(2742,'qu','da','Quechua'),(2743,'qu','el','Κέτσουα'),(2744,'qu','eo','Quechua'),(2745,'qu','et','Quechua'),(2746,'qu','eu','Quechua'),(2747,'qu','fa','Quechua'),(2748,'qu','fi','Ketsua'),(2749,'qu','ga','Quechua'),(2750,'qu','he','קצ\'ואה'),(2751,'qu','hi','Quechua'),(2752,'qu','hr','Quechua'),(2753,'qu','hu','Quechua'),(2754,'qu','hy','Quechua'),(2755,'qu','id','Quechua'),(2756,'qu','is','Quechua'),(2757,'qu','it','Quechua'),(2758,'qu','ja','ケチュア語'),(2759,'qu','ko','케추아어'),(2760,'qu','ku','Quechua'),(2761,'qu','lv','Quechua'),(2762,'qu','lt','Quechua'),(2763,'qu','mk','Quechua'),(2764,'qu','mt','Quechua'),(2765,'qu','mn','Quechua'),(2766,'qu','ne','Quechua'),(2767,'qu','nl','Quechua'),(2768,'qu','no','Quechua'),(2769,'qu','pa','Quechua'),(2770,'qu','pl','Keczua'),(2771,'qu','pt-pt','Quechua'),(2772,'qu','pt-br','Quechua'),(2773,'qu','qu','Quechua'),(2774,'qu','ro','Quechuană'),(2775,'qu','ru','Кечуа'),(2776,'qu','sl','Quechua'),(2777,'qu','so','Quechua'),(2778,'qu','sq','Quechua'),(2779,'qu','sr','Кечуа'),(2780,'qu','sv','Quechua'),(2781,'qu','ta','Quechua'),(2782,'qu','th','คิวชัว'),(2783,'qu','tr','Quechua dili'),(2784,'qu','uk','Quechua'),(2785,'qu','ur','Quechua'),(2786,'qu','uz','Quechua'),(2787,'qu','vi','Quechua'),(2788,'qu','yi','Quechua'),(2789,'qu','zh-hans','盖丘亚语'),(2790,'qu','zu','Quechua'),(2791,'qu','zh-hant','蓋丘亞語'),(2792,'qu','ms','Quechua'),(2793,'qu','gl','Quechua'),(2794,'qu','bn','Quechua'),(2795,'qu','az','Quechua'),(2796,'ro','en','Romanian'),(2797,'ro','es','Rumano'),(2798,'ro','de','Rumänisch'),(2799,'ro','fr','Roumain'),(2800,'ro','ar','الرومانية'),(2801,'ro','bs','Romanian'),(2802,'ro','bg','Румънски'),(2803,'ro','ca','Romanian'),(2804,'ro','cs','Rumunština'),(2805,'ro','sk','Rumunčina'),(2806,'ro','cy','Romanian'),(2807,'ro','da','Romanian'),(2808,'ro','el','Ρουμανικά'),(2809,'ro','eo','Romanian'),(2810,'ro','et','Romanian'),(2811,'ro','eu','Romanian'),(2812,'ro','fa','Romanian'),(2813,'ro','fi','Romania'),(2814,'ro','ga','Romanian'),(2815,'ro','he','רומנית'),(2816,'ro','hi','Romanian'),(2817,'ro','hr','Rumunjski'),(2818,'ro','hu','Román'),(2819,'ro','hy','Romanian'),(2820,'ro','id','Romanian'),(2821,'ro','is','Romanian'),(2822,'ro','it','Rumeno'),(2823,'ro','ja','ルーマニア語'),(2824,'ro','ko','로마니아어'),(2825,'ro','ku','Romanian'),(2826,'ro','lv','Romanian'),(2827,'ro','lt','Romanian'),(2828,'ro','mk','Romanian'),(2829,'ro','mt','Romanian'),(2830,'ro','mn','Romanian'),(2831,'ro','ne','Romanian'),(2832,'ro','nl','Roemeens'),(2833,'ro','no','Rumensk'),(2834,'ro','pa','Romanian'),(2835,'ro','pl','Rumuński'),(2836,'ro','pt-pt','Romeno'),(2837,'ro','pt-br','Romeno'),(2838,'ro','qu','Romanian'),(2839,'ro','ro','Română'),(2840,'ro','ru','Румынский'),(2841,'ro','sl','Romunščina'),(2842,'ro','so','Romanian'),(2843,'ro','sq','Romanian'),(2844,'ro','sr','румунски'),(2845,'ro','sv','Rumänska'),(2846,'ro','ta','Romanian'),(2847,'ro','th','โรมาเนีย'),(2848,'ro','tr','Rumence'),(2849,'ro','uk','Romanian'),(2850,'ro','ur','Romanian'),(2851,'ro','uz','Romanian'),(2852,'ro','vi','Romanian'),(2853,'ro','yi','Romanian'),(2854,'ro','zh-hans','罗马尼亚语'),(2855,'ro','zu','Romanian'),(2856,'ro','zh-hant','羅馬尼亞語'),(2857,'ro','ms','Romanian'),(2858,'ro','gl','Romanian'),(2859,'ro','bn','Romanian'),(2860,'ro','az','Romanian'),(2861,'ru','en','Russian'),(2862,'ru','es','Ruso'),(2863,'ru','de','Russisch'),(2864,'ru','fr','Russe'),(2865,'ru','ar','الروسية'),(2866,'ru','bs','Russian'),(2867,'ru','bg','Руски'),(2868,'ru','ca','Russian'),(2869,'ru','cs','Ruský'),(2870,'ru','sk','Ruština'),(2871,'ru','cy','Russian'),(2872,'ru','da','Russian'),(2873,'ru','el','Ρωσικά'),(2874,'ru','eo','Russian'),(2875,'ru','et','Russian'),(2876,'ru','eu','Russian'),(2877,'ru','fa','Russian'),(2878,'ru','fi','Venäjä'),(2879,'ru','ga','Russian'),(2880,'ru','he','רוסית'),(2881,'ru','hi','Russian'),(2882,'ru','hr','Ruski'),(2883,'ru','hu','Orosz'),(2884,'ru','hy','Russian'),(2885,'ru','id','Russian'),(2886,'ru','is','Russian'),(2887,'ru','it','Russo'),(2888,'ru','ja','ロシア語'),(2889,'ru','ko','러시아어'),(2890,'ru','ku','Russian'),(2891,'ru','lv','Russian'),(2892,'ru','lt','Russian'),(2893,'ru','mk','Russian'),(2894,'ru','mt','Russian'),(2895,'ru','mn','Russian'),(2896,'ru','ne','Russian'),(2897,'ru','nl','Russisch'),(2898,'ru','no','Russisk'),(2899,'ru','pa','Russian'),(2900,'ru','pl','Rosyjski'),(2901,'ru','pt-pt','Russo'),(2902,'ru','pt-br','Russo'),(2903,'ru','qu','Russian'),(2904,'ru','ro','Rusă'),(2905,'ru','ru','Русский'),(2906,'ru','sl','Ruščina'),(2907,'ru','so','Russian'),(2908,'ru','sq','Russian'),(2909,'ru','sr','руски'),(2910,'ru','sv','Ryska'),(2911,'ru','ta','Russian'),(2912,'ru','th','รัสเซีย'),(2913,'ru','tr','Rusça'),(2914,'ru','uk','Russian'),(2915,'ru','ur','Russian'),(2916,'ru','uz','Russian'),(2917,'ru','vi','Russian'),(2918,'ru','yi','Russian'),(2919,'ru','zh-hans','俄语'),(2920,'ru','zu','Russian'),(2921,'ru','zh-hant','俄語'),(2922,'ru','ms','Russian'),(2923,'ru','gl','Russian'),(2924,'ru','bn','Russian'),(2925,'ru','az','Russian'),(2926,'sl','en','Slovenian'),(2927,'sl','es','Esloveno'),(2928,'sl','de','Slowenisch'),(2929,'sl','fr','Slovène'),(2930,'sl','ar','السلوفانية'),(2931,'sl','bs','Slovenian'),(2932,'sl','bg','Словенски'),(2933,'sl','ca','Slovenian'),(2934,'sl','cs','Slovinština'),(2935,'sl','sk','Slovinčina'),(2936,'sl','cy','Slovenian'),(2937,'sl','da','Slovenian'),(2938,'sl','el','Σλοβενικά'),(2939,'sl','eo','Slovenian'),(2940,'sl','et','Slovenian'),(2941,'sl','eu','Slovenian'),(2942,'sl','fa','Slovenian'),(2943,'sl','fi','Sloveeni'),(2944,'sl','ga','Slovenian'),(2945,'sl','he','סלובנית'),(2946,'sl','hi','Slovenian'),(2947,'sl','hr','Slovenski'),(2948,'sl','hu','Szlovén'),(2949,'sl','hy','Slovenian'),(2950,'sl','id','Slovenian'),(2951,'sl','is','Slovenian'),(2952,'sl','it','Sloveno'),(2953,'sl','ja','スロベニア語'),(2954,'sl','ko','슬로베니아어'),(2955,'sl','ku','Slovenian'),(2956,'sl','lv','Slovenian'),(2957,'sl','lt','Slovenian'),(2958,'sl','mk','Slovenian'),(2959,'sl','mt','Slovenian'),(2960,'sl','mn','Slovenian'),(2961,'sl','ne','Slovenian'),(2962,'sl','nl','Sloveens'),(2963,'sl','no','Slovensk'),(2964,'sl','pa','Slovenian'),(2965,'sl','pl','Słoweński'),(2966,'sl','pt-pt','Esloveno'),(2967,'sl','pt-br','Esloveno'),(2968,'sl','qu','Slovenian'),(2969,'sl','ro','Slovenă'),(2970,'sl','ru','Словенский'),(2971,'sl','sl','Slovenščina'),(2972,'sl','so','Slovenian'),(2973,'sl','sq','Slovenian'),(2974,'sl','sr','словеначки'),(2975,'sl','sv','Slovenska'),(2976,'sl','ta','Slovenian'),(2977,'sl','th','สโลวีเนียน'),(2978,'sl','tr','Sloven dili'),(2979,'sl','uk','Slovenian'),(2980,'sl','ur','Slovenian'),(2981,'sl','uz','Slovenian'),(2982,'sl','vi','Slovenian'),(2983,'sl','yi','Slovenian'),(2984,'sl','zh-hans','斯洛文尼亚语'),(2985,'sl','zu','Slovenian'),(2986,'sl','zh-hant','斯洛文尼亞語'),(2987,'sl','ms','Slovenian'),(2988,'sl','gl','Slovenian'),(2989,'sl','bn','Slovenian'),(2990,'sl','az','Slovenian'),(2991,'so','en','Somali'),(2992,'so','es','Somalí'),(2993,'so','de','Somali'),(2994,'so','fr','Somali'),(2995,'so','ar','الصومالية'),(2996,'so','bs','Somali'),(2997,'so','bg','Сомалийски'),(2998,'so','ca','Somali'),(2999,'so','cs','Somali'),(3000,'so','sk','Somálčina'),(3001,'so','cy','Somali'),(3002,'so','da','Somali'),(3003,'so','el','Σομαλικά'),(3004,'so','eo','Somali'),(3005,'so','et','Somali'),(3006,'so','eu','Somali'),(3007,'so','fa','Somali'),(3008,'so','fi','Somali'),(3009,'so','ga','Somali'),(3010,'so','he','סומלית'),(3011,'so','hi','Somali'),(3012,'so','hr','Somalski'),(3013,'so','hu','Szomáli'),(3014,'so','hy','Somali'),(3015,'so','id','Somali'),(3016,'so','is','Somali'),(3017,'so','it','Somalo'),(3018,'so','ja','ソマリ語'),(3019,'so','ko','소말리아어'),(3020,'so','ku','Somali'),(3021,'so','lv','Somali'),(3022,'so','lt','Somali'),(3023,'so','mk','Somali'),(3024,'so','mt','Somali'),(3025,'so','mn','Somali'),(3026,'so','ne','Somali'),(3027,'so','nl','Somalisch'),(3028,'so','no','Somali'),(3029,'so','pa','Somali'),(3030,'so','pl','Somalijski'),(3031,'so','pt-pt','Somali'),(3032,'so','pt-br','Somali'),(3033,'so','qu','Somali'),(3034,'so','ro','Somaleză'),(3035,'so','ru','Сомалийский'),(3036,'so','sl','Somalski'),(3037,'so','so','Somali'),(3038,'so','sq','Somali'),(3039,'so','sr','Сомалијски'),(3040,'so','sv','Somaliska'),(3041,'so','ta','Somali'),(3042,'so','th','โซมาลี'),(3043,'so','tr','Somalice'),(3044,'so','uk','Somali'),(3045,'so','ur','Somali'),(3046,'so','uz','Somali'),(3047,'so','vi','Somali'),(3048,'so','yi','Somali'),(3049,'so','zh-hans','索马里语'),(3050,'so','zu','Somali'),(3051,'so','zh-hant','索馬里語'),(3052,'so','ms','Somali'),(3053,'so','gl','Somali'),(3054,'so','bn','Somali'),(3055,'so','az','Somali'),(3056,'sq','en','Albanian'),(3057,'sq','es','Albanés'),(3058,'sq','de','Albanisch'),(3059,'sq','fr','Albanais'),(3060,'sq','ar','الألبانية'),(3061,'sq','bs','Albanian'),(3062,'sq','bg','Албански'),(3063,'sq','ca','Albanian'),(3064,'sq','cs','Albánský'),(3065,'sq','sk','Albánčina'),(3066,'sq','cy','Albanian'),(3067,'sq','da','Albanian'),(3068,'sq','el','Αλβανικά'),(3069,'sq','eo','Albanian'),(3070,'sq','et','Albanian'),(3071,'sq','eu','Albanian'),(3072,'sq','fa','Albanian'),(3073,'sq','fi','Albania'),(3074,'sq','ga','Albanian'),(3075,'sq','he','אלבנית'),(3076,'sq','hi','Albanian'),(3077,'sq','hr','Albanski'),(3078,'sq','hu','Albán'),(3079,'sq','hy','Albanian'),(3080,'sq','id','Albanian'),(3081,'sq','is','Albanian'),(3082,'sq','it','Albanese'),(3083,'sq','ja','アルバニア語'),(3084,'sq','ko','알바니아어'),(3085,'sq','ku','Albanian'),(3086,'sq','lv','Albanian'),(3087,'sq','lt','Albanian'),(3088,'sq','mk','Albanian'),(3089,'sq','mt','Albanian'),(3090,'sq','mn','Albanian'),(3091,'sq','ne','Albanian'),(3092,'sq','nl','Albaans'),(3093,'sq','no','Albansk'),(3094,'sq','pa','Albanian'),(3095,'sq','pl','Albański'),(3096,'sq','pt-pt','Albanês'),(3097,'sq','pt-br','Albanês'),(3098,'sq','qu','Albanian'),(3099,'sq','ro','Albaneză'),(3100,'sq','ru','Албанский'),(3101,'sq','sl','Albanski'),(3102,'sq','so','Albanian'),(3103,'sq','sq','Albanian'),(3104,'sq','sr','албански'),(3105,'sq','sv','Albanska'),(3106,'sq','ta','Albanian'),(3107,'sq','th','อัลเบเนีย'),(3108,'sq','tr','Arnavutça'),(3109,'sq','uk','Albanian'),(3110,'sq','ur','Albanian'),(3111,'sq','uz','Albanian'),(3112,'sq','vi','Albanian'),(3113,'sq','yi','Albanian'),(3114,'sq','zh-hans','阿尔巴尼亚语'),(3115,'sq','zu','Albanian'),(3116,'sq','zh-hant','阿爾巴尼亞語'),(3117,'sq','ms','Albanian'),(3118,'sq','gl','Albanian'),(3119,'sq','bn','Albanian'),(3120,'sq','az','Albanian'),(3121,'sr','en','Serbian'),(3122,'sr','es','Serbio'),(3123,'sr','de','Serbisch'),(3124,'sr','fr','Serbe'),(3125,'sr','ar','الصربية'),(3126,'sr','bs','Serbian'),(3127,'sr','bg','Сръбски'),(3128,'sr','ca','Serbian'),(3129,'sr','cs','Srbský'),(3130,'sr','sk','Srbština'),(3131,'sr','cy','Serbian'),(3132,'sr','da','Serbian'),(3133,'sr','el','Σερβικά'),(3134,'sr','eo','Serbian'),(3135,'sr','et','Serbian'),(3136,'sr','eu','Serbian'),(3137,'sr','fa','Serbian'),(3138,'sr','fi','Serbia'),(3139,'sr','ga','Serbian'),(3140,'sr','he','סרבית'),(3141,'sr','hi','Serbian'),(3142,'sr','hr','Srpski'),(3143,'sr','hu','Szerb'),(3144,'sr','hy','Serbian'),(3145,'sr','id','Serbian'),(3146,'sr','is','Serbian'),(3147,'sr','it','Serbo'),(3148,'sr','ja','セルビア語'),(3149,'sr','ko','세르비아어'),(3150,'sr','ku','Serbian'),(3151,'sr','lv','Serbian'),(3152,'sr','lt','Serbian'),(3153,'sr','mk','Serbian'),(3154,'sr','mt','Serbian'),(3155,'sr','mn','Serbian'),(3156,'sr','ne','Serbian'),(3157,'sr','nl','Servisch'),(3158,'sr','no','Serbisk'),(3159,'sr','pa','Serbian'),(3160,'sr','pl','Serbski'),(3161,'sr','pt-pt','Sérvio'),(3162,'sr','pt-br','Sérvio'),(3163,'sr','qu','Serbian'),(3164,'sr','ro','Sârbă'),(3165,'sr','ru','Сербский'),(3166,'sr','sl','Srbski'),(3167,'sr','so','Serbian'),(3168,'sr','sq','Serbian'),(3169,'sr','sr','српски'),(3170,'sr','sv','Serbiska'),(3171,'sr','ta','Serbian'),(3172,'sr','th','เซอร์เบีย'),(3173,'sr','tr','Sırpça'),(3174,'sr','uk','Serbian'),(3175,'sr','ur','Serbian'),(3176,'sr','uz','Serbian'),(3177,'sr','vi','Serbian'),(3178,'sr','yi','Serbian'),(3179,'sr','zh-hans','赛尔维亚语'),(3180,'sr','zu','Serbian'),(3181,'sr','zh-hant','賽爾維亞語'),(3182,'sr','ms','Serbian'),(3183,'sr','gl','Serbian'),(3184,'sr','bn','Serbian'),(3185,'sr','az','Serbian'),(3186,'sv','en','Swedish'),(3187,'sv','es','Sueco'),(3188,'sv','de','Schwedisch'),(3189,'sv','fr','Suédois'),(3190,'sv','ar','السويدية'),(3191,'sv','bs','Swedish'),(3192,'sv','bg','Шведски'),(3193,'sv','ca','Swedish'),(3194,'sv','cs','Švédský'),(3195,'sv','sk','Švédština'),(3196,'sv','cy','Swedish'),(3197,'sv','da','Swedish'),(3198,'sv','el','Σουηδικά'),(3199,'sv','eo','Swedish'),(3200,'sv','et','Swedish'),(3201,'sv','eu','Swedish'),(3202,'sv','fa','Swedish'),(3203,'sv','fi','Ruotsi'),(3204,'sv','ga','Swedish'),(3205,'sv','he','שוודית'),(3206,'sv','hi','Swedish'),(3207,'sv','hr','švedski'),(3208,'sv','hu','Svéd'),(3209,'sv','hy','Swedish'),(3210,'sv','id','Swedish'),(3211,'sv','is','Swedish'),(3212,'sv','it','Svedese'),(3213,'sv','ja','スウェーデン語'),(3214,'sv','ko','스웨덴어'),(3215,'sv','ku','Swedish'),(3216,'sv','lv','Swedish'),(3217,'sv','lt','Swedish'),(3218,'sv','mk','Swedish'),(3219,'sv','mt','Swedish'),(3220,'sv','mn','Swedish'),(3221,'sv','ne','Swedish'),(3222,'sv','nl','Zweeds'),(3223,'sv','no','Swedish'),(3224,'sv','pa','Swedish'),(3225,'sv','pl','Szwedzki'),(3226,'sv','pt-pt','Sueco'),(3227,'sv','pt-br','Sueco'),(3228,'sv','qu','Swedish'),(3229,'sv','ro','Suedeză'),(3230,'sv','ru','Шведский'),(3231,'sv','sl','Švedščina'),(3232,'sv','so','Swedish'),(3233,'sv','sq','Swedish'),(3234,'sv','sr','шведски'),(3235,'sv','sv','Svenska'),(3236,'sv','ta','Swedish'),(3237,'sv','th','สวีเดน'),(3238,'sv','tr','İsveççe'),(3239,'sv','uk','Swedish'),(3240,'sv','ur','Swedish'),(3241,'sv','uz','Swedish'),(3242,'sv','vi','Swedish'),(3243,'sv','yi','Swedish'),(3244,'sv','zh-hans','瑞典语'),(3245,'sv','zu','Swedish'),(3246,'sv','zh-hant','瑞典語'),(3247,'sv','ms','Swedish'),(3248,'sv','gl','Swedish'),(3249,'sv','bn','Swedish'),(3250,'sv','az','Swedish'),(3251,'ta','en','Tamil'),(3252,'ta','es','Tamil'),(3253,'ta','de','Tamil'),(3254,'ta','fr','Tamoul'),(3255,'ta','ar','التاميلية'),(3256,'ta','bs','Tamil'),(3257,'ta','bg','Тамилски'),(3258,'ta','ca','Tamil'),(3259,'ta','cs','Tamil'),(3260,'ta','sk','Tamilčina'),(3261,'ta','cy','Tamil'),(3262,'ta','da','Tamil'),(3263,'ta','el','Ταμίλ'),(3264,'ta','eo','Tamil'),(3265,'ta','et','Tamil'),(3266,'ta','eu','Tamil'),(3267,'ta','fa','Tamil'),(3268,'ta','fi','Tamili'),(3269,'ta','ga','Tamil'),(3270,'ta','he','טמילית'),(3271,'ta','hi','Tamil'),(3272,'ta','hr','Tamil'),(3273,'ta','hu','Tamil'),(3274,'ta','hy','Tamil'),(3275,'ta','id','Tamil'),(3276,'ta','is','Tamil'),(3277,'ta','it','Tamil'),(3278,'ta','ja','タミル語'),(3279,'ta','ko','타밀어'),(3280,'ta','ku','Tamil'),(3281,'ta','lv','Tamil'),(3282,'ta','lt','Tamil'),(3283,'ta','mk','Tamil'),(3284,'ta','mt','Tamil'),(3285,'ta','mn','Tamil'),(3286,'ta','ne','Tamil'),(3287,'ta','nl','Tamil'),(3288,'ta','no','Tamil'),(3289,'ta','pa','Tamil'),(3290,'ta','pl','Tamilski'),(3291,'ta','pt-pt','Tamil'),(3292,'ta','pt-br','Tamil'),(3293,'ta','qu','Tamil'),(3294,'ta','ro','Tamilă'),(3295,'ta','ru','Тамильский'),(3296,'ta','sl','Tamilščina'),(3297,'ta','so','Tamil'),(3298,'ta','sq','Tamil'),(3299,'ta','sr','тамилски'),(3300,'ta','sv','Tamil'),(3301,'ta','ta','Tamil'),(3302,'ta','th','ทมิฬ'),(3303,'ta','tr','Tamil dili'),(3304,'ta','uk','Tamil'),(3305,'ta','ur','Tamil'),(3306,'ta','uz','Tamil'),(3307,'ta','vi','Tamil'),(3308,'ta','yi','Tamil'),(3309,'ta','zh-hans','泰米尔语'),(3310,'ta','zu','Tamil'),(3311,'ta','zh-hant','泰米爾語'),(3312,'ta','ms','Tamil'),(3313,'ta','gl','Tamil'),(3314,'ta','bn','Tamil'),(3315,'ta','az','Tamil'),(3316,'th','en','Thai'),(3317,'th','es','Tailandés'),(3318,'th','de','Thai'),(3319,'th','fr','Thaï'),(3320,'th','ar','التايلندية'),(3321,'th','bs','Thai'),(3322,'th','bg','Тайски'),(3323,'th','ca','Thai'),(3324,'th','cs','Thai'),(3325,'th','sk','Thajština'),(3326,'th','cy','Thai'),(3327,'th','da','Thai'),(3328,'th','el','Ταϊλανδέζικα'),(3329,'th','eo','Thai'),(3330,'th','et','Thai'),(3331,'th','eu','Thai'),(3332,'th','fa','Thai'),(3333,'th','fi','Thai'),(3334,'th','ga','Thai'),(3335,'th','he','תאילנדית'),(3336,'th','hi','Thai'),(3337,'th','hr','Thai'),(3338,'th','hu','Tájföldi'),(3339,'th','hy','Thai'),(3340,'th','id','Thai'),(3341,'th','is','Thai'),(3342,'th','it','Thai'),(3343,'th','ja','タイ語'),(3344,'th','ko','태국어'),(3345,'th','ku','Thai'),(3346,'th','lv','Thai'),(3347,'th','lt','Thai'),(3348,'th','mk','Thai'),(3349,'th','mt','Thai'),(3350,'th','mn','Thai'),(3351,'th','ne','Thai'),(3352,'th','nl','Thai'),(3353,'th','no','Thai'),(3354,'th','pa','Thai'),(3355,'th','pl','Tajski'),(3356,'th','pt-pt','Tailandês'),(3357,'th','pt-br','Tailandês'),(3358,'th','qu','Thai'),(3359,'th','ro','Tailandeză'),(3360,'th','ru','Тайский'),(3361,'th','sl','Tajski'),(3362,'th','so','Thai'),(3363,'th','sq','Thai'),(3364,'th','sr','Тајландски'),(3365,'th','sv','Thailändska'),(3366,'th','ta','Thai'),(3367,'th','th','ไทย'),(3368,'th','tr','Tayca'),(3369,'th','uk','Thai'),(3370,'th','ur','Thai'),(3371,'th','uz','Thai'),(3372,'th','vi','Thai'),(3373,'th','yi','Thai'),(3374,'th','zh-hans','泰语'),(3375,'th','zu','Thai'),(3376,'th','zh-hant','泰語'),(3377,'th','ms','Thai'),(3378,'th','gl','Thai'),(3379,'th','bn','Thai'),(3380,'th','az','Thai'),(3381,'tr','en','Turkish'),(3382,'tr','es','Turco'),(3383,'tr','de','Türkisch'),(3384,'tr','fr','Turc'),(3385,'tr','ar','التركية'),(3386,'tr','bs','Turkish'),(3387,'tr','bg','Турски'),(3388,'tr','ca','Turkish'),(3389,'tr','cs','Turečtina'),(3390,'tr','sk','Turečtina'),(3391,'tr','cy','Turkish'),(3392,'tr','da','Turkish'),(3393,'tr','el','Τουρκικά'),(3394,'tr','eo','Turkish'),(3395,'tr','et','Turkish'),(3396,'tr','eu','Turkish'),(3397,'tr','fa','Turkish'),(3398,'tr','fi','Turkki'),(3399,'tr','ga','Turkish'),(3400,'tr','he','תורכית'),(3401,'tr','hi','Turkish'),(3402,'tr','hr','Turski'),(3403,'tr','hu','Török'),(3404,'tr','hy','Turkish'),(3405,'tr','id','Turkish'),(3406,'tr','is','Turkish'),(3407,'tr','it','Turco'),(3408,'tr','ja','トルコ語'),(3409,'tr','ko','터어키어'),(3410,'tr','ku','Turkish'),(3411,'tr','lv','Turkish'),(3412,'tr','lt','Turkish'),(3413,'tr','mk','Turkish'),(3414,'tr','mt','Turkish'),(3415,'tr','mn','Turkish'),(3416,'tr','ne','Turkish'),(3417,'tr','nl','Turks'),(3418,'tr','no','Turkish'),(3419,'tr','pa','Turkish'),(3420,'tr','pl','Turecki'),(3421,'tr','pt-pt','Turco'),(3422,'tr','pt-br','Turco'),(3423,'tr','qu','Turkish'),(3424,'tr','ro','Turcă'),(3425,'tr','ru','Турецкий'),(3426,'tr','sl','Turščina'),(3427,'tr','so','Turkish'),(3428,'tr','sq','Turkish'),(3429,'tr','sr','турски'),(3430,'tr','sv','Turkiska'),(3431,'tr','ta','Turkish'),(3432,'tr','th','ตุรกี'),(3433,'tr','tr','Türkçe'),(3434,'tr','uk','Turkish'),(3435,'tr','ur','Turkish'),(3436,'tr','uz','Turkish'),(3437,'tr','vi','Turkish'),(3438,'tr','yi','Turkish'),(3439,'tr','zh-hans','土耳其语'),(3440,'tr','zu','Turkish'),(3441,'tr','zh-hant','土耳其語'),(3442,'tr','ms','Turkish'),(3443,'tr','gl','Turkish'),(3444,'tr','bn','Turkish'),(3445,'tr','az','Turkish'),(3446,'uk','en','Ukrainian'),(3447,'uk','es','Ucraniano'),(3448,'uk','de','Ukrainisch'),(3449,'uk','fr','Ukrainien'),(3450,'uk','ar','الأوكرانية'),(3451,'uk','bs','Ukrainian'),(3452,'uk','bg','Украински'),(3453,'uk','ca','Ukrainian'),(3454,'uk','cs','Ukrajinský'),(3455,'uk','sk','Ukrajinčina'),(3456,'uk','cy','Ukrainian'),(3457,'uk','da','Ukrainian'),(3458,'uk','el','Ουκρανικά'),(3459,'uk','eo','Ukrainian'),(3460,'uk','et','Ukrainian'),(3461,'uk','eu','Ukrainian'),(3462,'uk','fa','Ukrainian'),(3463,'uk','fi','Ukraina'),(3464,'uk','ga','Ukrainian'),(3465,'uk','he','אוקראינית'),(3466,'uk','hi','Ukrainian'),(3467,'uk','hr','Ukrajinski'),(3468,'uk','hu','Ukrán'),(3469,'uk','hy','Ukrainian'),(3470,'uk','id','Ukrainian'),(3471,'uk','is','Ukrainian'),(3472,'uk','it','Ucraino'),(3473,'uk','ja','ウクライナ語'),(3474,'uk','ko','우크라이나어'),(3475,'uk','ku','Ukrainian'),(3476,'uk','lv','Ukrainian'),(3477,'uk','lt','Ukrainian'),(3478,'uk','mk','Ukrainian'),(3479,'uk','mt','Ukrainian'),(3480,'uk','mn','Ukrainian'),(3481,'uk','ne','Ukrainian'),(3482,'uk','nl','Oekraïens'),(3483,'uk','no','Ukrainsk'),(3484,'uk','pa','Ukrainian'),(3485,'uk','pl','Ukraiński'),(3486,'uk','pt-pt','Ucraniano'),(3487,'uk','pt-br','Ucraniano'),(3488,'uk','qu','Ukrainian'),(3489,'uk','ro','Ucrainiană'),(3490,'uk','ru','Украинский'),(3491,'uk','sl','Ukrajinski'),(3492,'uk','so','Ukrainian'),(3493,'uk','sq','Ukrainian'),(3494,'uk','sr','украјински'),(3495,'uk','sv','Ukrainska'),(3496,'uk','ta','Ukrainian'),(3497,'uk','th','ยูเครน'),(3498,'uk','tr','Ukraynaca'),(3499,'uk','uk','Українська'),(3500,'uk','ur','Ukrainian'),(3501,'uk','uz','Ukrainian'),(3502,'uk','vi','Ukrainian'),(3503,'uk','yi','Ukrainian'),(3504,'uk','zh-hans','乌克兰语'),(3505,'uk','zu','Ukrainian'),(3506,'uk','zh-hant','烏克蘭語'),(3507,'uk','ms','Ukrainian'),(3508,'uk','gl','Ukrainian'),(3509,'uk','bn','Ukrainian'),(3510,'uk','az','Ukrainian'),(3511,'ur','en','Urdu'),(3512,'ur','es','Urdu'),(3513,'ur','de','Urdu'),(3514,'ur','fr','Ourdu'),(3515,'ur','ar','الأردية'),(3516,'ur','bs','Urdu'),(3517,'ur','bg','Урду'),(3518,'ur','ca','Urdu'),(3519,'ur','cs','Urdu'),(3520,'ur','sk','Urdština'),(3521,'ur','cy','Urdu'),(3522,'ur','da','Urdu'),(3523,'ur','el','Ούρντου'),(3524,'ur','eo','Urdu'),(3525,'ur','et','Urdu'),(3526,'ur','eu','Urdu'),(3527,'ur','fa','Urdu'),(3528,'ur','fi','Urdu'),(3529,'ur','ga','Urdu'),(3530,'ur','he','אורדו'),(3531,'ur','hi','Urdu'),(3532,'ur','hr','Urdski'),(3533,'ur','hu','Urdu'),(3534,'ur','hy','Urdu'),(3535,'ur','id','Urdu'),(3536,'ur','is','Urdu'),(3537,'ur','it','Urdu'),(3538,'ur','ja','ウルドゥー語'),(3539,'ur','ko','우르두어'),(3540,'ur','ku','Urdu'),(3541,'ur','lv','Urdu'),(3542,'ur','lt','Urdu'),(3543,'ur','mk','Urdu'),(3544,'ur','mt','Urdu'),(3545,'ur','mn','Urdu'),(3546,'ur','ne','Urdu'),(3547,'ur','nl','Urdu'),(3548,'ur','no','Urdu'),(3549,'ur','pa','Urdu'),(3550,'ur','pl','Urdu'),(3551,'ur','pt-pt','Urdu'),(3552,'ur','pt-br','Urdu'),(3553,'ur','qu','Urdu'),(3554,'ur','ro','Urdu'),(3555,'ur','ru','Урду'),(3556,'ur','sl','Urdujščina'),(3557,'ur','so','Urdu'),(3558,'ur','sq','Urdu'),(3559,'ur','sr','урду'),(3560,'ur','sv','Urdu'),(3561,'ur','ta','Urdu'),(3562,'ur','th','อุรดู'),(3563,'ur','tr','Urduca'),(3564,'ur','uk','Urdu'),(3565,'ur','ur','اردو '),(3566,'ur','uz','Urdu'),(3567,'ur','vi','Urdu'),(3568,'ur','yi','Urdu'),(3569,'ur','zh-hans','乌尔都语'),(3570,'ur','zu','Urdu'),(3571,'ur','zh-hant','烏爾都語'),(3572,'ur','ms','Urdu'),(3573,'ur','gl','Urdu'),(3574,'ur','bn','Urdu'),(3575,'ur','az','Urdu'),(3576,'uz','en','Uzbek'),(3577,'uz','es','Uzbeko'),(3578,'uz','de','Usbekisch'),(3579,'uz','fr','Ouzbek'),(3580,'uz','ar','الاوزباكية'),(3581,'uz','bs','Uzbek'),(3582,'uz','bg','Узбекски'),(3583,'uz','ca','Uzbek'),(3584,'uz','cs','Uzbek'),(3585,'uz','sk','Uzbekčina'),(3586,'uz','cy','Uzbek'),(3587,'uz','da','Uzbek'),(3588,'uz','el','Ουζμπεκικά'),(3589,'uz','eo','Uzbek'),(3590,'uz','et','Uzbek'),(3591,'uz','eu','Uzbek'),(3592,'uz','fa','Uzbek'),(3593,'uz','fi','Uzbekki'),(3594,'uz','ga','Uzbek'),(3595,'uz','he','אוזבקית'),(3596,'uz','hi','Uzbek'),(3597,'uz','hr','Uzbečki'),(3598,'uz','hu','üzbég'),(3599,'uz','hy','Uzbek'),(3600,'uz','id','Uzbek'),(3601,'uz','is','Uzbek'),(3602,'uz','it','Uzbeco'),(3603,'uz','ja','ウズベク語'),(3604,'uz','ko','우즈베크어'),(3605,'uz','ku','Uzbek'),(3606,'uz','lv','Uzbek'),(3607,'uz','lt','Uzbek'),(3608,'uz','mk','Uzbek'),(3609,'uz','mt','Uzbek'),(3610,'uz','mn','Uzbek'),(3611,'uz','ne','Uzbek'),(3612,'uz','nl','Oezbeeks'),(3613,'uz','no','Usbekisk'),(3614,'uz','pa','Uzbek'),(3615,'uz','pl','Uzbecki'),(3616,'uz','pt-pt','Uzbeque'),(3617,'uz','pt-br','Uzbeque'),(3618,'uz','qu','Uzbek'),(3619,'uz','ro','Uzbecă'),(3620,'uz','ru','Узбекский'),(3621,'uz','sl','Uzbek'),(3622,'uz','so','Uzbek'),(3623,'uz','sq','Uzbek'),(3624,'uz','sr','Узбек'),(3625,'uz','sv','Uzbekiska'),(3626,'uz','ta','Uzbek'),(3627,'uz','th','อุซเบก'),(3628,'uz','tr','Özbekçe'),(3629,'uz','uk','Uzbek'),(3630,'uz','ur','Uzbek'),(3631,'uz','uz','Uzbek'),(3632,'uz','vi','Uzbek'),(3633,'uz','yi','Uzbek'),(3634,'uz','zh-hans','乌兹别克语'),(3635,'uz','zu','Uzbek'),(3636,'uz','zh-hant','烏茲別克語'),(3637,'uz','ms','Uzbek'),(3638,'uz','gl','Uzbek'),(3639,'uz','bn','Uzbek'),(3640,'uz','az','Uzbek'),(3641,'vi','en','Vietnamese'),(3642,'vi','es','Vietnamita'),(3643,'vi','de','Vietnamesisch'),(3644,'vi','fr','Vietnamien'),(3645,'vi','ar','الفيتنامية'),(3646,'vi','bs','Vietnamese'),(3647,'vi','bg','Виетнамски'),(3648,'vi','ca','Vietnamese'),(3649,'vi','cs','Vietnamský'),(3650,'vi','sk','Vietnamčina'),(3651,'vi','cy','Vietnamese'),(3652,'vi','da','Vietnamese'),(3653,'vi','el','Βιετναμέζικα'),(3654,'vi','eo','Vietnamese'),(3655,'vi','et','Vietnamese'),(3656,'vi','eu','Vietnamese'),(3657,'vi','fa','Vietnamese'),(3658,'vi','fi','Vietnam'),(3659,'vi','ga','Vietnamese'),(3660,'vi','he','וייטנאמית'),(3661,'vi','hi','Vietnamese'),(3662,'vi','hr','Vijetnamski'),(3663,'vi','hu','Vietnámi'),(3664,'vi','hy','Vietnamese'),(3665,'vi','id','Vietnamese'),(3666,'vi','is','Vietnamese'),(3667,'vi','it','Vietnamita'),(3668,'vi','ja','ベトナム語'),(3669,'vi','ko','베트남어'),(3670,'vi','ku','Vietnamese'),(3671,'vi','lv','Vietnamese'),(3672,'vi','lt','Vietnamese'),(3673,'vi','mk','Vietnamese'),(3674,'vi','mt','Vietnamese'),(3675,'vi','mn','Vietnamese'),(3676,'vi','ne','Vietnamese'),(3677,'vi','nl','Vietnamees'),(3678,'vi','no','Vietnamesisk'),(3679,'vi','pa','Vietnamese'),(3680,'vi','pl','Wietnamski'),(3681,'vi','pt-pt','Vietnamita'),(3682,'vi','pt-br','Vietnamita'),(3683,'vi','qu','Vietnamese'),(3684,'vi','ro','Vietnameză'),(3685,'vi','ru','Вьетнамский'),(3686,'vi','sl','Vietnamščina'),(3687,'vi','so','Vietnamese'),(3688,'vi','sq','Vietnamese'),(3689,'vi','sr','вијетнамски'),(3690,'vi','sv','Vietnamesiska'),(3691,'vi','ta','Vietnamese'),(3692,'vi','th','เวียดนาม'),(3693,'vi','tr','Vietnamca'),(3694,'vi','uk','Vietnamese'),(3695,'vi','ur','Vietnamese'),(3696,'vi','uz','Vietnamese'),(3697,'vi','vi','Tiếng Việt'),(3698,'vi','yi','Vietnamese'),(3699,'vi','zh-hans','越南语'),(3700,'vi','zu','Vietnamese'),(3701,'vi','zh-hant','越南語'),(3702,'vi','ms','Vietnamese'),(3703,'vi','gl','Vietnamese'),(3704,'vi','bn','Vietnamese'),(3705,'vi','az','Vietnamese'),(3706,'yi','en','Yiddish'),(3707,'yi','es','Yidis'),(3708,'yi','de','Jiddisch'),(3709,'yi','fr','Yiddish'),(3710,'yi','ar','اليديشية'),(3711,'yi','bs','Yiddish'),(3712,'yi','bg','Идиш'),(3713,'yi','ca','Yiddish'),(3714,'yi','cs','Jidiš'),(3715,'yi','sk','Jidiš'),(3716,'yi','cy','Yiddish'),(3717,'yi','da','Yiddish'),(3718,'yi','el','Γίντις'),(3719,'yi','eo','Yiddish'),(3720,'yi','et','Yiddish'),(3721,'yi','eu','Yiddish'),(3722,'yi','fa','Yiddish'),(3723,'yi','fi','Jiddi'),(3724,'yi','ga','Yiddish'),(3725,'yi','he','יידיש'),(3726,'yi','hi','Yiddish'),(3727,'yi','hr','Jidiš'),(3728,'yi','hu','Jiddis'),(3729,'yi','hy','Yiddish'),(3730,'yi','id','Yiddish'),(3731,'yi','is','Yiddish'),(3732,'yi','it','Yiddish'),(3733,'yi','ja','イディッシュ語'),(3734,'yi','ko','이디시어'),(3735,'yi','ku','Yiddish'),(3736,'yi','lv','Yiddish'),(3737,'yi','lt','Yiddish'),(3738,'yi','mk','Yiddish'),(3739,'yi','mt','Yiddish'),(3740,'yi','mn','Yiddish'),(3741,'yi','ne','Yiddish'),(3742,'yi','nl','Jiddisch'),(3743,'yi','no','Yiddish'),(3744,'yi','pa','Yiddish'),(3745,'yi','pl','Jidysz'),(3746,'yi','pt-pt','Yiddish'),(3747,'yi','pt-br','Yiddish'),(3748,'yi','qu','Yiddish'),(3749,'yi','ro','Idiş'),(3750,'yi','ru','Идиш'),(3751,'yi','sl','Jidiš'),(3752,'yi','so','Yiddish'),(3753,'yi','sq','Yiddish'),(3754,'yi','sr','јидиш'),(3755,'yi','sv','Jiddisch'),(3756,'yi','ta','Yiddish'),(3757,'yi','th','ยิชดิช'),(3758,'yi','tr','Eski İbranice'),(3759,'yi','uk','Yiddish'),(3760,'yi','ur','Yiddish'),(3761,'yi','uz','Yiddish'),(3762,'yi','vi','Yiddish'),(3763,'yi','yi','Yiddish'),(3764,'yi','zh-hans','依地语'),(3765,'yi','zu','Yiddish'),(3766,'yi','zh-hant','依地語'),(3767,'yi','ms','Yiddish'),(3768,'yi','gl','Yiddish'),(3769,'yi','bn','Yiddish'),(3770,'yi','az','Yiddish'),(3771,'zh-hans','en','Chinese (Simplified)'),(3772,'zh-hans','es','Chino simplificado'),(3773,'zh-hans','de','Vereinfachtes Chinesisch'),(3774,'zh-hans','fr','Chinois simplifié'),(3775,'zh-hans','ar','الصينية المبسطة'),(3776,'zh-hans','bs','Chinese (Simplified)'),(3777,'zh-hans','bg','Китайски  (опростен)'),(3778,'zh-hans','ca','Chinese (Simplified)'),(3779,'zh-hans','cs','Čínština ( Zjednodušený )'),(3780,'zh-hans','sk','Zjednodušená Čínština'),(3781,'zh-hans','cy','Chinese (Simplified)'),(3782,'zh-hans','da','Chinese (Simplified)'),(3783,'zh-hans','el','Κινεζικά (Απλοποιημένα)'),(3784,'zh-hans','eo','Chinese (Simplified)'),(3785,'zh-hans','et','Chinese (Simplified)'),(3786,'zh-hans','eu','Chinese (Simplified)'),(3787,'zh-hans','fa','Chinese (Simplified)'),(3788,'zh-hans','fi','Kiina'),(3789,'zh-hans','ga','Chinese (Simplified)'),(3790,'zh-hans','he','סינית'),(3791,'zh-hans','hi','Chinese (Simplified)'),(3792,'zh-hans','hr','Kineski (pojednostavljeni)'),(3793,'zh-hans','hu','Egyszerűsített kínai'),(3794,'zh-hans','hy','Chinese (Simplified)'),(3795,'zh-hans','id','Chinese (Simplified)'),(3796,'zh-hans','is','Chinese (Simplified)'),(3797,'zh-hans','it','Cinese semplificato'),(3798,'zh-hans','ja','簡体中国語'),(3799,'zh-hans','ko','중국어 간체'),(3800,'zh-hans','ku','Chinese (Simplified)'),(3801,'zh-hans','lv','Chinese (Simplified)'),(3802,'zh-hans','lt','Chinese (Simplified)'),(3803,'zh-hans','mk','Chinese (Simplified)'),(3804,'zh-hans','mt','Chinese (Simplified)'),(3805,'zh-hans','mn','Chinese (Simplified)'),(3806,'zh-hans','ne','Chinese (Simplified)'),(3807,'zh-hans','nl','Vereenvoudigd Chinees'),(3808,'zh-hans','no','Kinesisk (forenklet)'),(3809,'zh-hans','pa','Chinese (Simplified)'),(3810,'zh-hans','pl','Chiński uproszczony'),(3811,'zh-hans','pt-pt','Chinês (Simplificado)'),(3812,'zh-hans','pt-br','Chinês (Simplificado)'),(3813,'zh-hans','qu','Chinese (Simplified)'),(3814,'zh-hans','ro','Chineza simplificată'),(3815,'zh-hans','ru','Китайский (упрощенный)'),(3816,'zh-hans','sl','Kitajščina (poenostavljena )'),(3817,'zh-hans','so','Chinese (Simplified)'),(3818,'zh-hans','sq','Chinese (Simplified)'),(3819,'zh-hans','sr','Кинески (поједностављени)'),(3820,'zh-hans','sv','Förenklad kinesiska'),(3821,'zh-hans','ta','Chinese (Simplified)'),(3822,'zh-hans','th','จีนประยุกต์'),(3823,'zh-hans','tr','Modern Çince'),(3824,'zh-hans','uk','Chinese (Simplified)'),(3825,'zh-hans','ur','Chinese (Simplified)'),(3826,'zh-hans','uz','Chinese (Simplified)'),(3827,'zh-hans','vi','Chinese (Simplified)'),(3828,'zh-hans','yi','Chinese (Simplified)'),(3829,'zh-hans','zh-hans','简体中文'),(3830,'zh-hans','zu','Chinese (Simplified)'),(3831,'zh-hans','zh-hant','簡體中文'),(3832,'zh-hans','ms','Chinese (Simplified)'),(3833,'zh-hans','gl','Chinese (Simplified)'),(3834,'zh-hans','bn','Chinese (Simplified)'),(3835,'zh-hans','az','Chinese (Simplified)'),(3836,'zu','en','Zulu'),(3837,'zu','es','Zulú'),(3838,'zu','de','Zulu'),(3839,'zu','fr','Zoulou'),(3840,'zu','ar','الزولو'),(3841,'zu','bs','Zulu'),(3842,'zu','bg','Зулу'),(3843,'zu','ca','Zulu'),(3844,'zu','cs','Zulu'),(3845,'zu','sk','Jazyk Zulu'),(3846,'zu','cy','Zulu'),(3847,'zu','da','Zulu'),(3848,'zu','el','Ζουλού'),(3849,'zu','eo','Zulu'),(3850,'zu','et','Zulu'),(3851,'zu','eu','Zulu'),(3852,'zu','fa','Zulu'),(3853,'zu','fi','Zulu'),(3854,'zu','ga','Zulu'),(3855,'zu','he','זולו '),(3856,'zu','hi','Zulu'),(3857,'zu','hr','Zulu'),(3858,'zu','hu','Zulu'),(3859,'zu','hy','Zulu'),(3860,'zu','id','Zulu'),(3861,'zu','is','Zulu'),(3862,'zu','it','Zulu'),(3863,'zu','ja','ズールー語'),(3864,'zu','ko','줄루어'),(3865,'zu','ku','Zulu'),(3866,'zu','lv','Zulu'),(3867,'zu','lt','Zulu'),(3868,'zu','mk','Zulu'),(3869,'zu','mt','Zulu'),(3870,'zu','mn','Zulu'),(3871,'zu','ne','Zulu'),(3872,'zu','nl','Zulu'),(3873,'zu','no','Zulu'),(3874,'zu','pa','Zulu'),(3875,'zu','pl','Zuluski'),(3876,'zu','pt-pt','Zulu'),(3877,'zu','pt-br','Zulu'),(3878,'zu','qu','Zulu'),(3879,'zu','ro','Zulu'),(3880,'zu','ru','Зулу'),(3881,'zu','sl','Zulu'),(3882,'zu','so','Zulu'),(3883,'zu','sq','Zulu'),(3884,'zu','sr','зулу'),(3885,'zu','sv','Zulu'),(3886,'zu','ta','Zulu'),(3887,'zu','th','ซูลู'),(3888,'zu','tr','Zulu dili'),(3889,'zu','uk','Zulu'),(3890,'zu','ur','Zulu'),(3891,'zu','uz','Zulu'),(3892,'zu','vi','Zulu'),(3893,'zu','yi','Zulu'),(3894,'zu','zh-hans','祖鲁语'),(3895,'zu','zu','Zulu'),(3896,'zu','zh-hant','祖魯語'),(3897,'zu','ms','Zulu'),(3898,'zu','gl','Zulu'),(3899,'zu','bn','Zulu'),(3900,'zu','az','Zulu'),(3901,'zh-hant','en','Chinese (Traditional)'),(3902,'zh-hant','es','Chino tradicional'),(3903,'zh-hant','de','Traditionelles Chinesisch'),(3904,'zh-hant','fr','Chinois traditionnel'),(3905,'zh-hant','ar','الصينية التقليدية'),(3906,'zh-hant','bs','Chinese (Traditional)'),(3907,'zh-hant','bg','Китайски (традиционен)'),(3908,'zh-hant','ca','Chinese (Traditional)'),(3909,'zh-hant','cs','Čínština (tradiční )'),(3910,'zh-hant','sk','Tradičná Čínština'),(3911,'zh-hant','cy','Chinese (Traditional)'),(3912,'zh-hant','da','Chinese (Traditional)'),(3913,'zh-hant','el','Κινεζικά (Παραδοσιακά)'),(3914,'zh-hant','eo','Chinese (Traditional)'),(3915,'zh-hant','et','Chinese (Traditional)'),(3916,'zh-hant','eu','Chinese (Traditional)'),(3917,'zh-hant','fa','Chinese (Traditional)'),(3918,'zh-hant','fi','Perinteinen kiina'),(3919,'zh-hant','ga','Chinese (Traditional)'),(3920,'zh-hant','he','סינית מסורתית'),(3921,'zh-hant','hi','Chinese (Traditional)'),(3922,'zh-hant','hr','Kineski (tradicionalni)'),(3923,'zh-hant','hu','Hagyományos kínai'),(3924,'zh-hant','hy','Chinese (Traditional)'),(3925,'zh-hant','id','Chinese (Traditional)'),(3926,'zh-hant','is','Chinese (Traditional)'),(3927,'zh-hant','it','Cinese tradizionale'),(3928,'zh-hant','ja','繁体中国語'),(3929,'zh-hant','ko','중국어 번체'),(3930,'zh-hant','ku','Chinese (Traditional)'),(3931,'zh-hant','lv','Chinese (Traditional)'),(3932,'zh-hant','lt','Chinese (Traditional)'),(3933,'zh-hant','mk','Chinese (Traditional)'),(3934,'zh-hant','mt','Chinese (Traditional)'),(3935,'zh-hant','mn','Chinese (Traditional)'),(3936,'zh-hant','ne','Chinese (Traditional)'),(3937,'zh-hant','nl','Traditioneel Chinees'),(3938,'zh-hant','no','Kinesisk (tradisjonell)'),(3939,'zh-hant','pa','Chinese (Traditional)'),(3940,'zh-hant','pl','Chiński tradycyjny'),(3941,'zh-hant','pt-pt','Chinês (Tradicional)'),(3942,'zh-hant','pt-br','Chinês (Tradicional)'),(3943,'zh-hant','qu','Chinese (Traditional)'),(3944,'zh-hant','ro','Chineza tradiţională'),(3945,'zh-hant','ru','Китайский (традиционный)'),(3946,'zh-hant','sl','Kitajščina (tradicionalna)'),(3947,'zh-hant','so','Chinese (Traditional)'),(3948,'zh-hant','sq','Chinese (Traditional)'),(3949,'zh-hant','sr','Кинески (традиционални)'),(3950,'zh-hant','sv','Traditionell kinesiska'),(3951,'zh-hant','ta','Chinese (Traditional)'),(3952,'zh-hant','th','จีนดั้งเดิม'),(3953,'zh-hant','tr','Klasik Çince'),(3954,'zh-hant','uk','Chinese (Traditional)'),(3955,'zh-hant','ur','Chinese (Traditional)'),(3956,'zh-hant','uz','Chinese (Traditional)'),(3957,'zh-hant','vi','Chinese (Traditional)'),(3958,'zh-hant','yi','Chinese (Traditional)'),(3959,'zh-hant','zh-hans','繁体中文'),(3960,'zh-hant','zu','Chinese (Traditional)'),(3961,'zh-hant','zh-hant','繁體中文'),(3962,'zh-hant','ms','Chinese (Traditional)'),(3963,'zh-hant','gl','Chinese (Traditional)'),(3964,'zh-hant','bn','Chinese (Traditional)'),(3965,'zh-hant','az','Chinese (Traditional)'),(3966,'ms','en','Malay'),(3967,'ms','es','Malayo'),(3968,'ms','de','Malaiisch'),(3969,'ms','fr','Malay'),(3970,'ms','ar','لغة الملايو'),(3971,'ms','bs','Malay'),(3972,'ms','bg','Малайски'),(3973,'ms','ca','Malay'),(3974,'ms','cs','Malajský'),(3975,'ms','sk','Malay'),(3976,'ms','cy','Malay'),(3977,'ms','da','Malay'),(3978,'ms','el','Malay'),(3979,'ms','eo','Malay'),(3980,'ms','et','Malay'),(3981,'ms','eu','Malay'),(3982,'ms','fa','Malay'),(3983,'ms','fi','Malay'),(3984,'ms','ga','Malay'),(3985,'ms','he','מלאית'),(3986,'ms','hi','Malay'),(3987,'ms','hr','Malajski'),(3988,'ms','hu','Malay'),(3989,'ms','hy','Malay'),(3990,'ms','id','Malay'),(3991,'ms','is','Malay'),(3992,'ms','it','Malay'),(3993,'ms','ja','Malay'),(3994,'ms','ko','Malay'),(3995,'ms','ku','Malay'),(3996,'ms','lv','Malay'),(3997,'ms','lt','Malay'),(3998,'ms','mk','Malay'),(3999,'ms','mt','Malay'),(4000,'ms','mn','Malay'),(4001,'ms','ne','Malay'),(4002,'ms','nl','Malay'),(4003,'ms','no','Malay'),(4004,'ms','pa','Malay'),(4005,'ms','pl','Malay'),(4006,'ms','pt-pt','Malaio'),(4007,'ms','pt-br','Malaio'),(4008,'ms','qu','Malay'),(4009,'ms','ro','Malay'),(4010,'ms','ru','Малайский'),(4011,'ms','sl','Malajščina'),(4012,'ms','so','Malay'),(4013,'ms','sq','Malay'),(4014,'ms','sr','малајски'),(4015,'ms','sv','Malay'),(4016,'ms','ta','Malay'),(4017,'ms','th','Malay'),(4018,'ms','tr','Malay'),(4019,'ms','uk','Malay'),(4020,'ms','ur','Malay'),(4021,'ms','uz','Malay'),(4022,'ms','vi','Malay'),(4023,'ms','yi','Malay'),(4024,'ms','zh-hans','Malay'),(4025,'ms','zu','Malay'),(4026,'ms','zh-hant','Malay'),(4027,'ms','ms','Melayu'),(4028,'ms','gl','Malay'),(4029,'ms','bn','Malay'),(4030,'ms','az','Malay'),(4031,'gl','en','Galician'),(4032,'gl','es','Gallego'),(4033,'gl','de','Galicisch'),(4034,'gl','fr','Galicien'),(4035,'gl','ar','Galician'),(4036,'gl','bs','Galician'),(4037,'gl','bg','Galician'),(4038,'gl','ca','Galician'),(4039,'gl','cs','Galician'),(4040,'gl','sk','Galician'),(4041,'gl','cy','Galician'),(4042,'gl','da','Galician'),(4043,'gl','el','Galician'),(4044,'gl','eo','Galician'),(4045,'gl','et','Galician'),(4046,'gl','eu','Galician'),(4047,'gl','fa','Galician'),(4048,'gl','fi','Galician'),(4049,'gl','ga','Galician'),(4050,'gl','he','Galician'),(4051,'gl','hi','Galician'),(4052,'gl','hr','Galician'),(4053,'gl','hu','Galician'),(4054,'gl','hy','Galician'),(4055,'gl','id','Galician'),(4056,'gl','is','Galician'),(4057,'gl','it','Gallego'),(4058,'gl','ja','Galician'),(4059,'gl','ko','Galician'),(4060,'gl','ku','Galician'),(4061,'gl','lv','Galician'),(4062,'gl','lt','Galician'),(4063,'gl','mk','Galician'),(4064,'gl','mt','Galician'),(4065,'gl','mn','Galician'),(4066,'gl','ne','Galician'),(4067,'gl','nl','Galician'),(4068,'gl','no','Galician'),(4069,'gl','pa','Galician'),(4070,'gl','pl','Galician'),(4071,'gl','pt-pt','Galego'),(4072,'gl','pt-br','Galego'),(4073,'gl','qu','Galician'),(4074,'gl','ro','Galician'),(4075,'gl','ru','Галисийский'),(4076,'gl','sl','Galician'),(4077,'gl','so','Galician'),(4078,'gl','sq','Galician'),(4079,'gl','sr','Galician'),(4080,'gl','sv','Galician'),(4081,'gl','ta','Galician'),(4082,'gl','th','Galician'),(4083,'gl','tr','Galician'),(4084,'gl','uk','Galician'),(4085,'gl','ur','Galician'),(4086,'gl','uz','Galician'),(4087,'gl','vi','Galician'),(4088,'gl','yi','Galician'),(4089,'gl','zh-hans','Galician'),(4090,'gl','zu','Galician'),(4091,'gl','zh-hant','Galician'),(4092,'gl','ms','Galician'),(4093,'gl','gl','Galego'),(4094,'gl','bn','Galician'),(4095,'gl','az','Galician'),(4096,'bn','en','Bengali'),(4097,'bn','es','Bengalí'),(4098,'bn','de','Bengalisch'),(4099,'bn','fr','Bengali'),(4100,'bn','ar','Bengali'),(4101,'bn','bs','Bengali'),(4102,'bn','bg','Bengali'),(4103,'bn','ca','Bengali'),(4104,'bn','cs','Bengali'),(4105,'bn','sk','Bengali'),(4106,'bn','cy','Bengali'),(4107,'bn','da','Bengali'),(4108,'bn','el','Bengali'),(4109,'bn','eo','Bengali'),(4110,'bn','et','Bengali'),(4111,'bn','eu','Bengali'),(4112,'bn','fa','Bengali'),(4113,'bn','fi','Bengali'),(4114,'bn','ga','Bengali'),(4115,'bn','he','Bengali'),(4116,'bn','hi','Bengali'),(4117,'bn','hr','Bengali'),(4118,'bn','hu','Bengali'),(4119,'bn','hy','Bengali'),(4120,'bn','id','Bengali'),(4121,'bn','is','Bengali'),(4122,'bn','it','Bengalese'),(4123,'bn','ja','Bengali'),(4124,'bn','ko','Bengali'),(4125,'bn','ku','Bengali'),(4126,'bn','lv','Bengali'),(4127,'bn','lt','Bengali'),(4128,'bn','mk','Bengali'),(4129,'bn','mt','Bengali'),(4130,'bn','mn','Bengali'),(4131,'bn','ne','Bengali'),(4132,'bn','nl','Bengali'),(4133,'bn','no','Bengali'),(4134,'bn','pa','Bengali'),(4135,'bn','pl','Bengali'),(4136,'bn','pt-pt','Bengalês'),(4137,'bn','pt-br','Bengalês'),(4138,'bn','qu','Bengali'),(4139,'bn','ro','Bengali'),(4140,'bn','ru','Бенгальский'),(4141,'bn','sl','Bengali'),(4142,'bn','so','Bengali'),(4143,'bn','sq','Bengali'),(4144,'bn','sr','Bengali'),(4145,'bn','sv','Bengali'),(4146,'bn','ta','Bengali'),(4147,'bn','th','Bengali'),(4148,'bn','tr','Bengali'),(4149,'bn','uk','Bengali'),(4150,'bn','ur','Bengali'),(4151,'bn','uz','Bengali'),(4152,'bn','vi','Bengali'),(4153,'bn','yi','Bengali'),(4154,'bn','zh-hans','Bengali'),(4155,'bn','zu','Bengali'),(4156,'bn','zh-hant','Bengali'),(4157,'bn','ms','Bengali'),(4158,'bn','gl','Bengali'),(4159,'bn','bn','বাংলাদেশ'),(4160,'bn','az','Bengali'),(4161,'az','en','Azerbaijani'),(4162,'az','es','Azerí'),(4163,'az','de','Aserbeidschanisch'),(4164,'az','fr','Azéri'),(4165,'az','ar','الأذربيجانية'),(4166,'az','bs','Azerbaijani'),(4167,'az','bg','Azerbaijani'),(4168,'az','ca','Azerbaijani'),(4169,'az','cs','Azerbaijani'),(4170,'az','sk','Azerbaijani'),(4171,'az','cy','Azerbaijani'),(4172,'az','da','Azerbaijani'),(4173,'az','el','Azerbaijani'),(4174,'az','eo','Azerbaijani'),(4175,'az','et','Azerbaijani'),(4176,'az','eu','Azerbaijani'),(4177,'az','fa','Azerbaijani'),(4178,'az','fi','Azerbaijani'),(4179,'az','ga','Azerbaijani'),(4180,'az','he','אזרביג\'נית'),(4181,'az','hi','Azerbaijani'),(4182,'az','hr','Azerbaijani'),(4183,'az','hu','Azerbaijani'),(4184,'az','hy','Azerbaijani'),(4185,'az','id','Azerbaijani'),(4186,'az','is','Azerbaijani'),(4187,'az','it','Azerbaigiano'),(4188,'az','ja','アゼルバイジャン語'),(4189,'az','ko','Azerbaijani'),(4190,'az','ku','Azerbaijani'),(4191,'az','lv','Azerbaijani'),(4192,'az','lt','Azerbaijani'),(4193,'az','mk','Azerbaijani'),(4194,'az','mt','Azerbaijani'),(4195,'az','mn','Azerbaijani'),(4196,'az','ne','Azerbaijani'),(4197,'az','nl','Azerbaijani'),(4198,'az','no','Azerbaijani'),(4199,'az','pa','Azerbaijani'),(4200,'az','pl','Azerski'),(4201,'az','pt-pt','Azerbaijano'),(4202,'az','pt-br','Azerbaijano'),(4203,'az','qu','Azerbaijani'),(4204,'az','ro','Azerbaijani'),(4205,'az','ru','Азербайджанский'),(4206,'az','sl','Azerbaijani'),(4207,'az','so','Azerbaijani'),(4208,'az','sq','Azerbaijani'),(4209,'az','sr','Azerbaijani'),(4210,'az','sv','Azerbaijani'),(4211,'az','ta','Azerbaijani'),(4212,'az','th','Azerbaijani'),(4213,'az','tr','Azerbaijani'),(4214,'az','uk','Azerbaijani'),(4215,'az','ur','Azerbaijani'),(4216,'az','uz','Azerbaijani'),(4217,'az','vi','Azerbaijani'),(4218,'az','yi','Azerbaijani'),(4219,'az','zh-hans','阿塞拜疆语'),(4220,'az','zu','Azerbaijani'),(4221,'az','zh-hant','Azerbaijani'),(4222,'az','ms','Azerbaijani'),(4223,'az','gl','Azerbaijani'),(4224,'az','bn','Azerbaijani'),(4225,'az','az','Azərbaycan');

--
-- Table structure for table `wp_icl_locale_map`
--

CREATE TABLE `wp_icl_locale_map` (
  `code` varchar(7) COLLATE utf8mb4_unicode_ci NOT NULL,
  `locale` varchar(35) COLLATE utf8mb4_unicode_ci NOT NULL,
  PRIMARY KEY (`code`,`locale`)
) ENGINE=MyISAM DEFAULT CHARSET=utf8mb4 COLLATE=utf8mb4_unicode_ci;

--
-- Dumping data for table `wp_icl_locale_map`
--

INSERT INTO `wp_icl_locale_map` VALUES ('ar','ar'),('en','en_US');

--
-- Table structure for table `wp_icl_message_status`
--

CREATE TABLE `wp_icl_message_status` (
  `id` bigint(20) unsigned NOT NULL AUTO_INCREMENT,
  `rid` bigint(20) unsigned NOT NULL,
  `object_id` bigint(20) unsigned NOT NULL,
  `from_language` varchar(10) COLLATE utf8mb4_unicode_ci NOT NULL,
  `to_language` varchar(10) COLLATE utf8mb4_unicode_ci NOT NULL,
  `timestamp` timestamp NOT NULL DEFAULT current_timestamp(),
  `md5` varchar(32) COLLATE utf8mb4_unicode_ci NOT NULL,
  `object_type` varchar(64) COLLATE utf8mb4_unicode_ci NOT NULL,
  `status` smallint(6) NOT NULL,
  PRIMARY KEY (`id`),
  UNIQUE KEY `rid` (`rid`),
  KEY `object_id` (`object_id`)
) ENGINE=MyISAM DEFAULT CHARSET=utf8mb4 COLLATE=utf8mb4_unicode_ci;

--
-- Dumping data for table `wp_icl_message_status`
--


--
-- Table structure for table `wp_icl_mo_files_domains`
--

CREATE TABLE `wp_icl_mo_files_domains` (
  `id` int(11) NOT NULL AUTO_INCREMENT,
  `file_path` varchar(250) COLLATE utf8mb4_unicode_ci NOT NULL,
  `file_path_md5` varchar(32) COLLATE utf8mb4_unicode_ci NOT NULL,
  `domain` varchar(160) COLLATE utf8mb4_unicode_ci NOT NULL,
  `status` varchar(20) COLLATE utf8mb4_unicode_ci NOT NULL DEFAULT 'not_imported',
  `num_of_strings` int(11) NOT NULL DEFAULT 0,
  `last_modified` int(11) NOT NULL,
  `component_type` enum('plugin','theme','other') COLLATE utf8mb4_unicode_ci NOT NULL DEFAULT 'other',
  `component_id` varchar(100) COLLATE utf8mb4_unicode_ci DEFAULT NULL,
  PRIMARY KEY (`id`),
  UNIQUE KEY `file_path_md5_UNIQUE` (`file_path_md5`)
) ENGINE=MyISAM AUTO_INCREMENT=66 DEFAULT CHARSET=utf8mb4 COLLATE=utf8mb4_unicode_ci;

--
-- Dumping data for table `wp_icl_mo_files_domains`
--

INSERT INTO `wp_icl_mo_files_domains` VALUES (1,'wp-content/plugins/wpml-media-translation/locale/wpml-media-ar.mo','b54fa0d95844309bf742df17c2cb98a9','wpml-media','not_imported',0,1664618618,'plugin','wpml-media-translation/plugin.php'),(2,'wp-content/plugins/wpml-translation-management/locale/wpml-translation-management-ar.mo','c20cfb97e4dde2a54dd78e6661afa230','wpml-translation-management','not_imported',0,1633642922,'plugin','wpml-translation-management/plugin.php'),(3,'wp-content/plugins/wpml-string-translation/locale/wpml-string-translation-ar.mo','003a21002e87e359bc83aa0a589622b4','wpml-string-translation','not_imported',0,1664618675,'plugin','wpml-string-translation/plugin.php'),(4,'wp-content/languages/plugins/wordpress-seo-ar.mo','d3d1c9aeb6d7b84eb49372b7db20d55e','wordpress-seo','not_imported',0,1636567268,'plugin','wordpress-seo/wp-seo.php'),(5,'wp-content/languages/plugins/wordpress-seo-premium-ar.mo','4c087615c990055edb87f45b9cf092d9','wordpress-seo-premium','not_imported',0,1662481260,'plugin','wordpress-seo-premium/wp-seo-premium.php'),(6,'wp-content/languages/ar.mo','3251dc671a31b3095630eb4f870aca28','default','not_imported',0,1646977772,'other',''),(7,'wp-content/languages/plugins/woocommerce-ar.mo','4e42e16d95d086d2012019a6d4512c98','woocommerce','not_imported',0,1666047539,'plugin','woocommerce/woocommerce.php'),(8,'wp-content/languages/plugins/akismet-ar.mo','9a1a1ef526458d5cbad0a061e4585efb','akismet','not_imported',0,1633122609,'plugin','akismet/akismet.php'),(9,'wp-content/plugins/woocommerce-multilingual/locale/woocommerce-multilingual-ar.mo','939837588b8bfa42dfebf6c87c357e80','woocommerce-multilingual','not_imported',0,1633643375,'plugin','woocommerce-multilingual/wpml-woocommerce.php'),(10,'wp-content/plugins/advanced-custom-fields-pro/lang/acf-ar.mo','925ac7cb08c8b2f07bbac74e168c8d2e','acf','not_imported',0,1664619061,'plugin','advanced-custom-fields-pro/acf.php'),(11,'wp-content/languages/admin-ar.mo','8561c993122e01db02cf002d0dd10971','default','not_imported',0,1646977772,'other',''),(12,'wp-content/plugins/sitepress-multilingual-cms/locale/sitepress-ar.mo','e31bce056d0b1e813c9092865d2f5eb3','sitepress','not_imported',0,1664618640,'plugin','sitepress-multilingual-cms/sitepress.php'),(13,'wp-content/languages/ar-77fdfadaf2e1ca3a027d1956b910bc50.json','e93a9de15fee8281fa72706d9c872b6d','default-common','not_imported',0,1646977772,'other',''),(14,'wp-content/languages/ar-93882e8f9976382d7f724ac595ed7151.json','2485245dd2d4afe9455b645360639d1c','default-wp-auth-check','not_imported',0,1646977772,'other',''),(15,'wp-content/languages/ar-9c3519f4870fac83dc0dbf18cb6bd4c4.json','692ee6e52debaa2c01d8fac8277637b5','default-wp-color-picker','not_imported',0,1646977772,'other',''),(16,'wp-content/languages/ar-bf23b24175490c2e46aaf92ff6a0c70f.json','2d6ae798843c5859ffcbcd7c7d8c5ebf','default-wp-pointer','not_imported',0,1646977772,'other',''),(17,'wp-content/languages/ar-320f4ad9792aaa6dedb1e71cbdf85d57.json','5c7a63ee8bf89612065010e151c1140b','default-wp-a11y','not_imported',0,1646977772,'other',''),(18,'wp-content/languages/ar-81c889563f09dd13de1701135dc62941.json','b00e8934bcffcd4cc5503e81e00a96d6','default-media-views','not_imported',0,1646977772,'other',''),(19,'wp-content/languages/ar-f575f481034e90e21d832e415fd95fcf.json','5db81b8b4a9d4d68d9f4110434a87710','default-media-editor','not_imported',0,1646977772,'other',''),(20,'wp-content/languages/ar-1d17475f620f63a92e2c5d2681c51ee8.json','724c879afcb8f7ea1838858fd144fa72','default-image-edit','not_imported',0,1646977772,'other',''),(21,'wp-content/languages/ar-1bba9045bb07c89671c88a3f328548e8.json','d633c239424e9770915435c2d4207ae4','default-wp-api-fetch','not_imported',0,1646977772,'other',''),(22,'wp-content/languages/ar-a25d1cc7bf7ca0b4e114f6bea64943f4.json','97a7b07728797e099b2afcbfecf468c4','default-wp-keycodes','not_imported',0,1646977772,'other',''),(23,'wp-content/languages/ar-7f13c36c641b114bf18cd0bcc9ecc7e0.json','e89424464b4ac1b938628a4ef68389b4','default-wp-components','not_imported',0,1646977772,'other',''),(24,'wp-content/languages/ar-7d5ca435e60d92f024d46c9257aaa0f7.json','0fa15710702049b2ff1161b49b79465d','default-tags-suggest','not_imported',0,1646977772,'other',''),(25,'wp-content/languages/ar-9b256ea9cd54df92095e04c76758ceb0.json','81ec29314953ca28ed37d7608867cc08','default-inline-edit-post','not_imported',0,1646977772,'other',''),(26,'wp-content/languages/ar-50278328b502f4eb3f2b8b7ab49324a1.json','5482972df21a1a44436745fb8e3c5975','default-postbox','not_imported',0,1646977772,'other',''),(27,'wp-content/languages/ar-a9dc201dcd011fe71849743133052619.json','156f50134ee9cecba571a1ad496283e3','default-nav-menu','not_imported',0,1646977772,'other',''),(28,'wp-content/languages/ar-0eebe503220d4a00341eb011b92769b4.json','2686faab1f6e3d01e651bdd855bc3265','default-password-strength-meter','not_imported',0,1646977772,'other',''),(29,'wp-content/languages/ar-81d6f084cb273e02e15b01bd9ece87f7.json','8d563c96ff9c231d9e281680242e1100','default-user-profile','not_imported',0,1646977772,'other',''),(30,'wp-content/languages/admin-network-ar.mo','952413791e921e347aa325f108c04a7b','default','not_imported',0,1646977772,'other',''),(31,'wp-content/languages/ar-4a38fe1c0c45989e44682ba6109d9f46.json','7c779389e31a53da31ab1ddcb5fe79c6','default-site-health','not_imported',0,1646977772,'other',''),(32,'wp-content/languages/ar-6025add6bde16aaeb12787d250f9b414.json','cb7e3005cfb24369a0d10d927621b5c6','default-admin-comments','not_imported',0,1646977772,'other',''),(33,'wp-content/languages/ar-e2e4c4b80f3adf2c70b431bfdb1b4872.json','1b757b7d5444c6893116fbc474410237','default-dashboard','not_imported',0,1646977772,'other',''),(34,'wp-content/languages/ar-7436b7ee9e4f11ac0d618d8cc886eb66.json','71ae46e73284e745db22e231d4947059','default-plugin-install','not_imported',0,1646977772,'other',''),(35,'wp-content/languages/ar-2b390f85a3048c5b4255fb45960b6514.json','4cce41b288b2692ba9a038d780431b06','default-updates','not_imported',0,1646977772,'other',''),(36,'wp-content/languages/plugins/woocommerce-multilingual-ar.mo','60961bf926bad27d2f09d85649bef3ad','woocommerce-multilingual','not_imported',0,1634662276,'plugin','woocommerce-multilingual/wpml-woocommerce.php'),(37,'wp-content/languages/ar-1a0cd6a7128913b15c1a10dd68951869.json','a2fef0abf151d4a17c359a826a159bab','default-wp-blocks','not_imported',0,1646977772,'other',''),(38,'wp-content/languages/ar-49c6d4acf36cf3aca9f0b2a77617304f.json','de14d74b66d4594c28b07c057fb2d88e','default-wp-core-data','not_imported',0,1646977772,'other',''),(39,'wp-content/languages/ar-7b74c8457eaa7fcc50db41b431f8a003.json','8ec7c76d3d5a630ac5c95f5094464356','default-admin-tags','not_imported',0,1646977772,'other',''),(40,'wp-content/languages/ar-ca28138671823450e87dfd354f7afc6b.json','a638b9a10484a1fcf27d638d1eba910b','default-inline-edit-tax','not_imported',0,1646977772,'other',''),(41,'wp-content/languages/ar-7289286ed59e90a8f36ae797df62220b.json','7bb3d05354608891f83e6b54b3b914c2','default-media','not_imported',0,1646977772,'other',''),(42,'wp-content/plugins/sitepress-multilingual-cms/vendor/otgs/installer/locale/installer-ar.mo','65f6f01dd0aa1f75c34eb7c2777cd1e7','installer','not_imported',0,1664618639,'plugin','sitepress-multilingual-cms/sitepress.php'),(43,'wp-content/languages/ar-9d47a87c240c1d10701cd6a02b28aa1b.json','4277e32479f22dc20508fd33258bfbb8','default-tags-box','not_imported',0,1646977772,'other',''),(44,'wp-content/languages/ar-569e85ef168299eb8c8f24d8ef8c8a78.json','908491b58228a5af1f09a4535123ba1b','default-post','not_imported',0,1646977772,'other',''),(45,'wp-content/languages/ar-2c5d274ea625dd91556554ad82901529.json','f02116a7488485249eed5c22d667df30','default-wp-annotations','not_imported',0,1646977772,'other',''),(46,'wp-content/languages/ar-803bf1ce2131e13efc590c1bc47851fc.json','9fe84dbf5ae8a1ab749b6b2558e6ea7e','default-wp-block-editor','not_imported',0,1634318872,'other',''),(47,'wp-content/languages/ar-1780a2033cf98d69ce13c2e5c8510004.json','0312a49103e6929688ec43765f78c775','default-wp-reusable-blocks','not_imported',0,1634318872,'other',''),(48,'wp-content/languages/ar-e2791ba830489d23043be8650a22a22b.json','b01274b60c0a450346dce3dce3378986','default-wp-server-side-render','not_imported',0,1634318872,'other',''),(49,'wp-content/languages/ar-f8f49d9fc4a9cf7d78ec99285417bd9c.json','7049d13c7e4737dedd5868c83ecc8d15','default-wp-block-library','not_imported',0,1634318872,'other',''),(50,'wp-content/languages/ar-daeb084aab42199d26393a56c3465bc0.json','5b6ce0ccd11373963b4ae0b7c1c3bb8b','default-wp-media-utils','not_imported',0,1646977772,'other',''),(51,'wp-content/languages/ar-bf0f094965d3d4a95b47babcb35fc136.json','ba42ebe64b82acfa0110d3c5c3c1779f','default-wp-editor','not_imported',0,1634318872,'other',''),(52,'wp-content/languages/ar-8860e58c20c6a2ab5876a0f07be43bd9.json','59d87563bda17050a26954c9f8796fac','default-wp-edit-post','not_imported',0,1634318872,'other',''),(53,'wp-content/languages/ar-947c76bb5095da30e16668eec15406b2.json','ca79285a0adc5bf68cceddc10d89c1f3','default-wp-block-directory','not_imported',0,1634318872,'other',''),(54,'wp-content/languages/ar-68f2cec7514bf8563c723a4d675fcfe6.json','87809f1915a96064ccf58f16c5d1a7bf','default-wp-format-library','not_imported',0,1634318872,'other',''),(55,'wp-content/languages/ar-5251f7623766a714c8207c7edb938628.json','03aa3c654ae880365edf2bfaa008dac9','default-admin-widgets','not_imported',0,1641534584,'other',''),(56,'wp-content/languages/ar-529362903a5a05b34b06b5e793fb4cf8.json','db178d9281e77f7715c4e2a49f91144e','default-application-passwords','not_imported',0,1646977772,'other',''),(57,'wp-content/languages/continents-cities-ar.mo','4f7806d3dcb2057b629d6b5c318ff4ba','continents-cities','not_imported',0,1633208072,'other',''),(58,'wp-content/languages/ar-8240df461220d1d3a028a9a4c5652a5b.json','7e0e26501c28b8c32b463177cad37b4e','default-wp-theme-plugin-editor','not_imported',0,1633208072,'other',''),(59,'wp-content/plugins/sitepress-multilingual-cms/locale/wpml-translation-management-ar.mo','c7b88e8561418b298fb021ed8b2657aa','wpml-translation-management','not_imported',0,1664618640,'plugin','sitepress-multilingual-cms/sitepress.php'),(60,'wp-content/plugins/sitepress-multilingual-cms/locale/jed/wpml-translation-management-ar-wpml-ate-jobs-sync-ui.json','2234a96a5033fe5a68c2295fb52e7862','wpml-translation-management-wpml-ate-jobs-sync-ui','not_imported',0,1664618640,'plugin','sitepress-multilingual-cms/sitepress.php'),(61,'wp-content/plugins/sitepress-multilingual-cms/locale/jed/sitepress-ar-wpml-jobs-ui.json','68f249c656068208999ec6a517628c75','sitepress-wpml-jobs-ui','not_imported',0,1664618640,'plugin','sitepress-multilingual-cms/sitepress.php'),(62,'wp-content/plugins/sitepress-multilingual-cms/locale/jed/sitepress-ar-wpml-languages-ui.json','612153138da4f19c395225551e58668c','sitepress-wpml-languages-ui','not_imported',0,1664618640,'plugin','sitepress-multilingual-cms/sitepress.php'),(63,'wp-content/plugins/sitepress-multilingual-cms/locale/jed/sitepress-ar-wpml-settings-ui.json','bda67df8135451935e89058a60dd5d40','sitepress-wpml-settings-ui','not_imported',0,1664618640,'plugin','sitepress-multilingual-cms/sitepress.php'),(64,'wp-content/plugins/sitepress-multilingual-cms/locale/jed/wpml-translation-management-ar-wpml-translation-method-ui.json','2e721e7d857d06673127b9e73f3a32ce','wpml-translation-management-wpml-translation-method-ui','not_imported',0,1664618640,'plugin','sitepress-multilingual-cms/sitepress.php'),(65,'wp-content/languages/themes/twentytwentyone-ar.mo','e09020e704616c70dcf87d716fd9547e','twentytwentyone','not_imported',0,1637524213,'theme','twentytwentyone');

--
-- Table structure for table `wp_icl_node`
--

CREATE TABLE `wp_icl_node` (
  `nid` bigint(20) NOT NULL,
  `md5` varchar(32) COLLATE utf8mb4_unicode_ci NOT NULL,
  `links_fixed` tinyint(4) NOT NULL DEFAULT 0,
  PRIMARY KEY (`nid`)
) ENGINE=MyISAM DEFAULT CHARSET=utf8mb4 COLLATE=utf8mb4_unicode_ci;

--
-- Dumping data for table `wp_icl_node`
--


--
-- Table structure for table `wp_icl_reminders`
--

CREATE TABLE `wp_icl_reminders` (
  `id` bigint(20) NOT NULL,
  `message` text COLLATE utf8mb4_unicode_ci NOT NULL,
  `url` text COLLATE utf8mb4_unicode_ci NOT NULL,
  `can_delete` tinyint(4) NOT NULL,
  `show` tinyint(4) NOT NULL,
  PRIMARY KEY (`id`)
) ENGINE=MyISAM DEFAULT CHARSET=utf8mb4 COLLATE=utf8mb4_unicode_ci;

--
-- Dumping data for table `wp_icl_reminders`
--


--
-- Table structure for table `wp_icl_string_batches`
--

CREATE TABLE `wp_icl_string_batches` (
  `id` bigint(20) unsigned NOT NULL AUTO_INCREMENT,
  `string_id` bigint(20) unsigned NOT NULL,
  `batch_id` bigint(20) unsigned NOT NULL,
  PRIMARY KEY (`id`)
) ENGINE=MyISAM DEFAULT CHARSET=utf8mb4 COLLATE=utf8mb4_unicode_ci;

--
-- Dumping data for table `wp_icl_string_batches`
--


--
-- Table structure for table `wp_icl_string_packages`
--

CREATE TABLE `wp_icl_string_packages` (
  `ID` bigint(20) unsigned NOT NULL AUTO_INCREMENT,
  `kind_slug` varchar(160) COLLATE utf8mb4_unicode_ci NOT NULL,
  `kind` varchar(160) COLLATE utf8mb4_unicode_ci NOT NULL,
  `name` varchar(160) COLLATE utf8mb4_unicode_ci NOT NULL,
  `title` varchar(160) COLLATE utf8mb4_unicode_ci NOT NULL,
  `edit_link` text COLLATE utf8mb4_unicode_ci NOT NULL,
  `view_link` text COLLATE utf8mb4_unicode_ci NOT NULL,
  `post_id` int(11) DEFAULT NULL,
  `word_count` varchar(2000) COLLATE utf8mb4_unicode_ci DEFAULT NULL,
  PRIMARY KEY (`ID`)
) ENGINE=MyISAM AUTO_INCREMENT=42 DEFAULT CHARSET=utf8mb4 COLLATE=utf8mb4_unicode_ci;

--
-- Dumping data for table `wp_icl_string_packages`
--

INSERT INTO `wp_icl_string_packages` VALUES (6,'page-builder-shortcode-strings','Page Builder ShortCode Strings','1965','Page Builder Page 1965','','',1965,'{\"total\":9,\"to_translate\":{\"ar\":0}}'),(4,'page-builder-shortcode-strings','Page Builder ShortCode Strings','40','Page Builder Page 40','','',40,'{\"total\":63,\"to_translate\":{\"ar\":0}}'),(5,'page-builder-shortcode-strings','Page Builder ShortCode Strings','2035','Page Builder Page 2035','','',2035,'{\"total\":77,\"to_translate\":{\"ar\":0}}'),(7,'page-builder-shortcode-strings','Page Builder ShortCode Strings','84','Page Builder Page 84','','',84,'{\"total\":77,\"to_translate\":{\"ar\":1}}'),(8,'page-builder-shortcode-strings','Page Builder ShortCode Strings','74','Page Builder Page 74','','',74,'{\"total\":5,\"to_translate\":{\"ar\":0}}'),(9,'page-builder-shortcode-strings','Page Builder ShortCode Strings','160','Page Builder Page 160','','',160,'{\"total\":28,\"to_translate\":{\"ar\":0}}'),(10,'page-builder-shortcode-strings','Page Builder ShortCode Strings','275','Page Builder Page 275','','',275,'{\"total\":52,\"to_translate\":{\"ar\":9}}'),(11,'page-builder-shortcode-strings','Page Builder ShortCode Strings','842','Page Builder Page 842','','',842,'{\"total\":29,\"to_translate\":{\"ar\":19}}'),(12,'page-builder-shortcode-strings','Page Builder ShortCode Strings','837','Page Builder Page 837','','',837,'{\"total\":19,\"to_translate\":{\"ar\":0}}'),(13,'page-builder-shortcode-strings','Page Builder ShortCode Strings','1291','Page Builder Page 1291','','',1291,'{\"total\":346,\"to_translate\":{\"ar\":0}}'),(14,'page-builder-shortcode-strings','Page Builder ShortCode Strings','1294','Page Builder Page 1294','','',1294,'{\"total\":276,\"to_translate\":{\"ar\":214}}'),(15,'page-builder-shortcode-strings','Page Builder ShortCode Strings','42','Page Builder Page 42','','',42,'{\"total\":117,\"to_translate\":{\"ar\":0}}'),(16,'page-builder-shortcode-strings','Page Builder ShortCode Strings','2638','Page Builder Page 2638','','',2638,'{\"total\":16,\"to_translate\":{\"ar\":0}}'),(17,'page-builder-shortcode-strings','Page Builder ShortCode Strings','2649','Page Builder Page 2649','','',2649,'{\"total\":177,\"to_translate\":{\"ar\":0}}'),(18,'page-builder-shortcode-strings','Page Builder ShortCode Strings','2412','Page Builder Page 2412','','',2412,'{\"total\":12,\"to_translate\":{\"ar\":2}}'),(19,'page-builder-shortcode-strings','Page Builder ShortCode Strings','1012','Page Builder Page 1012','','',1012,'{\"total\":113,\"to_translate\":{\"ar\":0}}'),(20,'page-builder-shortcode-strings','Page Builder ShortCode Strings','1010','Page Builder Page 1010','','',1010,'{\"total\":122,\"to_translate\":{\"ar\":0}}'),(21,'page-builder-shortcode-strings','Page Builder ShortCode Strings','1281','Page Builder Page 1281','','',1281,'{\"total\":28,\"to_translate\":{\"ar\":2}}'),(22,'page-builder-shortcode-strings','Page Builder ShortCode Strings','2170','Page Builder Page 2170','','',2170,'{\"total\":32,\"to_translate\":{\"ar\":2}}'),(23,'page-builder-shortcode-strings','Page Builder ShortCode Strings','1007','Page Builder Page 1007','','',1007,'{\"total\":118,\"to_translate\":{\"ar\":0}}'),(24,'page-builder-shortcode-strings','Page Builder ShortCode Strings','1322','Page Builder Page 1322','','',1322,'{\"total\":0,\"to_translate\":{\"ar\":0}}'),(25,'page-builder-shortcode-strings','Page Builder ShortCode Strings','2644','Page Builder Page 2644','','',2644,'{\"total\":19,\"to_translate\":{\"ar\":0}}'),(26,'page-builder-shortcode-strings','Page Builder ShortCode Strings','2643','Page Builder Page 2643','','',2643,'{\"total\":17,\"to_translate\":{\"ar\":0}}'),(27,'page-builder-shortcode-strings','Page Builder ShortCode Strings','2172','Page Builder Page 2172','','',2172,'{\"total\":26,\"to_translate\":{\"ar\":0}}'),(28,'page-builder-shortcode-strings','Page Builder ShortCode Strings','1824','Page Builder Page 1824','','',1824,'{\"total\":2,\"to_translate\":{\"ar\":0}}'),(29,'page-builder-shortcode-strings','Page Builder ShortCode Strings','1822','Page Builder Page 1822','','',1822,'{\"total\":4,\"to_translate\":{\"ar\":0}}'),(30,'page-builder-shortcode-strings','Page Builder ShortCode Strings','1807','Page Builder Page 1807','','',1807,'{\"total\":2,\"to_translate\":{\"ar\":0}}'),(31,'page-builder-shortcode-strings','Page Builder ShortCode Strings','1805','Page Builder Page 1805','','',1805,'{\"total\":7,\"to_translate\":{\"ar\":0}}'),(32,'page-builder-shortcode-strings','Page Builder ShortCode Strings','1763','Page Builder Page 1763','','',1763,'{\"total\":9,\"to_translate\":{\"ar\":0}}'),(33,'page-builder-shortcode-strings','Page Builder ShortCode Strings','1465','Page Builder Page 1465','','',1465,'{\"total\":0,\"to_translate\":{\"ar\":0}}'),(34,'page-builder-shortcode-strings','Page Builder ShortCode Strings','1174','Page Builder Page 1174','','',1174,'{\"total\":2,\"to_translate\":{\"ar\":2}}'),(35,'page-builder-shortcode-strings','Page Builder ShortCode Strings','1160','Page Builder Page 1160','','',1160,'{\"total\":0,\"to_translate\":{\"ar\":0}}'),(36,'page-builder-shortcode-strings','Page Builder ShortCode Strings','1151','Page Builder Page 1151','','',1151,'{\"total\":2,\"to_translate\":{\"ar\":0}}'),(37,'page-builder-shortcode-strings','Page Builder ShortCode Strings','1005','Page Builder Page 1005','','',1005,'{\"total\":115,\"to_translate\":{\"ar\":0}}'),(38,'page-builder-shortcode-strings','Page Builder ShortCode Strings','2505','Page Builder Page 2505','','',2505,'{\"total\":84,\"to_translate\":{\"ar\":0}}'),(39,'page-builder-shortcode-strings','Page Builder ShortCode Strings','2664','Page Builder Page 2664','','',2664,'{\"total\":173,\"to_translate\":{\"ar\":0}}'),(40,'page-builder-shortcode-strings','Page Builder ShortCode Strings','2731','Page Builder Page 2731','','',2731,'{\"total\":109,\"to_translate\":{\"ar\":0}}'),(41,'page-builder-shortcode-strings','Page Builder ShortCode Strings','3704','Page Builder Page 3704','','',3704,'{\"total\":88,\"to_translate\":{\"ar\":88}}');

--
-- Table structure for table `wp_icl_string_pages`
--

CREATE TABLE `wp_icl_string_pages` (
  `id` bigint(20) unsigned NOT NULL AUTO_INCREMENT,
  `string_id` bigint(20) unsigned NOT NULL,
  `url_id` bigint(20) unsigned NOT NULL,
  PRIMARY KEY (`id`),
  KEY `string_to_url_id` (`url_id`),
  KEY `string_id` (`string_id`)
) ENGINE=MyISAM DEFAULT CHARSET=utf8mb4 COLLATE=utf8mb4_unicode_ci;

--
-- Dumping data for table `wp_icl_string_pages`
--


--
-- Table structure for table `wp_icl_string_positions`
--

CREATE TABLE `wp_icl_string_positions` (
  `id` bigint(20) unsigned NOT NULL AUTO_INCREMENT,
  `string_id` bigint(20) NOT NULL,
  `kind` tinyint(4) DEFAULT NULL,
  `position_in_page` varchar(255) COLLATE utf8mb4_unicode_ci NOT NULL,
  PRIMARY KEY (`id`),
  KEY `string_id` (`string_id`)
) ENGINE=MyISAM AUTO_INCREMENT=10823 DEFAULT CHARSET=utf8mb4 COLLATE=utf8mb4_unicode_ci;

--
-- Dumping data for table `wp_icl_string_positions`
--

INSERT INTO `wp_icl_string_positions` VALUES (10563,2740,0,'wp-content/themes/Avada/includes/avada-app/class-fusion-panel.php::729'),(10564,1037,0,'wp-content/themes/Avada/includes/avada-app/class-fusion-panel.php::743'),(5425,193,0,'wp-content/themes/Avada/includes/class-avada-sermon-manager.php::97'),(5631,365,0,'wp-content/themes/Avada/includes/importer/avada-cp-import-functions.php::976'),(5630,363,0,'wp-content/themes/Avada/includes/importer/avada-cp-import-functions.php::879'),(5618,358,0,'wp-content/themes/Avada/includes/importer/avada-cp-import-functions.php::357'),(5619,359,0,'wp-content/themes/Avada/includes/importer/avada-cp-import-functions.php::398'),(5620,360,0,'wp-content/themes/Avada/includes/importer/avada-cp-import-functions.php::411'),(5621,361,0,'wp-content/themes/Avada/includes/importer/avada-cp-import-functions.php::535'),(5622,362,0,'wp-content/themes/Avada/includes/importer/avada-cp-import-functions.php::567'),(5623,363,0,'wp-content/themes/Avada/includes/importer/avada-cp-import-functions.php::576'),(5624,357,0,'wp-content/themes/Avada/includes/importer/avada-cp-import-functions.php::612'),(5625,358,0,'wp-content/themes/Avada/includes/importer/avada-cp-import-functions.php::638'),(5626,359,0,'wp-content/themes/Avada/includes/importer/avada-cp-import-functions.php::680'),(5627,364,0,'wp-content/themes/Avada/includes/importer/avada-cp-import-functions.php::693'),(5628,361,0,'wp-content/themes/Avada/includes/importer/avada-cp-import-functions.php::838'),(5629,362,0,'wp-content/themes/Avada/includes/importer/avada-cp-import-functions.php::870'),(5617,357,0,'wp-content/themes/Avada/includes/importer/avada-cp-import-functions.php::331'),(5616,363,0,'wp-content/themes/Avada/includes/importer/avada-cp-import-functions.php::293'),(5615,362,0,'wp-content/themes/Avada/includes/importer/avada-cp-import-functions.php::284'),(5614,361,0,'wp-content/themes/Avada/includes/importer/avada-cp-import-functions.php::252'),(5613,360,0,'wp-content/themes/Avada/includes/importer/avada-cp-import-functions.php::120'),(5610,357,0,'wp-content/themes/Avada/includes/importer/avada-cp-import-functions.php::41'),(5611,358,0,'wp-content/themes/Avada/includes/importer/avada-cp-import-functions.php::67'),(5612,359,0,'wp-content/themes/Avada/includes/importer/avada-cp-import-functions.php::107'),(10544,4256,0,'wp-content/themes/Avada/includes/avada-app/class-fusion-panel.php::526'),(10543,4255,0,'wp-content/themes/Avada/includes/avada-app/class-fusion-panel.php::525'),(10534,4249,0,'wp-content/themes/Avada/includes/avada-app/fusion-panel.php::116'),(10535,637,0,'wp-content/themes/Avada/includes/avada-app/fusion-panel.php::104'),(10536,4250,0,'wp-content/themes/Avada/includes/avada-app/fusion-panel.php::107'),(10537,4251,0,'wp-content/themes/Avada/includes/avada-app/class-fusion-panel.php::1062'),(10542,4254,0,'wp-content/themes/Avada/includes/avada-app/class-fusion-panel.php::523'),(6745,1339,0,'wp-content/themes/Avada/includes/lib/inc/redux/framework/FusionReduxCore/inc/themecheck/checks/full_package.php::22'),(6746,1340,0,'wp-content/themes/Avada/includes/lib/inc/redux/framework/FusionReduxCore/inc/themecheck/checks/full_package.php::23'),(6744,1338,0,'wp-content/themes/Avada/includes/lib/inc/redux/framework/FusionReduxCore/inc/themecheck/checks/full_package.php::21'),(6743,1337,0,'wp-content/themes/Avada/includes/lib/inc/redux/framework/FusionReduxCore/inc/themecheck/checks/full_package.php::20'),(6739,1333,0,'wp-content/themes/Avada/includes/lib/inc/redux/framework/FusionReduxCore/inc/themecheck/checks/full_package.php::16'),(6740,1334,0,'wp-content/themes/Avada/includes/lib/inc/redux/framework/FusionReduxCore/inc/themecheck/checks/full_package.php::17'),(6741,1335,0,'wp-content/themes/Avada/includes/lib/inc/redux/framework/FusionReduxCore/inc/themecheck/checks/full_package.php::18'),(6742,1336,0,'wp-content/themes/Avada/includes/lib/inc/redux/framework/FusionReduxCore/inc/themecheck/checks/full_package.php::19'),(10259,4046,0,'wp-content/themes/Avada/includes/options/blog.php::526'),(10260,719,0,'wp-content/themes/Avada/includes/options/blog.php::527'),(10261,4047,0,'wp-content/themes/Avada/includes/options/blog.php::528'),(10262,720,0,'wp-content/themes/Avada/includes/options/blog.php::529'),(10209,4022,0,'wp-content/themes/Avada/includes/options/blog.php::686'),(10200,3465,0,'wp-content/themes/Avada/includes/options/blog.php::218'),(10201,4017,0,'wp-content/themes/Avada/includes/options/blog.php::219'),(10202,3467,0,'wp-content/themes/Avada/includes/options/blog.php::239'),(10203,4018,0,'wp-content/themes/Avada/includes/options/blog.php::240'),(10204,3469,0,'wp-content/themes/Avada/includes/options/blog.php::260'),(10205,4019,0,'wp-content/themes/Avada/includes/options/blog.php::261'),(10206,3471,0,'wp-content/themes/Avada/includes/options/blog.php::281'),(10207,4020,0,'wp-content/themes/Avada/includes/options/blog.php::282'),(10208,4021,0,'wp-content/themes/Avada/includes/options/blog.php::685'),(10672,4342,0,'wp-content/themes/Avada/tribe-events/widgets/list-widget.php::65'),(10671,4330,0,'wp-content/themes/Avada/tribe-events/day/single-event.php::70'),(10670,4341,0,'wp-content/themes/Avada/tribe-events/pro/widgets/countdown-widget.php::34'),(10668,4339,0,'wp-content/themes/Avada/tribe-events/pro/widgets/countdown-widget.php::25'),(10669,4340,0,'wp-content/themes/Avada/tribe-events/pro/widgets/countdown-widget.php::29'),(10667,4338,0,'wp-content/themes/Avada/tribe-events/pro/widgets/countdown-widget.php::21'),(10663,4334,0,'wp-content/themes/Avada/tribe-events/pro/widgets/list-widget.php::65'),(10664,4335,0,'wp-content/themes/Avada/tribe-events/pro/widgets/list-widget.php::57'),(10665,4336,0,'wp-content/themes/Avada/tribe-events/pro/widgets/venue-widget.php::40'),(10666,4337,0,'wp-content/themes/Avada/tribe-events/pro/widgets/venue-widget.php::63'),(10660,4331,0,'wp-content/themes/Avada/tribe-events/pro/related-events.php::27'),(10658,4329,0,'wp-content/themes/Avada/tribe-events/single-event.php::119'),(10659,4330,0,'wp-content/themes/Avada/tribe-events/pro/map/single-event.php::69'),(10673,4334,0,'wp-content/themes/Avada/tribe-events/widgets/list-widget.php::69'),(10674,4330,0,'wp-content/themes/Avada/tribe-events/list/single-event.php::73'),(10596,4290,0,'wp-content/themes/Avada/includes/avada-app/class-fusion-panel.php::1492'),(10590,4287,0,'wp-content/themes/Avada/includes/avada-app/class-fusion-panel.php::1161'),(7094,186,0,'wp-content/themes/Avada/includes/class-avada-layout-bbpress.php::142'),(10046,3906,0,'wp-content/themes/Avada/includes/options/forms.php::205'),(10047,3907,0,'wp-content/themes/Avada/includes/options/forms.php::206'),(10779,4409,0,'wp-content/themes/Avada/templates/menu-mobile-flyout.php::40'),(10768,4400,0,'wp-content/themes/Avada/templates/wc-cart-shipping-calc.php::91'),(10769,4401,0,'wp-content/themes/Avada/templates/wc-cart-shipping-calc.php::31'),(10770,4402,0,'wp-content/themes/Avada/templates/wc-cart-shipping-calc.php::57'),(10771,4403,0,'wp-content/themes/Avada/templates/author-info.php::30'),(10772,4404,0,'wp-content/themes/Avada/templates/author-info.php::32'),(10773,4405,0,'wp-content/themes/Avada/templates/author-info.php::44'),(10774,4406,0,'wp-content/themes/Avada/templates/author-info.php::50'),(10775,1587,0,'wp-content/themes/Avada/templates/privacy-bar.php::80'),(10776,4407,0,'wp-content/themes/Avada/templates/wc-quick-view-container.php::21'),(10777,1443,0,'wp-content/themes/Avada/templates/menu-mobile-flyout.php::21'),(10778,4408,0,'wp-content/themes/Avada/templates/menu-mobile-flyout.php::34'),(10767,4399,0,'wp-content/themes/Avada/templates/wc-cart-shipping-calc.php::85'),(10760,4394,0,'wp-content/themes/Avada/templates/blog-layout.php::387'),(10761,2844,0,'wp-content/themes/Avada/templates/wc-product-loop-outofstock-flash.php::23'),(10762,4396,0,'wp-content/themes/Avada/templates/wc-cart-shipping-calc.php::24'),(10763,4397,0,'wp-content/themes/Avada/templates/wc-cart-shipping-calc.php::51'),(10764,4397,0,'wp-content/themes/Avada/templates/wc-cart-shipping-calc.php::56'),(10765,4397,0,'wp-content/themes/Avada/templates/wc-cart-shipping-calc.php::68'),(10766,4398,0,'wp-content/themes/Avada/templates/wc-cart-shipping-calc.php::77'),(10822,1436,0,'wp-content/themes/Avada/single.php::21'),(10821,1437,0,'wp-content/themes/Avada/single.php::20'),(10820,4302,0,'wp-content/themes/Avada/single.php::73'),(10819,4432,0,'wp-content/themes/Avada/woocommerce/checkout/thankyou.php::73'),(10818,4431,0,'wp-content/themes/Avada/woocommerce/checkout/thankyou.php::67'),(10817,4430,0,'wp-content/themes/Avada/woocommerce/checkout/thankyou.php::61'),(10816,4429,0,'wp-content/themes/Avada/woocommerce/checkout/thankyou.php::55'),(10815,4428,0,'wp-content/themes/Avada/woocommerce/checkout/thankyou.php::50'),(10814,4427,0,'wp-content/themes/Avada/woocommerce/checkout/thankyou.php::39'),(10812,4425,0,'wp-content/themes/Avada/woocommerce/checkout/thankyou.php::34'),(10813,4426,0,'wp-content/themes/Avada/woocommerce/checkout/thankyou.php::37'),(10810,4424,0,'wp-content/themes/Avada/woocommerce/checkout/thankyou.php::46'),(10811,4424,0,'wp-content/themes/Avada/woocommerce/checkout/thankyou.php::90'),(10808,4361,0,'wp-content/themes/Avada/woocommerce/checkout/form-pay.php::29'),(10809,4423,0,'wp-content/themes/Avada/woocommerce/checkout/form-pay.php::30'),(10805,4362,0,'wp-content/themes/Avada/woocommerce/checkout/review-order.php::127'),(10806,4421,0,'wp-content/themes/Avada/woocommerce/checkout/form-pay.php::111'),(10807,4422,0,'wp-content/themes/Avada/woocommerce/checkout/form-pay.php::23'),(10803,4415,0,'wp-content/themes/Avada/woocommerce/checkout/review-order.php::27'),(10804,4415,0,'wp-content/themes/Avada/woocommerce/checkout/review-order.php::80'),(10801,4420,0,'wp-content/themes/Avada/woocommerce/single-product/add-to-cart/variable.php::36'),(10802,4361,0,'wp-content/themes/Avada/woocommerce/checkout/review-order.php::26'),(10799,4418,0,'wp-content/themes/Avada/woocommerce/single-product/tabs/additional-information.php::25'),(10800,4419,0,'wp-content/themes/Avada/woocommerce/single-product/add-to-cart/variable.php::63'),(10797,4416,0,'wp-content/themes/Avada/woocommerce/cart/cart.php::150'),(10798,4417,0,'wp-content/themes/Avada/woocommerce/single-product/tabs/description.php::16'),(10794,4413,0,'wp-content/themes/Avada/woocommerce/cart/cart.php::32'),(10795,4414,0,'wp-content/themes/Avada/woocommerce/cart/cart.php::33'),(10796,4415,0,'wp-content/themes/Avada/woocommerce/cart/cart.php::34'),(10792,4388,0,'wp-content/themes/Avada/woocommerce/cart/cart.php::155'),(10793,4361,0,'wp-content/themes/Avada/woocommerce/cart/cart.php::31'),(10759,4395,0,'wp-content/themes/Avada/templates/blog-layout.php::370'),(10598,4292,0,'wp-content/themes/Avada/includes/avada-app/class-fusion-panel.php::1500'),(10758,4394,0,'wp-content/themes/Avada/templates/blog-layout.php::357'),(10791,4345,0,'wp-content/themes/Avada/woocommerce/cart/cart.php::150'),(10790,4344,0,'wp-content/themes/Avada/woocommerce/cart/cart.php::150'),(10757,4393,0,'wp-content/themes/Avada/templates/blog-layout.php::429'),(10756,4392,0,'wp-content/themes/Avada/templates/blog-layout.php::429'),(10754,4391,0,'wp-content/themes/Avada/templates/blog-layout.php::358'),(10755,4391,0,'wp-content/themes/Avada/templates/blog-layout.php::388'),(10582,4284,0,'wp-content/themes/Avada/includes/avada-app/class-fusion-panel.php::1020'),(10581,4284,0,'wp-content/themes/Avada/includes/avada-app/class-fusion-panel.php::1012'),(10580,4283,0,'wp-content/themes/Avada/includes/avada-app/class-fusion-panel.php::994'),(10579,4282,0,'wp-content/themes/Avada/includes/avada-app/class-fusion-panel.php::952'),(10578,4281,0,'wp-content/themes/Avada/includes/avada-app/class-fusion-panel.php::941'),(10577,4280,0,'wp-content/themes/Avada/includes/avada-app/class-fusion-panel.php::928'),(10576,4279,0,'wp-content/themes/Avada/includes/avada-app/class-fusion-panel.php::915'),(10575,4278,0,'wp-content/themes/Avada/includes/avada-app/class-fusion-panel.php::905'),(10574,4272,0,'wp-content/themes/Avada/includes/avada-app/class-fusion-panel.php::894'),(10573,4277,0,'wp-content/themes/Avada/includes/avada-app/class-fusion-panel.php::881'),(10572,1037,0,'wp-content/themes/Avada/includes/avada-app/class-fusion-panel.php::876'),(10571,2112,0,'wp-content/themes/Avada/includes/avada-app/class-fusion-panel.php::842'),(10570,4276,0,'wp-content/themes/Avada/includes/avada-app/class-fusion-panel.php::830'),(10569,4275,0,'wp-content/themes/Avada/includes/avada-app/class-fusion-panel.php::822'),(10568,4274,0,'wp-content/themes/Avada/includes/avada-app/class-fusion-panel.php::785'),(10567,4273,0,'wp-content/themes/Avada/includes/avada-app/class-fusion-panel.php::774'),(10566,4272,0,'wp-content/themes/Avada/includes/avada-app/class-fusion-panel.php::761'),(10565,4271,0,'wp-content/themes/Avada/includes/avada-app/class-fusion-panel.php::748'),(10789,4362,0,'wp-content/themes/Avada/woocommerce/cart/cart.php::114'),(10753,4390,0,'wp-content/themes/Avada/templates/wc-show-details-button.php::25'),(10752,2110,0,'wp-content/themes/Avada/templates/wc-show-details-button.php::20'),(10748,4388,0,'wp-content/themes/Avada/templates/wc-proceed-to-checkout.php::15'),(10749,4389,0,'wp-content/themes/Avada/templates/wc-proceed-to-checkout.php::18'),(10750,4332,0,'wp-content/themes/Avada/templates/featured-image-wpfc_sermon.php::36'),(10751,4332,0,'wp-content/themes/Avada/templates/featured-image-wpfc_sermon.php::55'),(10787,4413,0,'wp-content/themes/Avada/woocommerce/cart/cart.php::88'),(10788,4414,0,'wp-content/themes/Avada/woocommerce/cart/cart.php::94'),(10786,4361,0,'wp-content/themes/Avada/woocommerce/cart/cart.php::51'),(10785,4412,0,'wp-content/themes/Avada/woocommerce/cart/cart.php::128'),(10784,4411,0,'wp-content/themes/Avada/woocommerce/cart/cart.php::81'),(10783,4410,0,'wp-content/themes/Avada/header.php::42'),(10782,4409,0,'wp-content/themes/Avada/templates/header-v6.php::47'),(10781,4408,0,'wp-content/themes/Avada/templates/header-v6.php::43'),(10780,1443,0,'wp-content/themes/Avada/templates/header-v6.php::30'),(10747,4387,0,'wp-content/themes/Avada/templates/elasticslider.php::34'),(10588,4286,0,'wp-content/themes/Avada/includes/avada-app/class-fusion-panel.php::1154');

--
-- Table structure for table `wp_icl_string_status`
--

CREATE TABLE `wp_icl_string_status` (
  `id` bigint(20) unsigned NOT NULL AUTO_INCREMENT,
  `rid` bigint(20) NOT NULL,
  `string_translation_id` bigint(20) NOT NULL,
  `timestamp` timestamp NOT NULL DEFAULT current_timestamp(),
  `md5` varchar(32) COLLATE utf8mb4_unicode_ci NOT NULL,
  PRIMARY KEY (`id`),
  KEY `string_translation_id` (`string_translation_id`)
) ENGINE=MyISAM DEFAULT CHARSET=utf8mb4 COLLATE=utf8mb4_unicode_ci;

--
-- Dumping data for table `wp_icl_string_status`
--


--
-- Table structure for table `wp_icl_string_translations`
--

CREATE TABLE `wp_icl_string_translations` (
  `id` bigint(20) unsigned NOT NULL AUTO_INCREMENT,
  `string_id` bigint(20) unsigned NOT NULL,
  `language` varchar(10) COLLATE utf8mb4_unicode_ci NOT NULL,
  `status` tinyint(4) NOT NULL,
  `value` longtext COLLATE utf8mb4_unicode_ci DEFAULT NULL,
  `mo_string` longtext COLLATE utf8mb4_unicode_ci DEFAULT NULL,
  `translator_id` bigint(20) unsigned DEFAULT NULL,
  `translation_service` varchar(16) COLLATE utf8mb4_unicode_ci NOT NULL DEFAULT '',
  `batch_id` int(11) NOT NULL DEFAULT 0,
  `translation_date` timestamp NOT NULL DEFAULT current_timestamp(),
  PRIMARY KEY (`id`),
  UNIQUE KEY `string_language` (`string_id`,`language`),
  KEY `status` (`status`)
) ENGINE=MyISAM AUTO_INCREMENT=559 DEFAULT CHARSET=utf8mb4 COLLATE=utf8mb4_unicode_ci;

--
-- Dumping data for table `wp_icl_string_translations`
--

INSERT INTO `wp_icl_string_translations` VALUES (1,79,'ar',10,'product',NULL,NULL,'',0,'2021-10-02 21:35:40'),(2,80,'ar',10,'product-category',NULL,NULL,'',0,'2021-10-02 21:35:40'),(3,81,'ar',10,'product-tag',NULL,NULL,'',0,'2021-10-02 21:35:40'),(65,4486,'ar',10,'https://www.namerah.com/wp-content/uploads/2021/08/Piston-Air-compressors-212x300.png',NULL,1,'local',0,'2021-10-15 18:33:58'),(56,4474,'ar',10,'2111 | ممتلئ',NULL,1,'local',0,'2021-10-15 18:33:58'),(57,4476,'ar',10,'\n\nسكرو كمبروسر\n\n',NULL,1,'local',0,'2021-10-15 18:33:58'),(58,4477,'ar',10,'https://www.namerah.com/wp-content/uploads/200lit-3HP-min.png',NULL,1,'local',0,'2021-10-15 18:33:58'),(59,4478,'ar',10,'2367 | ممتلئ',NULL,1,'local',0,'2021-10-15 18:33:58'),(60,4480,'ar',10,'\n\nكمبروسر هواء ترددي\n\n',NULL,1,'local',0,'2021-10-15 18:33:58'),(61,4481,'ar',10,'https://www.namerah.com/wp-content/uploads/AirTank-1.png',NULL,1,'local',0,'2021-10-15 18:33:58'),(62,4482,'ar',10,'2279 | ممتلئ',NULL,1,'local',0,'2021-10-15 18:33:58'),(63,4484,'ar',10,'\n\nخزانات الهواء\n\n',NULL,1,'local',0,'2021-10-15 18:33:58'),(64,4485,'ar',10,'حلول كمبروسرات الهواء<span style=\"color: #c92302;\"> ؟</span>',NULL,1,'local',0,'2021-10-15 18:33:58'),(55,4473,'ar',10,'https://www.namerah.com/wp-content/uploads/2021/08/37kw-image-1.png',NULL,1,'local',0,'2021-10-15 18:33:58'),(54,4472,'ar',10,'ضواغط هواء لكل احتياجات العمل<span style=\"color: #bc2b2b;\"> .</span>',NULL,1,'local',0,'2021-10-15 18:33:58'),(51,4469,'ar',10,'2141 | ممتلئ',NULL,1,'local',0,'2021-10-15 18:33:58'),(52,4470,'ar',10,'كمبروسر هواء',NULL,1,'local',0,'2021-10-15 18:33:58'),(53,4471,'ar',10,'\n\nمجموعتنا الواسعة من ضواغط الهواء الموثوقة والفعالة من حيث التكلفة و من حيث توفير الطاقة ويشمل ضاغط الهواء الترددي و<a href=\"https://en.wikipedia.org/wiki/Compressor\"> ضواغط</a> الهواء الحلزونية سكرو كمبروسر.\n\nنساعدك دائما لاختيار ضاغط <a href=\"https://www.namerah.com/air-compressor-solutions/%d8%b3%d9%83%d8%b1%d9%88-%d9%83%d9%85%d8%a8%d8%b1%d9%88%d8%b3%d8%b1/?lang=ar\">هواء</a> مناسب لاعمالك.\n\n',NULL,1,'local',0,'2021-10-15 18:33:58'),(50,4468,'ar',10,'https://www.namerah.com/wp-content/uploads/2021/08/all3.png',NULL,1,'local',0,'2021-10-15 18:33:58'),(49,4467,'ar',10,'\n<h2>مجموعة واسعة من ضواغط الهواء</h2>\n',NULL,1,'local',0,'2021-10-15 18:33:58'),(48,4483,'ar',10,'https://www.namerah.com/air-compressor-solutions/air-receiver-tank/',NULL,NULL,'',0,'2021-10-15 18:33:58'),(47,4479,'ar',10,'https://www.namerah.com/air-compressor-solutions/piston-compressors/',NULL,NULL,'',0,'2021-10-15 18:33:58'),(45,144,'ar',10,'0114982020',NULL,NULL,'',0,'2021-10-08 15:55:51'),(46,4475,'ar',10,'https://www.namerah.com/air-compressor-solutions/screw-compressors/',NULL,NULL,'',0,'2021-10-15 18:33:58'),(44,145,'ar',10,'ارسل ايميل',NULL,NULL,'',0,'2021-10-08 15:53:45'),(42,142,'ar',10,'المنتجات',NULL,NULL,'',0,'2021-10-08 15:51:07'),(43,146,'ar',10,'https://www.namerah.com/contact-us-2/',NULL,NULL,'',0,'2021-10-08 15:53:31'),(41,143,'ar',10,'#',NULL,NULL,'',0,'2021-10-08 15:50:09'),(132,4525,'ar',10,'https://www.namerah.com/wp-content/uploads/2021/08/AirVini-catalogue-min.png',NULL,2,'local',0,'2021-10-11 17:23:47'),(125,4517,'ar',10,'فترة الضمان الممتدة',NULL,2,'local',0,'2021-10-11 17:23:47'),(126,4518,'ar',10,'حلول كمبروسرات الهواء<span style=\"color: #c92302;\"> ؟</span>',NULL,2,'local',0,'2021-10-11 17:23:47'),(66,4487,'ar',10,'2219 | متوسط',NULL,1,'local',0,'2021-10-15 18:33:58'),(67,4488,'ar',10,'\n\nكتالوج كمبروسر الهواء الترددية\n\n',NULL,1,'local',0,'2021-10-15 18:33:58'),(68,4490,'ar',10,'https://www.namerah.com/wp-content/uploads/2021/08/Piston-Air-compressors-catalogue.pdf',NULL,1,'local',0,'2021-10-15 18:33:58'),(69,4491,'ar',10,'سكرو كمبروسر الحلزوني<span style=\"color: #c92302;\"> ؟</span>',NULL,1,'local',0,'2021-10-15 18:33:58'),(70,4492,'ar',10,'https://www.namerah.com/wp-content/uploads/2021/08/AirVini-catalogue-min-212x300.png',NULL,1,'local',0,'2021-10-15 18:33:58'),(71,4493,'ar',10,'2214 | متوسط',NULL,1,'local',0,'2021-10-15 18:33:58'),(72,4494,'ar',10,'كتالوج كمبروسر الهواء الحلزونية',NULL,1,'local',0,'2021-10-15 18:33:58'),(73,4489,'ar',10,'تحميل',NULL,1,'local',0,'2021-10-15 18:33:58'),(74,4495,'ar',10,'https://www.namerah.com/wp-content/uploads/2021/07/AirVini-screw-catalogue-1.pdf',NULL,1,'local',0,'2021-10-15 18:33:58'),(127,4519,'ar',10,'https://www.namerah.com/wp-content/uploads/2021/08/Piston-Air-compressors-212x300.png',NULL,2,'local',0,'2021-10-11 17:23:47'),(128,4520,'ar',10,'2219 | متوسط',NULL,2,'local',0,'2021-10-11 17:23:47'),(129,4521,'ar',10,'\n\nكتالوج كمبروسر الهواء الترددية\n\n',NULL,2,'local',0,'2021-10-11 17:23:47'),(130,4523,'ar',10,'https://www.namerah.com/wp-content/uploads/2021/08/Piston-Air-compressors-catalogue.pdf',NULL,2,'local',0,'2021-10-11 17:23:47'),(131,4524,'ar',10,'حلول سكرو كمبروسر الحلزوني<span style=\"color: #c92302;\"> ؟</span>',NULL,2,'local',0,'2021-10-11 17:23:47'),(105,4500,'ar',10,'https://www.namerah.com/air-compressor-solutions/%d8%b3%d9%83%d8%b1%d9%88-%d9%83%d9%85%d8%a8%d8%b1%d9%88%d8%b3%d8%b1/?lang=ar',NULL,NULL,'',0,'2021-10-11 17:23:48'),(106,4504,'ar',10,'https://www.namerah.com/air-compressor-solutions/11-%d8%a8%d8%a7%d8%b1-%d9%83%d9%85%d8%a8%d8%b1%d9%88%d8%b3%d8%b1-%d9%87%d9%88%d8%a7%d8%a1-%d8%a8%d8%b3%d8%aa%d9%88%d9%86/?lang=ar',NULL,NULL,'',0,'2021-10-11 17:23:48'),(107,4508,'ar',10,'https://www.namerah.com/air-compressor-solutions/%d8%ae%d8%b2%d8%a7%d9%86-%d8%a7%d8%b3%d8%aa%d9%82%d8%a8%d8%a7%d9%84-%d8%a7%d9%84%d9%87%d9%88%d8%a7%d8%a1-%d8%a7%d9%84%d8%b9%d9%85%d9%88%d8%af%d9%8a/?lang=ar',NULL,NULL,'',0,'2021-10-11 17:23:48'),(108,4496,'ar',10,'\n<h2>ضواغط هواء لكل متطلبات اعمالك</h2>\n',NULL,2,'local',0,'2021-10-11 17:23:47'),(109,4497,'ar',10,'https://www.namerah.com/wp-content/uploads/2021/08/37kw-image-1.png',NULL,2,'local',0,'2021-10-11 17:23:47'),(110,4498,'ar',10,'2111 | ممتلئ',NULL,2,'local',0,'2021-10-11 17:23:47'),(111,4501,'ar',10,'\n<h3>سكرو كمبروسر حلزوني</h3>\n',NULL,2,'local',0,'2021-10-11 17:23:47'),(112,4502,'ar',10,'https://www.namerah.com/wp-content/uploads/200lit-3HP-min-300x236.png',NULL,2,'local',0,'2021-10-11 17:23:47'),(113,4503,'ar',10,'2367 | متوسط',NULL,2,'local',0,'2021-10-11 17:23:47'),(114,4505,'ar',10,'\n<h3>كمبروسر هواء ترددي</h3>\n',NULL,2,'local',0,'2021-10-11 17:23:47'),(115,4506,'ar',10,'https://www.namerah.com/wp-content/uploads/Air-receiver-tank-693x1024.png',NULL,2,'local',0,'2021-10-11 17:23:47'),(116,4507,'ar',10,'2652 | كبير',NULL,2,'local',0,'2021-10-11 17:23:47'),(117,4509,'ar',10,'\n<h3>خزانات الهواء</h3>\n',NULL,2,'local',0,'2021-10-11 17:23:47'),(118,4510,'ar',10,'https://www.namerah.com/wp-content/uploads/namerah-company-1-400x208.jpg',NULL,2,'local',0,'2021-10-11 17:23:47'),(119,4511,'ar',10,'2281 | الانصهار -400',NULL,2,'local',0,'2021-10-11 17:23:47'),(120,4512,'ar',10,'كمبروسر هواء',NULL,2,'local',0,'2021-10-11 17:23:47'),(121,4513,'ar',10,'<span style=\"{wpml_trans_unit_16_0_0_-1_0}\" data-fusion-font=\"{wpml_trans_unit_16_0_0_-1_1}\">لماذا تختار كمبروسر الهواء من نمرة ؟</span><span style=\"color: #bc1b18;\"> .</span>',NULL,2,'local',0,'2021-10-11 17:23:47'),(122,4514,'ar',10,'\n<p style=\"font-size: 17px;\" data-fusion-font=\"true\">نعتقد أن الجودة والسعر والخدمة هي الأكثر أهمية بالنسبة لك لاختيار <a href=\"https://www.namerah.com/air-compressor-solutions/piston-compressors/?lang=ar\">كمبروسر الهواء</a> المناسب.</p>\n',NULL,2,'local',0,'2021-10-11 17:23:47'),(123,4515,'ar',10,'سعر تنافسي وجودة عالية',NULL,2,'local',0,'2021-10-11 17:23:47'),(124,4516,'ar',10,'25 عاما من الخبرة',NULL,2,'local',0,'2021-10-11 17:23:47'),(133,4526,'ar',10,'2214 | ممتلئ',NULL,2,'local',0,'2021-10-11 17:23:47'),(134,4499,'ar',10,'كمبروسرات الهواء',NULL,2,'local',0,'2021-10-11 17:23:47'),(135,4527,'ar',10,'كتالوج كمبروسر الهواء الحلزونية',NULL,2,'local',0,'2021-10-11 17:23:47'),(136,4522,'ar',10,'تحميل',NULL,2,'local',0,'2021-10-11 17:23:47'),(137,4528,'ar',10,'https://www.namerah.com/wp-content/uploads/2021/07/AirVini-screw-catalogue-1.pdf',NULL,2,'local',0,'2021-10-11 17:23:47'),(138,4529,'ar',10,'[fusion_form_text label=\"الاسم\" name=\"name\" required=\"yes\" disabled placeholder=\"\" tooltip=\"\" input_field_icon=\"\" minlength=\"0\" maxlength=\"0\" tab_index=\"\" class=\"\" id=\"\" logics=\"\" /]',NULL,1,'local',0,'2021-10-12 19:52:00'),(139,4530,'ar',10,'[fusion_form_phone_number label=\"هاتف\" name=\"phone\" required=\"yes\" placeholder=\"\" tooltip=\"\" input_field_icon=\"fusion-prefix-icon-accountant-call-us\" tab_index=\"\" class=\"\" id=\"\" logics=\"\" /]',NULL,1,'local',0,'2021-10-12 19:52:00'),(140,4531,'ar',10,'البريد الإلكتروني',NULL,1,'local',0,'2021-10-12 19:52:00'),(141,4532,'ar',10,'كيف يمكن أن نساعدك؟',NULL,1,'local',0,'2021-10-12 19:52:00'),(142,4533,'ar',10,'ارسال الطلب',NULL,1,'local',0,'2021-10-12 19:52:00'),(143,4534,'ar',10,'أتصل بنا',NULL,1,'local',0,'2021-10-15 18:19:08'),(144,4535,'ar',10,'نصنع افضل ضواغط الهواء',NULL,1,'local',0,'2021-10-15 18:19:08'),(147,4538,'ar',10,'info@namerah.com',NULL,1,'local',0,'2021-10-15 18:19:08'),(148,4539,'ar',10,'<span style=\"font-family: Manrope; font-weight: 400; line-height: 30px;\" data-fusion-font=\"true\" data-fusion-google-font=\"Manrope\" data-fusion-google-variant=\"400\">شارع 41 ، المدينة الصناعية الثانية ، الرياض 14332 ، المملكة العربية السعودية</span>',NULL,1,'local',0,'2021-10-15 18:19:08'),(149,4540,'ar',10,'العنوان',NULL,1,'local',0,'2021-10-15 18:19:08'),(151,4543,'ar',10,'Contact',NULL,1,'local',0,'2021-10-15 18:19:08'),(153,4545,'ar',10,'ساعات العمل',NULL,1,'local',0,'2021-10-15 18:19:08'),(154,4541,'ar',10,'قراءة المزيد',NULL,1,'local',0,'2021-10-15 18:19:08'),(155,4546,'ar',10,'شارع 41 ، المدينة الصناعية الثانية ، الرياض 14332',NULL,1,'local',0,'2021-10-15 18:19:08'),(156,4547,'ar',10,'default',NULL,1,'local',0,'2021-10-15 18:19:08'),(158,4549,'ar',10,'<ul>\r\n 	<li>احصل على السعر التنافسي</li>\r\n 	<li>نقدم لك أفضل خدمة لضواغط الهواء</li>\r\n 	<li>نوفر لك الدعم فني والصيانة المميزه</li>\r\n 	<li>الجودة ISO 9001: 2015</li>\r\n 	<li>نتعاون معكم لتلبية احتياجات اعمالكم باستمرار</li>\r\n</ul>\r\n',NULL,1,'local',0,'2021-10-15 18:19:08'),(163,4557,'ar',10,'https://www.namerah.com/?lang=ar',NULL,NULL,'',0,'2021-10-12 20:41:51'),(164,4559,'ar',10,'[fusion_menu menu=\"above-contact-menu\" hide_on_mobile=\"small-visibility,medium-visibility,large-visibility\" sticky_display=\"normal,sticky\" direction=\"row\" margin_top=\"\" margin_bottom=\"\" transition_time=\"300\" submenu_space=\"12px\" arrows=\"\" arrows_size_width=\"\" arrows_size_height=\"\" class=\"\" id=\"\" min_height=\"56px\" sticky_min_height=\"\" align_items=\"center\" justify_content=\"flex-start\" font_size=\"16px\" fusion_font_family_typography=\"Manrope\" fusion_font_variant_typography=\"600\" letter_spacing=\"\" text_transform=\"none\" main_justify_content=\"left\" items_padding_top=\"6px\" items_padding_right=\"10px\" items_padding_bottom=\"6px\" items_padding_left=\"10px\" gap=\"6px\" border_radius_top_left=\"6px\" border_radius_top_right=\"6px\" border_radius_bottom_right=\"6px\" border_radius_bottom_left=\"6px\" transition_type=\"fade\" icons_position=\"left\" icons_size=\"17\" thumbnail_size_width=\"\" thumbnail_size_height=\"\" justify_title=\"center\" bg=\"\" color=\"#023a51\" border_top=\"\" border_right=\"\" border_bottom=\"\" border_left=\"\" border_color=\"#cc3e2e\" icons_color=\"#023a51\" active_bg=\"\" active_color=\"#023a51\" active_border_top=\"\" active_border_right=\"\" active_border_bottom=\"\" active_border_left=\"\" active_border_color=\"\" icons_hover_color=\"#cc3e2e\" dropdown_carets=\"yes\" submenu_mode=\"dropdown\" expand_method=\"hover\" expand_direction=\"right\" expand_transition=\"fade\" submenu_max_width=\"\" submenu_flyout_direction=\"fade\" submenu_font_size=\"\" fusion_font_family_submenu_typography=\"\" fusion_font_variant_submenu_typography=\"\" submenu_text_transform=\"none\" submenu_items_padding_top=\"\" submenu_items_padding_right=\"\" submenu_items_padding_bottom=\"\" submenu_items_padding_left=\"\" submenu_border_radius_top_left=\"\" submenu_border_radius_top_right=\"\" submenu_border_radius_bottom_right=\"\" submenu_border_radius_bottom_left=\"\" box_shadow=\"no\" box_shadow_vertical=\"\" box_shadow_horizontal=\"\" box_shadow_blur=\"0\" box_shadow_spread=\"0\" box_shadow_color=\"\" box_shadow_style=\"\" submenu_sep_color=\"\" submenu_bg=\"\" submenu_color=\"\" flyout_close_color=\"\" submenu_active_bg=\"\" submenu_active_color=\"\" flyout_active_close_color=\"\" breakpoint=\"small\" custom_breakpoint=\"800\" mobile_nav_mode=\"collapse-to-button\" mobile_nav_size=\"full-absolute\" trigger_padding_top=\"\" trigger_padding_right=\"\" trigger_padding_bottom=\"\" trigger_padding_left=\"\" mobile_trigger_background_color=\"\" mobile_trigger_color=\"\" collapsed_nav_text=\"\" collapsed_nav_icon_open=\"fusion-prefix-icon-accountant-menu\" collapsed_nav_icon_close=\"fusion-prefix-icon-accountant-cancel\" mobile_trigger_font_size=\"\" mobile_nav_button_align_hor=\"flex-start\" mobile_nav_trigger_fullwidth=\"off\" mobile_nav_trigger_bottom_margin=\"\" mobile_nav_items_height=\"65\" mobile_sticky_max_height=\"\" mobile_justify_content=\"left\" mobile_indent_submenu=\"on\" mobile_font_size=\"\" fusion_font_family_mobile_typography=\"\" fusion_font_variant_mobile_typography=\"\" mobile_sep_color=\"\" mobile_bg=\"\" mobile_color=\"\" mobile_active_bg=\"\" mobile_active_color=\"\" animation_type=\"\" animation_direction=\"left\" animation_speed=\"0.3\" animation_offset=\"\" /]',NULL,1,'local',0,'2021-10-12 20:41:50'),(160,4552,'ar',10,'<span style=\"{wpml_trans_unit_11_0_0_-1_0}\" data-fusion-font=\"{wpml_trans_unit_11_0_0_-1_1}\" data-fusion-google-font=\"{wpml_trans_unit_11_0_0_-1_2}\" data-fusion-google-variant=\"{wpml_trans_unit_11_0_0_-1_3}\">الأحد - الخميس: 8 صباحًا - 5 مساءً</span> <span style=\"font-family: Manrope; font-weight: 400; line-height: 30px;\" data-fusion-font=\"true\" data-fusion-google-font=\"Manrope\" data-fusion-google-variant=\"400\">\r\n السبت: 11 صباحًا - 4 مساءً</span>',NULL,1,'local',0,'2021-10-15 18:19:08'),(161,4553,'ar',10,'<span style=\"font-size: 18pt;\"><strong><span style=\"color: #59667d;\">اتصل بنا<span style=\"color: #03a353;\"><span style=\"color: #59667d;\"> بواسطة</span><span style=\"color: #00ba03;\"> ال WhatsApp</span></span></span></strong></span>\r\n\r\n',NULL,1,'local',0,'2021-10-15 18:19:08'),(165,4560,'ar',10,'[fusion_menu menu=\"main-menu\" hide_on_mobile=\"small-visibility,medium-visibility,large-visibility\" sticky_display=\"normal,sticky\" direction=\"row\" margin_top=\"10px\" margin_bottom=\"10px\" transition_time=\"300\" submenu_space=\"10px\" arrows=\"\" arrows_size_width=\"\" arrows_size_height=\"\" class=\"\" id=\"\" min_height=\"48px\" sticky_min_height=\"\" align_items=\"stretch\" justify_content=\"space-evenly\" font_size=\"18px\" fusion_font_family_typography=\"Manrope\" fusion_font_variant_typography=\"600\" letter_spacing=\"\" text_transform=\"none\" main_justify_content=\"left\" items_padding_top=\"\" items_padding_right=\"10px\" items_padding_bottom=\"2px\" items_padding_left=\"10px\" gap=\"6px\" border_radius_top_left=\"\" border_radius_top_right=\"\" border_radius_bottom_right=\"\" border_radius_bottom_left=\"\" transition_type=\"center\" icons_position=\"left\" icons_size=\"16\" thumbnail_size_width=\"\" thumbnail_size_height=\"\" justify_title=\"center\" bg=\"\" color=\"#023a51\" border_top=\"2px\" border_right=\"\" border_bottom=\"2px\" border_left=\"\" border_color=\"\" icons_color=\"#023a51\" active_bg=\"\" active_color=\"#023a51\" active_border_top=\"2px\" active_border_right=\"\" active_border_bottom=\"2px\" active_border_left=\"\" active_border_color=\"#cc3e2e\" icons_hover_color=\"#cc3e2e\" dropdown_carets=\"yes\" submenu_mode=\"dropdown\" expand_method=\"hover\" expand_direction=\"right\" expand_transition=\"slide_up\" submenu_max_width=\"280px\" submenu_flyout_direction=\"fade\" submenu_font_size=\"16px\" fusion_font_family_submenu_typography=\"Manrope\" fusion_font_variant_submenu_typography=\"600\" submenu_text_transform=\"none\" submenu_items_padding_top=\"12px\" submenu_items_padding_right=\"\" submenu_items_padding_bottom=\"12px\" submenu_items_padding_left=\"20px\" submenu_border_radius_top_left=\"0px\" submenu_border_radius_top_right=\"8px\" submenu_border_radius_bottom_right=\"8px\" submenu_border_radius_bottom_left=\"8px\" box_shadow=\"yes\" box_shadow_vertical=\"20px\" box_shadow_horizontal=\"0px\" box_shadow_blur=\"32\" box_shadow_spread=\"-12\" box_shadow_color=\"rgba(2,58,81,0.2)\" box_shadow_style=\"\" submenu_sep_color=\"rgba(249,250,251,0)\" submenu_bg=\"\" submenu_color=\"#023a51\" flyout_close_color=\"\" submenu_active_bg=\"#ffffff\" submenu_active_color=\"#cc3e2e\" flyout_active_close_color=\"\" breakpoint=\"medium\" custom_breakpoint=\"800\" mobile_nav_mode=\"collapse-to-button\" mobile_nav_size=\"column-absolute\" trigger_padding_top=\"\" trigger_padding_right=\"\" trigger_padding_bottom=\"\" trigger_padding_left=\"\" mobile_trigger_background_color=\"#023a51\" mobile_trigger_color=\"#023a51\" collapsed_nav_text=\"Menu\" collapsed_nav_icon_open=\"fusion-prefix-icon-accountant-menu\" collapsed_nav_icon_close=\"fusion-prefix-icon-accountant-cancel\" mobile_trigger_font_size=\"\" mobile_nav_button_align_hor=\"flex-end\" mobile_nav_trigger_fullwidth=\"off\" mobile_nav_trigger_bottom_margin=\"\" mobile_nav_items_height=\"72\" mobile_sticky_max_height=\"\" mobile_justify_content=\"center\" mobile_indent_submenu=\"on\" mobile_font_size=\"\" fusion_font_family_mobile_typography=\"Manrope\" fusion_font_variant_mobile_typography=\"600\" mobile_sep_color=\"#ffffff\" mobile_bg=\"\" mobile_color=\"#023a51\" mobile_active_bg=\"#ffffff\" mobile_active_color=\"#cc3e2e\" animation_type=\"\" animation_direction=\"left\" animation_speed=\"0.3\" animation_offset=\"\" /]',NULL,1,'local',0,'2021-10-12 20:41:50'),(166,4555,'ar',10,'https://www.namerah.com/wp-content/uploads/2021/07/logo.png',NULL,1,'local',0,'2021-10-12 20:41:50'),(167,4556,'ar',10,'2044 | ممتلئ',NULL,1,'local',0,'2021-10-12 20:41:50'),(168,4561,'ar',10,' أفادا ديمو',NULL,1,'local',0,'2021-10-12 20:41:50'),(169,4558,'ar',10,'eyJsaW5rIjp7ImRhdGEiOiJzaXRlX3VybCIsImxpbmsiOiJodHRwczovL3d3dy5haXJjb21wcmVzc29ycy5zYS8iLCJiZWZvcmUiOiIiLCJhZnRlciWi19',NULL,1,'local',0,'2021-10-12 20:41:50'),(170,4562,'ar',10,'[fusion_menu menu=\"accountant-contact-menu\" hide_on_mobile=\"small-visibility,medium-visibility,large-visibility\" sticky_display=\"normal,sticky\" direction=\"row\" margin_top=\"\" margin_bottom=\"\" transition_time=\"300\" submenu_space=\"12px\" arrows=\"\" arrows_size_width=\"\" arrows_size_height=\"\" class=\"\" id=\"\" min_height=\"56px\" sticky_min_height=\"\" align_items=\"center\" justify_content=\"center\" font_size=\"16px\" fusion_font_family_typography=\"Manrope\" fusion_font_variant_typography=\"600\" letter_spacing=\"\" text_transform=\"none\" main_justify_content=\"left\" items_padding_top=\"6px\" items_padding_right=\"10px\" items_padding_bottom=\"6px\" items_padding_left=\"10px\" gap=\"6px\" border_radius_top_left=\"6px\" border_radius_top_right=\"6px\" border_radius_bottom_right=\"6px\" border_radius_bottom_left=\"6px\" transition_type=\"fade\" icons_position=\"left\" icons_size=\"17\" thumbnail_size_width=\"\" thumbnail_size_height=\"\" justify_title=\"center\" bg=\"\" color=\"#023a51\" border_top=\"\" border_right=\"\" border_bottom=\"\" border_left=\"\" border_color=\"#cc3e2e\" icons_color=\"#023a51\" active_bg=\"#ffffff\" active_color=\"#023a51\" active_border_top=\"\" active_border_right=\"\" active_border_bottom=\"\" active_border_left=\"\" active_border_color=\"\" icons_hover_color=\"#cc3e2e\" dropdown_carets=\"yes\" submenu_mode=\"dropdown\" expand_method=\"hover\" expand_direction=\"right\" expand_transition=\"fade\" submenu_max_width=\"\" submenu_flyout_direction=\"fade\" submenu_font_size=\"\" fusion_font_family_submenu_typography=\"\" fusion_font_variant_submenu_typography=\"\" submenu_text_transform=\"none\" submenu_items_padding_top=\"\" submenu_items_padding_right=\"\" submenu_items_padding_bottom=\"\" submenu_items_padding_left=\"\" submenu_border_radius_top_left=\"\" submenu_border_radius_top_right=\"\" submenu_border_radius_bottom_right=\"\" submenu_border_radius_bottom_left=\"\" box_shadow=\"no\" box_shadow_vertical=\"\" box_shadow_horizontal=\"\" box_shadow_blur=\"0\" box_shadow_spread=\"0\" box_shadow_color=\"\" box_shadow_style=\"\" submenu_sep_color=\"\" submenu_bg=\"\" submenu_color=\"\" flyout_close_color=\"\" submenu_active_bg=\"\" submenu_active_color=\"\" flyout_active_close_color=\"\" breakpoint=\"never\" custom_breakpoint=\"800\" mobile_nav_mode=\"collapse-to-button\" mobile_nav_size=\"full-absolute\" trigger_padding_top=\"\" trigger_padding_right=\"\" trigger_padding_bottom=\"\" trigger_padding_left=\"\" mobile_trigger_background_color=\"\" mobile_trigger_color=\"\" collapsed_nav_text=\"\" collapsed_nav_icon_open=\"fusion-prefix-icon-accountant-menu\" collapsed_nav_icon_close=\"fusion-prefix-icon-accountant-cancel\" mobile_trigger_font_size=\"\" mobile_nav_button_align_hor=\"flex-start\" mobile_nav_trigger_fullwidth=\"off\" mobile_nav_trigger_bottom_margin=\"\" mobile_nav_items_height=\"65\" mobile_sticky_max_height=\"\" mobile_justify_content=\"left\" mobile_indent_submenu=\"on\" mobile_font_size=\"\" fusion_font_family_mobile_typography=\"\" fusion_font_variant_mobile_typography=\"\" mobile_sep_color=\"\" mobile_bg=\"\" mobile_color=\"\" mobile_active_bg=\"\" mobile_active_color=\"\" animation_type=\"\" animation_direction=\"left\" animation_speed=\"0.3\" animation_offset=\"\" /]',NULL,1,'local',0,'2021-10-12 20:41:50'),(171,4563,'ar',10,'[fusion_menu menu=\"main-menu\" hide_on_mobile=\"small-visibility,medium-visibility,large-visibility\" sticky_display=\"normal,sticky\" direction=\"row\" margin_top=\"\" margin_bottom=\"\" transition_time=\"300\" submenu_space=\"16px\" arrows=\"\" arrows_size_width=\"\" arrows_size_height=\"\" class=\"\" id=\"\" min_height=\"\" sticky_min_height=\"\" align_items=\"stretch\" justify_content=\"space-between\" font_size=\"18px\" fusion_font_family_typography=\"Manrope\" fusion_font_variant_typography=\"600\" letter_spacing=\"\" text_transform=\"none\" main_justify_content=\"left\" items_padding_top=\"\" items_padding_right=\"10px\" items_padding_bottom=\"\" items_padding_left=\"10px\" gap=\"6px\" border_radius_top_left=\"\" border_radius_top_right=\"\" border_radius_bottom_right=\"\" border_radius_bottom_left=\"\" transition_type=\"center\" icons_position=\"left\" icons_size=\"16\" thumbnail_size_width=\"\" thumbnail_size_height=\"\" justify_title=\"center\" bg=\"\" color=\"#023a51\" border_top=\"\" border_right=\"\" border_bottom=\"\" border_left=\"\" border_color=\"\" icons_color=\"#023a51\" active_bg=\"\" active_color=\"#023a51\" active_border_top=\"2px\" active_border_right=\"\" active_border_bottom=\"2px\" active_border_left=\"\" active_border_color=\"#cc3e2e\" icons_hover_color=\"#cc3e2e\" dropdown_carets=\"yes\" submenu_mode=\"dropdown\" expand_method=\"hover\" expand_direction=\"right\" expand_transition=\"slide_up\" submenu_max_width=\"\" submenu_flyout_direction=\"fade\" submenu_font_size=\"16px\" fusion_font_family_submenu_typography=\"Manrope\" fusion_font_variant_submenu_typography=\"600\" submenu_text_transform=\"none\" submenu_items_padding_top=\"16px\" submenu_items_padding_right=\"\" submenu_items_padding_bottom=\"16px\" submenu_items_padding_left=\"\" submenu_border_radius_top_left=\"0px\" submenu_border_radius_top_right=\"8px\" submenu_border_radius_bottom_right=\"8px\" submenu_border_radius_bottom_left=\"8px\" box_shadow=\"yes\" box_shadow_vertical=\"20px\" box_shadow_horizontal=\"0px\" box_shadow_blur=\"32\" box_shadow_spread=\"-12\" box_shadow_color=\"\" box_shadow_style=\"\" submenu_sep_color=\"\" submenu_bg=\"\" submenu_color=\"#023a51\" flyout_close_color=\"\" submenu_active_bg=\"\" submenu_active_color=\"#cc3e2e\" flyout_active_close_color=\"\" breakpoint=\"large\" custom_breakpoint=\"800\" mobile_nav_mode=\"collapse-to-button\" mobile_nav_size=\"full-absolute\" trigger_padding_top=\"\" trigger_padding_right=\"\" trigger_padding_bottom=\"\" trigger_padding_left=\"\" mobile_trigger_background_color=\"rgba(89,102,125,0.09)\" mobile_trigger_color=\"#023a51\" collapsed_nav_text=\"\" collapsed_nav_icon_open=\"fusion-prefix-icon-accountant-menu\" collapsed_nav_icon_close=\"fusion-prefix-icon-accountant-cancel\" mobile_trigger_font_size=\"32px\" mobile_nav_button_align_hor=\"flex-end\" mobile_nav_trigger_fullwidth=\"off\" mobile_nav_trigger_bottom_margin=\"26px\" mobile_nav_items_height=\"72\" mobile_sticky_max_height=\"\" mobile_justify_content=\"center\" mobile_indent_submenu=\"on\" mobile_font_size=\"\" fusion_font_family_mobile_typography=\"Manrope\" fusion_font_variant_mobile_typography=\"600\" mobile_sep_color=\"\" mobile_bg=\"#e5e5e5\" mobile_color=\"#023a51\" mobile_active_bg=\"#ffffff\" mobile_active_color=\"#cc3e2e\" animation_type=\"\" animation_direction=\"left\" animation_speed=\"0.3\" animation_offset=\"\" /]',NULL,1,'local',0,'2021-10-12 20:41:50'),(172,4567,'ar',10,'https://www.namerah.com/%d9%84%d9%84%d8%aa%d9%88%d8%a7%d8%b5%d9%84/?lang=ar',NULL,NULL,'',0,'2021-10-12 20:59:13'),(173,4564,'ar',10,'مصنعون ضواغط هواء<span style=\"color: #e81300;\"> .</span>',NULL,1,'local',0,'2021-10-12 20:59:13'),(174,4565,'ar',10,'\n<p>ضواغط هواء حلزونية سكرو كمبروسر ، ضواغط ترددية ، خزانات الهواء ، مجففات هواء وفلاتر . باحجام من 1.5 إلى 90 كيلو واط</p>\n',NULL,1,'local',0,'2021-10-12 20:59:13'),(175,4566,'ar',10,'عرض سعر',NULL,1,'local',0,'2021-10-12 20:59:13'),(176,4568,'ar',10,'https://www.namerah.com/wp-content/uploads/2021/08/all3.png',NULL,1,'local',0,'2021-10-12 20:59:13'),(177,4569,'ar',10,'2141 | ممتلئ',NULL,1,'local',0,'2021-10-12 20:59:13'),(178,4570,'ar',10,'https://www.namerah.com/wp-content/uploads/2020/08/avada-accountant-logo-@2x.png',NULL,1,'local',0,'2021-10-13 20:40:16'),(180,4572,'ar',10,'\n<p>شركة نمرة الصناعية تخصصت في تصنيع ضواغط الهواء والخزانات بانواعها ...</p>\n',NULL,1,'local',0,'2021-10-13 20:40:16'),(181,4573,'ar',10,'info@namerah.com',NULL,1,'local',0,'2021-10-13 20:40:16'),(182,4574,'ar',10,'معلومات',NULL,1,'local',0,'2021-10-13 20:40:16'),(537,4976,'ar',10,'https://www.namerah.com/product/7-5hp-air-compressor-500-lit-cast-iron/?lang=ar',NULL,NULL,'',0,'2022-10-01 15:09:37'),(538,4979,'ar',10,'https://www.namerah.com/product/air-compressor-1000-lit-7-5hp-double-heavy-duty/?lang=ar',NULL,NULL,'',0,'2022-10-01 15:09:37'),(552,5004,'ar',3,'\n<h5><span style=\"font-family: Manrope; font-weight: 400;\" data-fusion-font=\"true\" data-fusion-google-font=\"Manrope\" data-fusion-google-variant=\"400\">• كفاءة طاقة عالية<br>\n</span><span style=\"font-family: Manrope; font-weight: 400;\" data-fusion-font=\"true\" data-fusion-google-font=\"Manrope\" data-fusion-google-variant=\"400\">• مضخات ضاغط مع رأس من الألمنيوم مع تجويف من الحديد الزهر بالداخل<br>\n</span><span style=\"font-family: Manrope; font-weight: 400;\" data-fusion-font=\"true\" data-fusion-google-font=\"Manrope\" data-fusion-google-variant=\"400\">• التبديد السريع للحرارة من خلال استخدام الرؤوس والمبردات ذات الأسطح الكبيرة في الاطراف<br>\n</span><span style=\"font-family: Manrope; font-weight: 400;\" data-fusion-font=\"true\" data-fusion-google-font=\"Manrope\" data-fusion-google-variant=\"400\">• المراوح عالية التدفق للهواء<br>\n</span><span style=\"font-family: Manrope; font-weight: 400;\" data-fusion-font=\"true\" data-fusion-google-font=\"Manrope\" data-fusion-google-variant=\"400\">• جميع الضواغط مزودة بزجاج رؤية الزيت<br>\n</span><span style=\"font-family: Manrope; font-weight: 400;\" data-fusion-font=\"true\" data-fusion-google-font=\"Manrope\" data-fusion-google-variant=\"400\">• حماية كاملة للمحرك مع سيور ذات تهوية عالية<br>\n</span><span style=\"font-family: Manrope; font-weight: 400;\" data-fusion-font=\"true\" data-fusion-google-font=\"Manrope\" data-fusion-google-variant=\"400\">• مخفضات الضغط مع مقياس الضغط وصمامات<br>\n</span><span style=\"font-family: Manrope; font-weight: 400;\" data-fusion-font=\"true\" data-fusion-google-font=\"Manrope\" data-fusion-google-variant=\"400\">• مقبض مريح<br>\n</span><span style=\"font-family: Manrope; font-weight: 400;\" data-fusion-font=\"true\" data-fusion-google-font=\"Manrope\" data-fusion-google-variant=\"400\">• محركات كهربائية أحادية الطور مزودة بحماية من الاحمال الزائدة<br>\n</span><span style=\"font-family: Manrope; font-weight: 400;\" data-fusion-font=\"true\" data-fusion-google-font=\"Manrope\" data-fusion-google-variant=\"400\">• مفتاح ضغط مع حماية ضد الحمل الزائد على جميع الضواغط ثلاثية الطور<br>\n</span><span style=\"font-family: Manrope; font-weight: 400;\" data-fusion-font=\"true\" data-fusion-google-font=\"Manrope\" data-fusion-google-variant=\"400\">• لوحة تحكم للتشغيل المتأخر لكلا المحركين على جميع الضواغط</span></h5>\n',NULL,1,'local',0,'2022-10-01 15:00:39'),(185,4577,'ar',10,'\n<p>العنوان</p>\n',NULL,1,'local',0,'2021-10-13 20:40:16'),(186,4578,'ar',10,'\n<p>شارع 41 ، المدينة الصناعية الثانية ، الرياض 14332 ، المملكة العربية السعودية</p>\n',NULL,1,'local',0,'2021-10-13 20:40:16'),(193,4591,'ar',10,'احصل على عرض سعر.',NULL,1,'local',0,'2021-10-15 15:36:41'),(188,4580,'ar',10,'\n<p><strong><a href=\"tel://0503182445\">  0503182445</a></strong></p>\n',NULL,1,'local',0,'2021-10-13 20:40:16'),(189,4581,'ar',10,'\n<p>© 2021 • Avada Consultant • مدعوم من WordPress</p>\n',NULL,1,'local',0,'2021-10-13 20:40:16'),(191,4584,'ar',10,'عد إلى الأعلى',NULL,1,'local',0,'2021-10-13 20:40:16'),(192,4585,'ar',10,'#',NULL,1,'local',0,'2021-10-13 20:40:16'),(195,4593,'ar',10,'العنوان',NULL,1,'local',0,'2021-10-15 15:36:41'),(197,4596,'ar',10,'للتواصل',NULL,1,'local',0,'2021-10-15 15:36:41'),(198,4594,'ar',10,'قراءة المزيد',NULL,1,'local',0,'2021-10-15 15:36:41'),(200,4598,'ar',10,'ساعات العمل',NULL,1,'local',0,'2021-10-15 15:36:41'),(213,4611,'ar',10,'\n<h2>سكرو كمبروسر ضاغط حلزوني من AiRViNi</h2>\n',NULL,1,'local',0,'2021-10-15 21:08:52'),(214,4612,'ar',10,'\n\nضواغط هواء حلزونية سكرو كمبروسر ، مع ناقل حركة بالسير وقدرتها من 7.5 إلى 90 كيلوواط انتاج إيطاليا\n\n',NULL,1,'local',0,'2021-10-15 21:08:52'),(215,4613,'ar',10,'كتالوج مجاني',NULL,1,'local',0,'2021-10-15 21:08:52'),(216,4614,'ar',10,'https://www.namerah.com/wp-content/uploads/2021/07/AirVini-screw-catalogue-1.pdf',NULL,1,'local',0,'2021-10-15 21:08:52'),(217,4615,'ar',10,'https://www.namerah.com/wp-content/uploads/2021/08/Airvini-75kw-100HP-897x1024.jpg',NULL,1,'local',0,'2021-10-15 21:08:52'),(218,4616,'ar',10,'2204 | كبير',NULL,1,'local',0,'2021-10-15 21:08:52'),(219,4617,'ar',10,'نقدم لكم أفضل الحلول الممكنة لاعمالكم<span style=\"color: #dd1c0b;\"> .</span>',NULL,1,'local',0,'2021-10-15 21:08:52'),(220,4618,'ar',10,'\n<p style=\"font-size: 16px;\" data-fusion-font=\"true\"><span style=\"{wpml_trans_unit_13_0_0_0_-1_0}\"><span style=\"{wpml_trans_unit_13_0_0_0_0_-1_0}\" data-fusion-font=\"{wpml_trans_unit_13_0_0_0_0_-1_1}\" data-fusion-google-font=\"{wpml_trans_unit_13_0_0_0_0_-1_2}\" data-fusion-google-variant=\"{wpml_trans_unit_13_0_0_0_0_-1_3}\">تتميز تقنية الاير اند من AirVini بواحد من أكثر تصميمات السكرو المتوفرة تقدمًا.</span>\n</span><span style=\"background-color: rgba(255, 255, 255, 0); font-family: Manrope; font-weight: 400; letter-spacing: 0.128px; line-height: 21px;\" data-fusion-font=\"true\" data-fusion-google-font=\"Manrope\" data-fusion-google-variant=\"400\"> تم دمج عملية التصنيع بالكامل ، بفضل أدوات التصنيع الحديثة للغاية</span><span style=\"background-color: rgba(255, 255, 255, 0); font-family: var(--body_typography-font-family); font-style: var(--body_typography-font-style,normal); font-weight: var(--body_typography-font-weight); letter-spacing: var(--body_typography-letter-spacing);\"><span style=\"letter-spacing: 0.128px; font-family: Manrope; font-weight: 400; line-height: 21px;\" data-fusion-font=\"true\" data-fusion-google-font=\"Manrope\" data-fusion-google-variant=\"400\"> وأجهزة تشغيل متطورة توفر أعلى معايير الجودة.</span></span> </p>\n',NULL,1,'local',0,'2021-10-15 21:08:52'),(221,4619,'ar',10,'تكنولوجيا السكرو كمبروسر',NULL,1,'local',0,'2021-10-15 21:08:52'),(222,4621,'ar',10,'\n\n<span style=\"{wpml_trans_unit_15_0_0_-1_0}\" data-fusion-font=\"{wpml_trans_unit_15_0_0_-1_1}\" data-fusion-google-font=\"{wpml_trans_unit_15_0_0_-1_2}\" data-fusion-google-variant=\"{wpml_trans_unit_15_0_0_-1_3}\">تعتمد فلسفة تصميم AirVini على الاختيار والتجميع البسيط</span><span style=\"font-family: Manrope; font-size: 16px; font-weight: 400; letter-spacing: 0.128px; background-color: rgba(255, 255, 255, 0); line-height: 21px;\" data-fusion-font=\"true\" data-fusion-google-font=\"Manrope\" data-fusion-google-variant=\"400\"> من الحلول التقنية الأكثر موثوقية وفعالية.</span>\n\n',NULL,1,'local',0,'2021-10-15 21:08:52'),(223,4622,'ar',10,'الابتكار',NULL,1,'local',0,'2021-10-15 21:08:52'),(224,4623,'ar',10,'\n\n<span style=\"font-size: 16px;\" data-fusion-font=\"true\"><span style=\"font-size: 16px; background-color: rgba(255, 255, 255, 0); font-family: var(--body_typography-font-family); font-style: var(--body_typography-font-style,normal); font-weight: var(--body_typography-font-weight); letter-spacing: 0.128px;\" data-fusion-font=\"true\">محركات IE3 عالية الكفاءة ، جنبًا إلى جنب مع الجودة العالية </span></span><span style=\"background-color: rgba(255, 255, 255, 0); font-family: var(--body_typography-font-family); font-size: 16px; font-style: var(--body_typography-font-style,normal); font-weight: var(--body_typography-font-weight); letter-spacing: 0.128px;\" data-fusion-font=\"true\">السكرو اند ، تقليل تكاليف الطاقة. محركات IE3 </span><span style=\"font-size: 16px; background-color: rgba(255, 255, 255, 0); font-family: var(--body_typography-font-family); font-style: var(--body_typography-font-style,normal); font-weight: var(--body_typography-font-weight); letter-spacing: 0.128px;\" data-fusion-font=\"true\">تقليل انبعاثات ثاني أكسيد الكربون: مساهمة مهمة في حماية البيئة.\n</span>\n\n<span style=\"font-size: 16px; background-color: rgba(255, 255, 255, 0); font-family: var(--body_typography-font-family); font-style: var(--body_typography-font-style,normal); font-weight: var(--body_typography-font-weight); letter-spacing: 0.128px;\" data-fusion-font=\"true\"> </span>\n\n',NULL,1,'local',0,'2021-10-15 21:08:52'),(225,4624,'ar',10,'توفير الطاقة مع محركات IE3 Premium',NULL,1,'local',0,'2021-10-15 21:08:52'),(226,4625,'ar',10,'\n<p style=\"font-size: 16px; font-family: Manrope; font-weight: 400; letter-spacing: 0.128px; line-height: 21px;\" data-fusion-font=\"true\" data-fusion-google-font=\"Manrope\" data-fusion-google-variant=\"400\">السكرو كمبروسر من AirVini هي الحل لاحتياجات الشركات الصغيرة والمتوسطة الحجم ، حيث يعد الهواء المضغوط أحد المصادر الرئيسية للطاقة.</p>\n',NULL,1,'local',0,'2021-10-15 21:08:52'),(227,4626,'ar',10,'الجودة',NULL,1,'local',0,'2021-10-15 21:08:52'),(228,4620,'ar',10,'قراءة المزيد',NULL,1,'local',0,'2021-10-15 21:08:52'),(229,4627,'ar',10,'https://www.namerah.com/wp-content/uploads/2021/08/screw-end-791x1024.jpg',NULL,1,'local',0,'2021-10-15 21:08:52'),(230,4628,'ar',10,'2099 | كبير',NULL,1,'local',0,'2021-10-15 21:08:52'),(231,4629,'ar',10,'مميزات السكرو اند من <span style=\"color: #cc1400;\">AirVini</span> <span style=\"color: #cc1400;\"> .</span>',NULL,1,'local',0,'2021-10-15 21:08:52'),(232,4630,'ar',10,'\n\n<span style=\"font-size: 16px;\" data-fusion-font=\"true\">♦ يتميز سكرو اند AirVini بواحد من أكثر تقنيات السكرو كمبروسر المتوفرة تقدمًا. تم دمج عملية التصنيع بالكامل ، بفضل أدوات التصنيع الحديثة للغاية وأدوات التشغيل المتطورة التي توفر أعلى معايير الجودة.</span>\n\n<span style=\"font-size: 16px;\" data-fusion-font=\"true\">♦ يضمن نظام CAD النموذج القوي للترتيب المثالي للمكونات.</span>\n\n<span style=\"font-size: 16px;\" data-fusion-font=\"true\">♦ تمر عملية دورات <a href=\"https://www.namerah.com/air-compressor-solutions/%d8%b3%d9%83%d8%b1%d9%88-%d9%83%d9%85%d8%a8%d8%b1%d9%88%d8%b3%d8%b1/?lang=ar\">الانتاج</a> بـ 4 مراحل مختلفة التي تجعل من الممكن تحقيق دقة تصنيع فائقة وأداء ثابت. يعني هذا المستوى من الدقة أنه يمكن مطابقة المكونات تمامًا مع أي نظير لها بدقة.</span>\n\n<span style=\"font-size: 16px;\" data-fusion-font=\"true\">♦ يتم اختبار جميع مكونات <a href=\"https://en.wikipedia.org/wiki/Compressor\">السكرو</a> اند بشكل فردي مرتين: بعد تصنيعها ووقت إضافي بعد التجميع عند الانتهاء.</span>\n\n',NULL,1,'local',0,'2021-10-15 21:08:52'),(233,4632,'ar',10,'https://www.namerah.com/wp-content/uploads/2021/08/37kw-image-1-400x387.png',NULL,1,'local',0,'2021-10-15 21:08:52'),(234,4633,'ar',10,'2111 | فيوجن -400',NULL,1,'local',0,'2021-10-15 21:08:52'),(235,4634,'ar',10,'https://www.namerah.com/rotary-screw-air-compressor-37kw/',NULL,1,'local',0,'2021-10-15 21:08:52'),(236,4635,'ar',10,'50 حصان',NULL,1,'local',0,'2021-10-15 21:08:52'),(237,4636,'ar',10,'https://www.namerah.com/wp-content/uploads/Airvini-15kw-20HP-2-min.png',NULL,1,'local',0,'2021-10-15 21:08:52'),(238,4637,'ar',10,'2890 | ممتلئ',NULL,1,'local',0,'2021-10-15 21:08:52'),(239,4638,'ar',10,'https://www.namerah.com/15-kw-screw-air-compressor-with-dryer/',NULL,1,'local',0,'2021-10-15 21:08:52'),(240,4639,'ar',10,'20 حصان',NULL,1,'local',0,'2021-10-15 21:08:52'),(241,4640,'ar',10,'https://www.namerah.com/wp-content/uploads/22kw-30hp-min-e1631444823790.png',NULL,1,'local',0,'2021-10-15 21:08:52'),(242,4641,'ar',10,'2259 | ممتلئ',NULL,1,'local',0,'2021-10-15 21:08:52'),(243,4642,'ar',10,'https://www.namerah.com/rotary-screw-air-compressor-22kw/',NULL,1,'local',0,'2021-10-15 21:08:52'),(244,4643,'ar',10,'30 حصان',NULL,1,'local',0,'2021-10-15 21:08:52'),(245,4631,'ar',10,'\n\nسكرو كمبروسر\n\n',NULL,1,'local',0,'2021-10-15 21:08:52'),(246,4644,'ar',10,'https://www.namerah.com/wp-content/uploads/2021/08/100hp-e1628266785658.png',NULL,1,'local',0,'2021-10-15 21:08:52'),(247,4645,'ar',10,'2117 | ممتلئ',NULL,1,'local',0,'2021-10-15 21:08:52'),(248,4646,'ar',10,'https://www.namerah.com/rotary-screw-air-compressor-75kw/',NULL,1,'local',0,'2021-10-15 21:08:52'),(249,4647,'ar',10,'\n\n100 حصان\n\n',NULL,1,'local',0,'2021-10-15 21:08:52'),(250,4648,'ar',10,'وحدات التحكم الإلكترونية ETIV',NULL,1,'local',0,'2021-10-15 21:08:52'),(251,4649,'ar',10,'https://www.namerah.com/wp-content/uploads/2021/08/Background.png',NULL,1,'local',0,'2021-10-15 21:08:52'),(252,4650,'ar',10,'2103 | ممتلئ',NULL,1,'local',0,'2021-10-15 21:08:52'),(253,4651,'ar',10,'وحدات تحكم متقدمة',NULL,1,'local',0,'2021-10-15 21:08:52'),(254,4652,'ar',10,'\n\nوحدة تحكم مع شاشة عرض رسومية LCD بإضاءة خلفية متعددة الوظائف ، والقائمة من النوع المنسدل. يتم العرض في الشاشة الرئيسية:\n\n- ضغط الهواء (ضغط التفريغ / التحميل) ؛\n- درجة حرارة الزيت؛\n- حالة الضاغط (الاستعداد ، التفريغ ، التحميل) ؛\n- حالة المروحة (إيقاف / تشغيل) ؛\n- التاريخ و الوقت؛\n- الساعات المتبقية قبل الصيانة.\n<span style=\"{wpml_trans_unit_47_0_8_-1_0}\">- نسبة استخدام المحولات</span> .\n\n',NULL,1,'local',0,'2021-10-15 21:08:52'),(255,4653,'ar',10,'سكرو كمبروسر الحلزوني<span style=\"color: #d30700;\"> ؟</span>',NULL,1,'local',0,'2021-10-15 21:08:52'),(256,4654,'ar',10,'https://www.namerah.com/wp-content/uploads/2021/08/AirVini-catalogue-min.png',NULL,1,'local',0,'2021-10-15 21:08:52'),(257,4655,'ar',10,'2214 | ممتلئ',NULL,1,'local',0,'2021-10-15 21:08:52'),(258,4657,'ar',10,'\n\nكتالوج كمبروسر الهواء الحلزونية\n\n',NULL,1,'local',0,'2021-10-15 21:08:52'),(259,4658,'ar',10,'تحميل',NULL,1,'local',0,'2021-10-15 21:08:52'),(260,4656,'ar',10,'https://www.namerah.com/wp-content/uploads/AirVini-screw-catalogue.pdf',NULL,1,'local',0,'2021-10-15 21:08:52'),(261,4659,'ar',10,'\n<h2>كمبروسر هواء ترددي بستون</h2>\n',NULL,1,'local',0,'2021-10-16 21:47:50'),(263,4661,'ar',10,'كتالوج مجاني',NULL,1,'local',0,'2021-10-16 21:47:50'),(266,4665,'ar',10,'\n<h3>ضواغط تعمل بالسير للاستخدام المهني والصناعي.</h3>\n',NULL,1,'local',0,'2021-10-16 21:47:50'),(355,4752,'ar',10,'قيمنا<span style=\"color: #2cbc63;\"> .</span>',NULL,1,'local',0,'2021-10-17 20:02:26'),(356,4753,'ar',10,'\n\nنحن نستفيد من الفرص التي توفرها التكنولوجيا لتوفير العديد من الحلول التي تساعد العملاء على تحسين أعمالهم.',NULL,1,'local',0,'2021-10-17 20:02:26'),(357,4754,'ar',10,'العميل أولا',NULL,1,'local',0,'2021-10-17 20:02:26'),(358,4755,'ar',10,'\n\nشغف\n\n',NULL,1,'local',0,'2021-10-17 20:02:26'),(359,4756,'ar',10,'\n\nنزاهة\n\n',NULL,1,'local',0,'2021-10-17 20:02:26'),(360,4757,'ar',10,'\n\nتفوق\n\n',NULL,1,'local',0,'2021-10-17 20:02:26'),(361,4758,'ar',10,'https://www.namerah.com/wp-content/uploads/want-to-join-our-team-300x200.png',NULL,1,'local',0,'2021-10-17 20:02:26'),(362,4759,'ar',10,'2635 | متوسط',NULL,1,'local',0,'2021-10-17 20:02:26'),(363,4760,'ar',10,'وظائف',NULL,1,'local',0,'2021-10-17 20:02:26'),(364,4761,'ar',10,'تريد أن تكون جزءا\nمن فريقنا<span style=\"color: #c12003;\"> ؟</span>',NULL,1,'local',0,'2021-10-17 20:02:26'),(365,4762,'ar',10,'\n\nانضم لموظفينا ، أرسل لنا سيرتك الذاتية.\n\n',NULL,1,'local',0,'2021-10-17 20:02:26'),(366,4763,'ar',10,'انضم إلى فريقنا',NULL,1,'local',0,'2021-10-17 20:02:26'),(367,4765,'ar',10,'السيرة الذاتية',NULL,1,'local',0,'2021-10-17 20:38:56'),(368,4766,'ar',10,'الرجاء تحميل هذه الوثائق:\n\n<b>بطاقة الهوية الحكومية ، السيرة الذاتية ، الشهادات الخاصة بك</b>',NULL,1,'local',0,'2021-10-17 20:38:56'),(369,4767,'ar',10,'[fusion_form_text label=\"\" name=\"last_name\" required=\"yes\" placeholder=\"الاسم الثاني\" tooltip=\"\" input_field_icon=\"\" minlength=\"0\" maxlength=\"0\" class=\"\" id=\"\" /][fusion_form_phone_number label=\"\" name=\"\" required=\"no\" placeholder=\"\" tooltip=\"\" input_field_icon=\"fusion-prefix-icon-accountant-call-us\" tab_index=\"\" class=\"\" id=\"\" logics=\"\" /]',NULL,1,'local',0,'2021-10-17 20:38:56'),(370,4768,'ar',10,'أرسل سيرتك الذاتية',NULL,1,'local',0,'2021-10-17 20:38:56'),(371,4769,'ar',10,'خزان استقبال الهواء',NULL,1,'local',0,'2021-10-17 20:38:56'),(372,4770,'ar',10,'\n\nنصنع خزانات الهواء ونقوم بتسليم خزان الهواء لجميع الاحتياجات ونوفر مكونات خاصة مصممة وفقًا لطلب العميل\n\nخزانات نمرة المستخدمة لضاغط الهواء عالية الجودة ومصنعه من<a href=\"https://en.wikipedia.org/wiki/Cold-formed_steel\"> الفولاذ المدلفن على البارد</a> . هناك نوعان: خزان ضغط الهواء العمودي والأفقيوتستخدم في<a href=\"https://www.namerah.com/air-compressor-solutions/screw-compressors/?lang=ar\"> كمبروسر الهواء</a> .',NULL,1,'local',0,'2021-10-17 20:38:56'),(268,4667,'ar',10,'المميزات الرئيسية:',NULL,1,'local',0,'2021-10-16 21:47:50'),(269,4668,'ar',10,'قراءة المزيد',NULL,1,'local',0,'2021-10-16 21:47:50'),(270,4669,'ar',10,'https://www.namerah.com/wp-content/uploads/sand-blast-2-e1628866534956.png',NULL,1,'local',0,'2021-10-16 21:47:50'),(350,4747,'ar',10,'مزود كمبروسر الهواء المتخصص في المملكة العربية السعودية',NULL,1,'local',0,'2021-10-17 20:02:26'),(351,4748,'ar',10,'https://www.namerah.com/wp-content/uploads/namerah-company-1-400x208.jpg',NULL,1,'local',0,'2021-10-17 20:02:26'),(352,4749,'ar',10,'2281 | الانصهار -400',NULL,1,'local',0,'2021-10-17 20:02:26'),(353,4750,'ar',10,'من نحن نمرة',NULL,1,'local',0,'2021-10-17 20:02:26'),(354,4751,'ar',10,'\n<p class=\"vc_custom_heading\">شركة نمرة الصناعية المحدودة تقع في مدينة الرياض ، المنطقة الصناعية الثانية ، المملكة العربية السعودية.</p>\n- 1989 تم إنشاء مصنع ضواغط الهواء وهو أكبر مصنع كمبروسر هواء في منطقة الشرق الأوسط.\n\nتقدم شركة نمرة الصناعية حلولاً كاملة ومتخصصة لكل عملائنا ، وتوفر حلول خدمتنا الدعم والصيانة والمرونة في عمليات التشغيل إلى أقصى حد مع تلبية جميع المتطلبات بعناية\n\n',NULL,1,'local',0,'2021-10-17 20:02:26'),(348,4764,'ar',10,'https://www.namerah.com/careers/',NULL,NULL,'',0,'2021-10-17 20:02:26'),(349,4746,'ar',10,'\n<h2>من نحن</h2>\n',NULL,1,'local',0,'2021-10-17 20:02:26'),(276,4675,'ar',10,'كمبروسرات الهواء الترددية لدينا تتراوح من 1.5 كيلو وات وحتى الاستخدام الصناعي الواسع. اكتشف مجموعتنا الكاملة من كمبروسرات الهواء الترددية',NULL,1,'local',0,'2021-10-16 21:47:50'),(277,4676,'ar',10,'https://www.namerah.com/wp-content/uploads/piston-min.png',NULL,1,'local',0,'2021-10-16 21:47:50'),(554,5011,'ar',3,'\n<p>500 لتر 5.5 حصان</p>\n',NULL,1,'local',0,'2022-10-01 15:00:39'),(555,5009,'ar',3,'\n<p>1000 لتر 10 حصان × 2 دبل</p>\n',NULL,1,'local',0,'2022-10-01 15:00:39'),(280,4679,'ar',10,'https://www.namerah.com/wp-content/uploads/1000lit-10HP-D-min-1024x733.png',NULL,1,'local',0,'2021-10-16 21:47:50'),(282,4681,'ar',10,'https://www.namerah.com/index.php/product/air-compressor-1000-lit-10hpx2/',NULL,1,'local',0,'2021-10-16 21:47:50'),(283,4682,'ar',10,'1000 لتر 7.5 حصان × 2 دبل',NULL,1,'local',0,'2021-10-16 21:47:50'),(284,4683,'ar',10,'https://www.namerah.com/wp-content/uploads/1000lit-7.5HP-D-min-1024x772.png',NULL,1,'local',0,'2021-10-16 21:47:50'),(556,5007,'ar',3,'\n<p>هناك القليل من تقنية<a href=\"https://www.namerah.com/air-compressor-solutions/piston-compressors/?lang=ar\"> التطبيقات</a> للأسطح المعدنية التي يمكن أن تقدم مجموعة متنوعة من الاستخدامات التي يمكن ان تقدم <a href=\"https://en.wikipedia.org/wiki/Abrasive_blasting\">التكنولوجيا</a>.</p>\n<p>في نمرة نستخدم أفضل الحلول في خطوط الإنتاج مع تنظيف الاسطح المعدنية والطلاء بالبودرة للحصول على جودة عالية من المنتجات النهائية ...</p>\n',NULL,1,'local',0,'2022-10-01 15:00:39'),(286,4685,'ar',10,'https://www.namerah.com/index.php/product/air-compressor-1000-lit-7-5hpx2/',NULL,1,'local',0,'2021-10-16 21:47:50'),(287,4686,'ar',10,'1000 لتر 10 حصان',NULL,1,'local',0,'2021-10-16 21:47:50'),(542,4993,'ar',10,'https://www.namerah.com/product/cast-iron-air-compressor-500-lit-10hp-220-380v/?lang=ar',NULL,NULL,'',0,'2022-10-01 15:09:37'),(290,4689,'ar',10,'500 لتر - 10 حصان',NULL,1,'local',0,'2021-10-16 21:47:50'),(293,4692,'ar',10,'https://www.namerah.com/index.php/product/500-lit-10hp/',NULL,1,'local',0,'2021-10-16 21:47:50'),(294,4693,'ar',10,'500 لتر 7.5 حصان',NULL,1,'local',0,'2021-10-16 21:47:50'),(295,4694,'ar',10,'https://www.namerah.com/wp-content/uploads/500-7.5hp-1-min-1024x875.png',NULL,1,'local',0,'2021-10-16 21:47:50'),(297,4696,'ar',10,'https://www.namerah.com/index.php/product/500-lit-7-5hp/',NULL,1,'local',0,'2021-10-16 21:47:51'),(299,4698,'ar',10,'https://www.namerah.com/wp-content/uploads/500lit-7.5HP-min-1024x833.png',NULL,1,'local',0,'2021-10-16 21:47:51'),(301,4700,'ar',10,'https://www.namerah.com/index.php/product/air-compressor-500-lit/',NULL,1,'local',0,'2021-10-16 21:47:51'),(303,4702,'ar',10,'https://www.namerah.com/wp-content/uploads/300lit-n3-e1629756443337-1024x811.png',NULL,1,'local',0,'2021-10-16 21:47:51'),(305,4704,'ar',10,'https://www.namerah.com/index.php/product/air-compressor-300-lit-2/',NULL,1,'local',0,'2021-10-16 21:47:51'),(306,4705,'ar',10,'300 لتر 3 حصان',NULL,1,'local',0,'2021-10-16 21:47:51'),(307,4706,'ar',10,'https://www.namerah.com/wp-content/uploads/300lit-3HP-min.png',NULL,1,'local',0,'2021-10-16 21:47:51'),(309,4708,'ar',10,'https://www.namerah.com/index.php/product/air-compressor-300-lit/',NULL,1,'local',0,'2021-10-16 21:47:51'),(311,4710,'ar',10,'https://www.namerah.com/wp-content/uploads/200lit-3HP-min.png',NULL,1,'local',0,'2021-10-16 21:47:51'),(313,4712,'ar',10,'https://www.namerah.com/index.php/product/air-compressor-200-lit/',NULL,1,'local',0,'2021-10-16 21:47:51'),(315,4714,'ar',10,'https://www.namerah.com/wp-content/uploads/150-2.8-min.png',NULL,1,'local',0,'2021-10-16 21:47:51'),(317,4716,'ar',10,'https://www.namerah.com/index.php/product/air-compressor-150-lit/',NULL,1,'local',0,'2021-10-16 21:47:51'),(319,4718,'ar',10,'https://www.namerah.com/wp-content/uploads/100lit-2HP-min.png',NULL,1,'local',0,'2021-10-16 21:47:51'),(321,4720,'ar',10,'https://www.namerah.com/index.php/product/air-compressor-100-lit/',NULL,1,'local',0,'2021-10-16 21:47:51'),(322,4721,'ar',10,'50 لتر 2 حصان',NULL,1,'local',0,'2021-10-16 21:47:51'),(323,4722,'ar',10,'https://www.namerah.com/wp-content/uploads/50lit-AB360-2HP-min.png',NULL,1,'local',0,'2021-10-16 21:47:51'),(325,4724,'ar',10,'https://www.namerah.com/index.php/product/air-compressor-50-lit/',NULL,1,'local',0,'2021-10-16 21:47:51'),(557,5006,'ar',3,'\n<p>خطوط الإنتاج لدينا</p>\n',NULL,1,'local',0,'2022-10-01 15:00:39'),(327,4726,'ar',10,'https://www.namerah.com/wp-content/uploads/2021/08/Piston-Air-compressors.png',NULL,1,'local',0,'2021-10-16 21:47:51'),(330,4729,'ar',10,'تحميل',NULL,1,'local',0,'2021-10-16 21:47:51'),(331,4662,'ar',10,'https://www.namerah.com/wp-content/uploads/2021/08/Piston-Air-compressors-catalogue.pdf',NULL,1,'local',0,'2021-10-16 21:47:51'),(558,5018,'ar',3,'\n<p style=\"font-size: 26px; line-height: 36px; color: #023a51;\" data-fusion-font=\"true\">كمبروسرات هواء تعمل بسير مع سعة خزان تتراوح من 50 إلى 1000 لتر ، وضغط تشغيل يصل إلى 11 بار.</p>\n',NULL,1,'local',0,'2022-10-01 15:05:49'),(549,5001,'ar',3,'\n\n<span style=\"font-family: helvetica, arial, sans-serif;\">شارع 41 ، المنطقة الصناعية الثانية ، الرياض 14332</span>\n\n',NULL,1,'local',0,'2022-10-01 15:00:38'),(550,5002,'ar',3,'\n\n<span style=\"font-family: helvetica, arial, sans-serif;\"><a href=\"mailto:info@aircompressors.sa\">info@namerah.com</a></span>\n\n',NULL,1,'local',0,'2022-10-01 15:00:38'),(551,5003,'ar',3,'\n\n<span style=\"font-family: helvetica, arial, sans-serif;\">الأحد - الخميس: 8 صباحًا - 5 مساءً</span>\n<span style=\"font-family: helvetica, arial, sans-serif;\">السبت: 11 صباحًا - 4 مساءً</span>\n\n',NULL,1,'local',0,'2022-10-01 15:00:38'),(553,5016,'ar',3,'\n<p>حلول كمبروسرات الهواء<span style=\"color: #c92302;\"> ؟</span></p>\n',NULL,1,'local',0,'2022-10-01 15:00:39'),(520,4938,'ar',10,'https://www.namerah.com/product/20hp-air-compressor-1000-lit-two-stages/?lang=ar',NULL,NULL,'',0,'2022-10-01 15:09:37'),(521,4940,'ar',10,'https://www.namerah.com/product/air-compressor-1000-lit-10hp-cast-iron-220-380v/?lang=ar',NULL,NULL,'',0,'2022-10-01 15:09:37'),(373,4771,'ar',10,'https://www.namerah.com/wp-content/uploads/Air-receiver-tank-1-min.png',NULL,1,'local',0,'2021-10-17 20:38:56'),(374,4772,'ar',10,'2931 | ممتلئ',NULL,1,'local',0,'2021-10-17 20:38:56'),(375,4773,'ar',10,'خزان استقبال الهواء',NULL,1,'local',0,'2021-10-17 20:38:56'),(376,4774,'ar',10,'\n<h2><span style=\"background-color: rgba(255, 255, 255, 0); color: #b50c0c; font-family: var(--body_typography-font-family); font-size: 27px; font-style: var(--body_typography-font-style,normal); letter-spacing: var(--body_typography-letter-spacing);\" data-fusion-font=\"true\"><b>مميزات خزانات الهواء</b></span></h2>\n<ul>\n 	<li>توفر لك خزانات استقبال الهواء دعم تشغيل نظام الضاغط عند الحاجة إلى الهواء لبضع ثوانٍ فقط. هذا يقلل من تكاليف استخدام كمبروسر الهواء. يتم أيضًا تقليل تكاليف الاستخدام والصيانة الكهربائية.</li>\n 	<li>يستخدم الخزان لتخزين الهواء. يمكن بعد ذلك استخدام هذا الهواء المخزن عندما يكون هناك زيادة في الاحتياج.</li>\n 	<li>يتم استخدامه لمعادلة اختلاف الضغط باستخدام مفتاح التشغيل / الإيقاف. يمكن أيضًا تعديل تتابع ضغط الهواء.</li>\n 	<li>تتم إزالة التكثيف من الهواء المخزن. هذا يضيف مستوى إضافيًا من إزالة الرطوبة إلى نظام الهواء. مصيدة الرطوبة متصلة بمصفاة. هذا يساعد في إزالة الماء من نظام الهواء.</li>\n</ul>\n',NULL,1,'local',0,'2021-10-17 20:38:56'),(377,4775,'ar',10,'المحتوى الخاص بك يذهب هنا',NULL,1,'local',0,'2021-10-19 16:40:52'),(378,4776,'ar',10,'\n<p>المحتوى الخاص بك يذهب هنا</p>\n',NULL,1,'local',0,'2021-10-19 16:40:52'),(379,4777,'ar',10,'[fusion_tb_woo_product_images product_images_layout=\"avada\" product_images_zoom=\"\" hide_on_mobile=\"small-visibility,medium-visibility,large-visibility\" class=\"\" id=\"\" product_images_width=\"\" thumbnail_position=\"\" thumbnail_columns=\"\" thumbnail_column_width=\"\" display_outofstock_badge=\"yes\" display_sale_badge=\"yes\" margin_top=\"\" margin_right=\"\" margin_bottom=\"\" margin_left=\"\" animation_type=\"\" animation_direction=\"left\" animation_speed=\"0.3\" animation_offset=\"\" /]',NULL,1,'local',0,'2021-10-19 16:40:52'),(380,4778,'ar',10,'[fusion_tb_woo_short_description hide_on_mobile=\"small-visibility,medium-visibility,large-visibility\" class=\"\" id=\"\" margin_top=\"\" margin_right=\"\" margin_bottom=\"\" margin_left=\"\" text_color=\"\" fusion_font_family_text_font=\"\" fusion_font_variant_text_font=\"\" text_font_size=\"\" animation_type=\"\" animation_direction=\"left\" animation_speed=\"0.3\" animation_offset=\"\" /]',NULL,1,'local',0,'2021-10-19 16:40:52'),(381,4779,'ar',10,'[fusion_tb_content excerpt=\"no\" excerpt_length=\"55\" strip_html=\"yes\" hide_on_mobile=\"small-visibility,medium-visibility,large-visibility\" class=\"\" id=\"\" margin_top=\"\" margin_right=\"\" margin_bottom=\"\" margin_left=\"\" content_alignment=\"\" font_size=\"\" fusion_font_family_text_font=\"\" fusion_font_variant_text_font=\"\" line_height=\"\" letter_spacing=\"\" text_color=\"\" animation_type=\"\" animation_direction=\"left\" animation_speed=\"0.3\" animation_offset=\"\" /]',NULL,1,'local',0,'2021-10-19 16:40:52'),(382,4780,'ar',10,'\n<p>منتجات ذات صله</p>\n',NULL,1,'local',0,'2021-10-19 16:40:52'),(383,4783,'ar',10,'كمبروسر هواء حلزوني<span style=\"color: #c40101;\"> 100 حصان</span>',NULL,1,'local',0,'2021-10-20 20:28:35'),(384,4784,'ar',10,'https://www.namerah.com/wp-content/uploads/2021/08/Airvini-75kw-100HP-897x1024.jpg',NULL,1,'local',0,'2021-10-20 20:28:35'),(385,4785,'ar',10,'2204 | كبير',NULL,1,'local',0,'2021-10-20 20:28:35'),(386,4786,'ar',10,'\n\nكمبروسر هواء حلزوني\n<table class=\"table table-hover\">\n<tbody>\n<tr>\n<td><strong>موديل:</strong></td>\n<td>AirVini-100</td>\n</tr>\n<tr>\n<td><strong>كمية الهواء (متر مكعب / ساعة):</strong></td>\n<td>630</td>\n</tr>\n<tr>\n<td><strong>cfm:</strong></td>\n<td>371</td>\n</tr>\n<tr>\n<td><strong>لتر / ثانية:</strong></td>\n<td>175</td>\n</tr>\n<tr>\n<td><b>لتر / دقيقة:</b></td>\n<td>10500</td>\n</tr>\n<tr>\n<td><b>ضغط بار:</b></td>\n<td>10</td>\n</tr>\n<tr>\n<td><b>psig:</b></td>\n<td>145</td>\n</tr>\n<tr>\n<td><b>القوة (kW / HP):</b></td>\n<td>100 حصان</td>\n</tr>\n<tr>\n<td><b>فولت:</b></td>\n<td>380 فولت</td>\n</tr>\n<tr>\n<td><b>طريقة التبريد:</b></td>\n<td>تبريد الهواء</td>\n</tr>\n<tr>\n<td><b>عمل المحرك:</b></td>\n<td>يعمل بالسير</td>\n</tr>\n<tr>\n<td><b>الضوضاء ديسيبل (أ):</b></td>\n<td>72</td>\n</tr>\n<tr>\n<td><b>وزن:</b></td>\n<td>1720</td>\n</tr>\n</tbody>\n</table>\n',NULL,1,'local',0,'2021-10-20 20:28:35'),(387,4787,'ar',10,'\n<h2 style=\"--fontsize: 24; line-height: 1.42; --minfontsize: 24;\"><span style=\"font-size: 30px;\" data-fusion-font=\"true\">أفضل خيار للاعمال الصناعية سكرو كمبروسر هواء 75kw</span></h2>\n<a href=\"https://www.namerah.com/air-compressor-solutions/screw-compressors/?lang=ar\">سكرو</a><a href=\"https://www.namerah.com/air-compressor-solutions/screw-compressors/?lang=ar\" target=\"_blank\" rel=\"noopener noreferrer\">كمبروسر</a><a href=\"https://www.namerah.com/air-compressor-solutions/screw-compressors/?lang=ar\"> هواء</a> يعمل بالزيت ومحرك<a href=\"https://en.wikipedia.org/wiki/Transmission_(mechanics)\" target=\"_blank\" rel=\"noopener noreferrer\"> بالسير</a> وقدرة طاقة من 7.5 إلى 90 كيلو واط إيطاليا\n\n<span data-fusion-font=\"true\" data-fusion-google-font=\"Manrope\" data-fusion-google-variant=\"400\">تتميز ضواغط الهواء AirVini بواحد من أكثر التصميمات المتوفرة تطوراً.</span>\n<span data-fusion-font=\"true\" data-fusion-google-font=\"Manrope\" data-fusion-google-variant=\"400\">تم دمج عملية التصنيع بالكامل</span> ، <span data-fusion-font=\"true\" data-fusion-google-font=\"Manrope\" data-fusion-google-variant=\"400\">بفضل أدوات التصنيع الحديثة للغاية وأدوات التشغيل المتطورة التي توفر أعلى معايير الجودة.</span>\n\n',NULL,1,'local',0,'2021-10-20 20:28:35'),(388,4793,'ar',10,'\n\nسكرو كمبروسر ضاغط حلزوني من AiRViNi\n\n',NULL,1,'local',0,'2021-10-20 21:05:29'),(389,4794,'ar',10,'\n\nضواغط هواء حلزونية سكرو كمبروسر ، مع ناقل حركة بالسير وقدرتها من 7.5 إلى 90 كيلوواط انتاج إيطاليا\n\n',NULL,1,'local',0,'2021-10-20 21:05:29'),(390,4795,'ar',10,'e30 =',NULL,1,'local',0,'2021-10-20 21:05:29'),(391,4796,'ar',10,'كتالوج مجاني',NULL,1,'local',0,'2021-10-20 21:05:29'),(392,4797,'ar',10,'https://www.namerah.com/wp-content/uploads/2021/07/AirVini-screw-catalogue-1.pdf',NULL,1,'local',0,'2021-10-20 21:05:29'),(393,4800,'ar',10,'\n\nكمبروسر هواء ترددي من 50 لتر حتى 1000 لتر\n\n',NULL,1,'local',0,'2021-10-20 21:07:23'),(394,4801,'ar',10,'\n\nضواغط هواء حلزونية سكرو كمبروسر ، مع ناقل حركة بالسير وقدرتها من 7.5 إلى 90 كيلوواط انتاج إيطاليا\n\n',NULL,1,'local',0,'2021-10-20 21:07:23'),(395,4802,'ar',10,'e30 =',NULL,1,'local',0,'2021-10-20 21:07:23'),(396,4803,'ar',10,'كتالوج مجاني',NULL,1,'local',0,'2021-10-20 21:07:23'),(397,4804,'ar',10,'https://www.namerah.com/wp-content/uploads/2021/07/AirVini-screw-catalogue-1.pdf',NULL,1,'local',0,'2021-10-20 21:07:23'),(398,4807,'ar',10,'\n\nكمبروسر هواء حلزوني<span style=\"color: #c40101;\"> 30 حصان</span>\n\n',NULL,1,'local',0,'2021-10-20 21:17:30'),(399,4808,'ar',10,'https://www.namerah.com/wp-content/uploads/Rotary-screw-air-compressor-22kw-400x374.png',NULL,1,'local',0,'2021-10-20 21:17:30'),(400,4809,'ar',10,'2916 | الانصهار -400',NULL,1,'local',0,'2021-10-20 21:17:30'),(401,4810,'ar',10,'\n\nكمبروسر هواء حلزوني 30 حصان\n<table class=\"table table-hover\">\n<tbody>\n<tr>\n<td>موديل:</td>\n<td>AirVini-30</td>\n</tr>\n<tr>\n<td>كمية الهواء (متر مكعب / ساعة):</td>\n<td>180</td>\n</tr>\n<tr>\n<td>cfm:</td>\n<td>106</td>\n</tr>\n<tr>\n<td>لتر / ثانية:</td>\n<td>50</td>\n</tr>\n<tr>\n<td>لتر / دقيقة:</td>\n<td>3000</td>\n</tr>\n<tr>\n<td>ضغط بار:</td>\n<td>10</td>\n</tr>\n<tr>\n<td>psig:</td>\n<td>145</td>\n</tr>\n<tr>\n<td>القوة (kW / HP):</td>\n<td>30 حصان</td>\n</tr>\n<tr>\n<td>فولت:</td>\n<td>380 فولت</td>\n</tr>\n<tr>\n<td>طريقة التبريد:</td>\n<td><a href=\"https://en.wikipedia.org/wiki/Air_cooling\" target=\"_blank\" rel=\"noopener noreferrer\">تبريد الهواء</a></td>\n</tr>\n<tr>\n<td>عمل المحرك:</td>\n<td>يعمل <a href=\"https://www.namerah.com/air-compressor-solutions/screw-compressors/?lang=ar\" target=\"_blank\" rel=\"noopener noreferrer\">بالسير</a></td>\n</tr>\n<tr>\n<td>الضوضاء ديسيبل (أ):</td>\n<td>68</td>\n</tr>\n<tr>\n<td>الوزن كجم:</td>\n<td>380</td>\n</tr>\n</tbody>\n</table>\n',NULL,1,'local',0,'2021-10-20 21:17:30'),(402,4811,'ar',10,'\n<h2 style=\"--fontsize: 24; line-height: 1.42; --minfontsize: 24;\"><span style=\"font-size: 30px;\" data-fusion-font=\"true\">أفضل خيار كمبروسر هواء حلزوني بقوة 30 حصان</span></h2>\nيعمل بالزيت<a href=\"https://www.namerah.com/air-compressor-solutions/screw-compressors/?lang=ar\">سكرو</a><a href=\"https://www.namerah.com/air-compressor-solutions/screw-compressors/?lang=ar\" target=\"_blank\" rel=\"noopener noreferrer\"> كمبروسر</a><a href=\"https://www.namerah.com/air-compressor-solutions/screw-compressors/?lang=ar\"> هواء 30 حصان</a> ، <a href=\"https://en.wikipedia.org/wiki/Transmission_(mechanics)\" target=\"_blank\" rel=\"noopener noreferrer\">محرك</a> بالسير وقوة من 7.5 إلى 90 كيلو واط إيطالي\n\n<span data-fusion-font=\"true\" data-fusion-google-font=\"Manrope\" data-fusion-google-variant=\"400\">يتميز ضواغط الهواء AirVini بواحد من أكثر التصميمات المتوفرة تطوراً.</span>\n<span data-fusion-font=\"true\" data-fusion-google-font=\"Manrope\" data-fusion-google-variant=\"400\">تم دمج عملية التصنيع بالكامل</span> ، <span data-fusion-font=\"true\" data-fusion-google-font=\"Manrope\" data-fusion-google-variant=\"400\">بفضل أدوات التصنيع الحديثة للغاية وأدوات التشغيل المتطورة التي توفر أعلى معايير الجودة.</span>\n\n',NULL,1,'local',0,'2021-10-20 21:17:30'),(407,4816,'ar',10,'حلول كمبروسرات الهواء<span style=\"color: #c92302;\"> ؟</span>',NULL,1,'local',0,'2021-10-20 21:36:04'),(408,4817,'ar',10,'https://www.namerah.com/wp-content/uploads/2021/08/Piston-Air-compressors.png',NULL,1,'local',0,'2021-10-20 21:36:04'),(409,4818,'ar',10,'2219 | ممتلئ',NULL,1,'local',0,'2021-10-20 21:36:04'),(410,4819,'ar',10,'\n<p>كتالوج كمبروسر الهواء الترددية</p>\n',NULL,1,'local',0,'2021-10-20 21:36:04'),(411,4821,'ar',10,'https://www.namerah.com/wp-content/uploads/2021/08/Piston-Air-compressors-catalogue.pdf',NULL,1,'local',0,'2021-10-20 21:36:04'),(412,4822,'ar',10,'سكرو كمبروسر الحلزوني<span style=\"color: #c92302;\"> ؟</span>',NULL,1,'local',0,'2021-10-20 21:36:04'),(413,4823,'ar',10,'https://www.namerah.com/wp-content/uploads/2021/08/AirVini-catalogue-min.png',NULL,1,'local',0,'2021-10-20 21:36:04'),(414,4824,'ar',10,'2214 | ممتلئ',NULL,1,'local',0,'2021-10-20 21:36:04'),(415,4825,'ar',10,'كتالوج كمبروسر الهواء الحلزونية',NULL,1,'local',0,'2021-10-20 21:36:04'),(416,4820,'ar',10,'تحميل',NULL,1,'local',0,'2021-10-20 21:36:04'),(417,4826,'ar',10,'https://www.namerah.com/wp-content/uploads/2021/07/AirVini-screw-catalogue-1.pdf',NULL,1,'local',0,'2021-10-20 21:36:04'),(418,4827,'ar',10,'ضواغط هواء لكل احتياجات العمل<span style=\"color: #bc2b2b;\"> .</span>',NULL,1,'local',0,'2021-10-20 21:36:05'),(419,4828,'ar',10,'https://www.namerah.com/wp-content/uploads/2021/08/37kw-image-1.png',NULL,1,'local',0,'2021-10-20 21:36:05'),(420,4829,'ar',10,'2111 | ممتلئ',NULL,1,'local',0,'2021-10-20 21:36:05'),(421,4830,'ar',10,'https://www.namerah.com/index.php/products/screw-compressor/',NULL,1,'local',0,'2021-10-20 21:36:05'),(422,4831,'ar',10,'سكرو كمبروسر',NULL,1,'local',0,'2021-10-20 21:36:05'),(423,4832,'ar',10,'https://www.namerah.com/wp-content/uploads/200lit-3HP-min.png',NULL,1,'local',0,'2021-10-20 21:36:05'),(424,4833,'ar',10,'2367 | ممتلئ',NULL,1,'local',0,'2021-10-20 21:36:05'),(425,4834,'ar',10,'https://www.namerah.com/index.php/products/piston-compressors/',NULL,1,'local',0,'2021-10-20 21:36:05'),(426,4835,'ar',10,'كمبروسر هواء ترددي',NULL,1,'local',0,'2021-10-20 21:36:05'),(427,4836,'ar',10,'https://www.namerah.com/wp-content/uploads/AirTank-1.png',NULL,1,'local',0,'2021-10-20 21:36:05'),(428,4837,'ar',10,'2279 | ممتلئ',NULL,1,'local',0,'2021-10-20 21:36:05'),(429,4838,'ar',10,'خزانات الهواء',NULL,1,'local',0,'2021-10-20 21:36:05'),(430,4839,'ar',10,'\n\nسكرو كمبروسر ضاغط حلزوني من AiRViNi\n\n',NULL,1,'local',0,'2021-10-20 21:38:36'),(431,4840,'ar',10,'\n\nضواغط هواء حلزونية سكرو كمبروسر ، مع ناقل حركة بالسير وقدرتها من 7.5 إلى 90 كيلوواط انتاج إيطاليا\n\n',NULL,1,'local',0,'2021-10-20 21:38:36'),(432,4841,'ar',10,'e30 =',NULL,1,'local',0,'2021-10-20 21:38:36'),(433,4842,'ar',10,'كتالوج مجاني',NULL,1,'local',0,'2021-10-20 21:38:36'),(434,4843,'ar',10,'https://www.namerah.com/wp-content/uploads/2021/07/AirVini-screw-catalogue-1.pdf',NULL,1,'local',0,'2021-10-20 21:38:36'),(435,4847,'ar',10,'المحتوى الخاص بك اكتب هنا',NULL,1,'local',0,'2021-10-20 21:42:57'),(436,4848,'ar',10,'[fusion_search live_search=\"yes\" search_content=\"post,page,avada_portfolio,avada_faq\" search_limit_to_post_titles=\"\" placeholder=\"عن ماذا تبحث؟\" hide_on_mobile=\"small-visibility,medium-visibility,large-visibility\" sticky_display=\"normal,sticky\" class=\"\" id=\"\" design=\"clean\" input_height=\"66px\" bg_color=\"\" text_size=\"20px\" text_color=\"\" border_size_top=\"\" border_size_right=\"\" border_size_bottom=\"\" border_size_left=\"\" border_color=\"\" focus_border_color=\"#d35137\" border_radius=\"\" margin_top=\"\" margin_right=\"\" margin_bottom=\"\" margin_left=\"\" animation_type=\"\" animation_direction=\"left\" animation_speed=\"0.3\" animation_offset=\"\" /]',NULL,1,'local',0,'2021-10-20 21:42:57'),(437,4846,'ar',10,'[fusion_tb_archives number_posts=\"6\" excerpt=\"hide\" excerpt_length=\"\" strip_html=\"yes\" meta_all=\"yes\" meta_author=\"no\" meta_categories=\"no\" meta_comments=\"no\" meta_date=\"yes\" meta_link=\"no\" meta_tags=\"no\" scrolling=\"load_more_button\" hide_on_mobile=\"small-visibility,medium-visibility,large-visibility\" class=\"\" id=\"\" layout=\"grid\" blog_grid_columns=\"\" blog_grid_column_spacing=\"\" equal_heights=\"yes\" thumbnail=\"yes\" content_alignment=\"center\" grid_box_color=\"\" grid_element_color=\"\" grid_separator_style_type=\"\" grid_separator_color=\"\" padding_top=\"\" padding_right=\"\" padding_bottom=\"\" padding_left=\"\" dynamic_params=\"eyJlbGVtZW50X2NvbnRlbnQiOnsiZGF0YSI6InNob3J0Y29kZSIsImVsZW1lbnRfY29udGVudCI6IjxwPk5vdGhpbmcgRm91bmQ8L3A+Iiwic2hvcnRjb2RlIjoiW2Z1c2lvbl90aXRsZSB0aXRsZV90eXBlPVwidGV4dFwiIHJvdGF0aW9uX2VmZmVjdD1cImJvdW5jZUluXCIgZGlzcGxheV90aW1lPVwiMTIwMFwiIGhpZ2hsaWdodF9lZmZlY3Q9XCJjaXJjbGVcIiBsb29wX2FuaW1hdGlvbj1cIm9mZlwiIGhpZ2hsaWdodF93aWR0aD1cIjlcIiBoaWdobGlnaHRfdG9wX21hcmdpbj1cIjBcIiBiZWZvcmVfdGV4dD1cIlwiIHJvdGF0aW9uX3RleHQ9XCJcIiBoaWdobGlnaHRfdGV4dD1cIlwiIGFmdGVyX3RleHQ9XCJcIiBoaWRlX29uX21vYmlsZT1cInNtYWxsLXZpc2liaWxpdHksbWVkaXVtLXZpc2liaWxpdHksbGFyZ2UtdmlzaWJpbGl0eVwiIGNsYXNzPVwiXCIgaWQ9XCJcIiBjb250ZW50X2FsaWduPVwiY2VudGVyXCIgc2l6ZT1cIjJcIiBmb250X3NpemU9XCJcIiBhbmltYXRlZF9mb250X3NpemU9XCJcIiBmdXNpb25fZm9udF9mYW1pbHlfdGl0bGVfZm9udD1cIlwiIGZ1c2lvbl9mb250X3N1YnNldF90aXRsZV9mb250PVwiXCIgZnVzaW9uX2ZvbnRfdmFyaWFudF90aXRsZV9mb250PVwiXCIgbGluZV9oZWlnaHQ9XCJcIiBsZXR0ZXJfc3BhY2luZz1cIlwiIG1hcmdpbl90b3A9XCJcIiBtYXJnaW5fYm90dG9tPVwiXCIgbWFyZ2luX3RvcF9tb2JpbGU9XCJcIiBtYXJnaW5fYm90dG9tX21vYmlsZT1cIlwiIHRleHRfY29sb3I9XCJcIiBhbmltYXRlZF90ZXh0X2NvbG9yPVwiXCIgaGlnaGxpZ2h0X2NvbG9yPVwiXCIgc3R5bGVfdHlwZT1cImRlZmF1bHRcIiBzZXBfY29sb3I9XCJcIiBhbmltYXRpb25fdHlwZT1cIlwiIGFuaW1hdGlvbl9kaXJlY3Rpb249XCJsZWZ0XCIgYW5pbWF0aW9uX3NwZWVkPVwiMC4zXCIgYW5pbWF0aW9uX29mZnNldD1cIlwiXU5vIHJlc3VsdHMgZm91bmRbL2Z1c2lvbl90aXRsZV1cbltmdXNpb25fZm9udGF3ZXNvbWUgaWNvbj1cImZhLWZyb3duIGZhclwiIHNpemU9XCI1OFwiIGZsaXA9XCJcIiByb3RhdGU9XCJcIiBzcGluPVwibm9cIiBsaW5rPVwiXCIgbGlua3RhcmdldD1cIl9zZWxmXCIgYWxpZ25tZW50PVwiY2VudGVyXCIgaGlkZV9vbl9tb2JpbGU9XCJzbWFsbC12aXNpYmlsaXR5LG1lZGl1bS12aXNpYmlsaXR5LGxhcmdlLXZpc2liaWxpdHlcIiBjbGFzcz1cIlwiIGlkPVwiXCIgbWFyZ2luX3RvcD1cIlwiIG1hcmdpbl9yaWdodD1cIlwiIG1hcmdpbl9ib3R0b209XCJcIiBtYXJnaW5fbGVmdD1cIlwiIGljb25jb2xvcj1cIiMyZDFjNDVcIiBpY29uY29sb3JfaG92ZXI9XCIjMmQxYzQ1XCIgY2lyY2xlPVwibm9cIiBjaXJjbGVjb2xvcj1cIlwiIGNpcmNsZWNvbG9yX2hvdmVyPVwiXCIgY2lyY2xlYm9yZGVyc2l6ZT1cIlwiIGNpcmNsZWJvcmRlcmNvbG9yPVwiXCIgY2lyY2xlYm9yZGVyY29sb3JfaG92ZXI9XCJcIiBpY29uX2hvdmVyX3R5cGU9XCJcIiBhbmltYXRpb25fdHlwZT1cIlwiIGFuaW1hdGlvbl9kaXJlY3Rpb249XCJsZWZ0XCIgYW5pbWF0aW9uX3NwZWVkPVwiMC4zXCIgYW5pbWF0aW9uX29mZnNldD1cIlwiIC9dIiwiYmVmb3JlIjoiIiwiYWZ0ZXIiOiIiLCJmYWxsYmFjayI6IiJ9fQ==\"]\n<p>لم يتم العثور على شيء</p>\n[/fusion_tb_archives]',NULL,1,'local',0,'2021-10-20 21:42:57'),(438,4850,'ar',10,'المحتوى الخاص بك اكتب هنا',NULL,1,'local',0,'2021-10-20 21:42:58'),(442,4857,'ar',10,'https://www.namerah.com/?lang=ar',NULL,NULL,'',0,'2021-10-20 21:46:13'),(440,4852,'ar',10,'[fusion_search live_search=\"yes\" search_content=\"post\" search_limit_to_post_titles=\"\" placeholder=\"عن ماذا تبحث؟\" hide_on_mobile=\"small-visibility,medium-visibility,large-visibility\" sticky_display=\"normal,sticky\" class=\"\" id=\"\" design=\"clean\" input_height=\"66px\" bg_color=\"\" text_size=\"20px\" text_color=\"\" border_width=\"\" border_color=\"\" focus_border_color=\"\" border_radius=\"\" margin_top=\"\" margin_right=\"\" margin_bottom=\"\" margin_left=\"\" animation_type=\"\" animation_direction=\"left\" animation_speed=\"0.3\" animation_offset=\"\" /]',NULL,1,'local',0,'2021-10-20 21:42:58'),(441,4849,'ar',10,'[fusion_tb_archives number_posts=\"6\" excerpt=\"yes\" excerpt_length=\"\" strip_html=\"yes\" meta_all=\"yes\" meta_author=\"no\" meta_categories=\"no\" meta_comments=\"no\" meta_date=\"yes\" meta_link=\"no\" meta_tags=\"no\" scrolling=\"load_more_button\" hide_on_mobile=\"small-visibility,medium-visibility,large-visibility\" class=\"\" id=\"\" layout=\"grid\" blog_grid_columns=\"2\" blog_grid_column_spacing=\"42\" equal_heights=\"yes\" thumbnail=\"yes\" content_alignment=\"\" grid_box_color=\"\" grid_element_color=\"\" grid_separator_style_type=\"\" grid_separator_color=\"\" padding_top=\"\" padding_right=\"\" padding_bottom=\"\" padding_left=\"\" dynamic_params=\"eyJlbGVtZW50X2NvbnRlbnQiOnsiZGF0YSI6InNob3J0Y29kZSIsImVsZW1lbnRfY29udGVudCI6IjxwPk5vdGhpbmcgRm91bmQ8L3A+Iiwic2hvcnRjb2RlIjoiW2Z1c2lvbl90aXRsZSB0aXRsZV90eXBlPVwidGV4dFwiIHJvdGF0aW9uX2VmZmVjdD1cImJvdW5jZUluXCIgZGlzcGxheV90aW1lPVwiMTIwMFwiIGhpZ2hsaWdodF9lZmZlY3Q9XCJjaXJjbGVcIiBsb29wX2FuaW1hdGlvbj1cIm9mZlwiIGhpZ2hsaWdodF93aWR0aD1cIjlcIiBoaWdobGlnaHRfdG9wX21hcmdpbj1cIjBcIiBiZWZvcmVfdGV4dD1cIlwiIHJvdGF0aW9uX3RleHQ9XCJcIiBoaWdobGlnaHRfdGV4dD1cIlwiIGFmdGVyX3RleHQ9XCJcIiBoaWRlX29uX21vYmlsZT1cInNtYWxsLXZpc2liaWxpdHksbWVkaXVtLXZpc2liaWxpdHksbGFyZ2UtdmlzaWJpbGl0eVwiIGNsYXNzPVwiXCIgaWQ9XCJcIiBjb250ZW50X2FsaWduPVwiY2VudGVyXCIgc2l6ZT1cIjJcIiBmb250X3NpemU9XCJcIiBhbmltYXRlZF9mb250X3NpemU9XCJcIiBmdXNpb25fZm9udF9mYW1pbHlfdGl0bGVfZm9udD1cIlwiIGZ1c2lvbl9mb250X3N1YnNldF90aXRsZV9mb250PVwiXCIgZnVzaW9uX2ZvbnRfdmFyaWFudF90aXRsZV9mb250PVwiXCIgbGluZV9oZWlnaHQ9XCJcIiBsZXR0ZXJfc3BhY2luZz1cIlwiIG1hcmdpbl90b3A9XCJcIiBtYXJnaW5fYm90dG9tPVwiXCIgbWFyZ2luX3RvcF9tb2JpbGU9XCJcIiBtYXJnaW5fYm90dG9tX21vYmlsZT1cIlwiIHRleHRfY29sb3I9XCJcIiBhbmltYXRlZF90ZXh0X2NvbG9yPVwiXCIgaGlnaGxpZ2h0X2NvbG9yPVwiXCIgc3R5bGVfdHlwZT1cImRlZmF1bHRcIiBzZXBfY29sb3I9XCJcIiBhbmltYXRpb25fdHlwZT1cIlwiIGFuaW1hdGlvbl9kaXJlY3Rpb249XCJsZWZ0XCIgYW5pbWF0aW9uX3NwZWVkPVwiMC4zXCIgYW5pbWF0aW9uX29mZnNldD1cIlwiXU5vIHJlc3VsdHMgZm91bmRbL2Z1c2lvbl90aXRsZV1cbltmdXNpb25fZm9udGF3ZXNvbWUgaWNvbj1cImZhLWZyb3duIGZhclwiIHNpemU9XCI1OFwiIGZsaXA9XCJcIiByb3RhdGU9XCJcIiBzcGluPVwibm9cIiBsaW5rPVwiXCIgbGlua3RhcmdldD1cIl9zZWxmXCIgYWxpZ25tZW50PVwiY2VudGVyXCIgaGlkZV9vbl9tb2JpbGU9XCJzbWFsbC12aXNpYmlsaXR5LG1lZGl1bS12aXNpYmlsaXR5LGxhcmdlLXZpc2liaWxpdHlcIiBjbGFzcz1cIlwiIGlkPVwiXCIgbWFyZ2luX3RvcD1cIlwiIG1hcmdpbl9yaWdodD1cIlwiIG1hcmdpbl9ib3R0b209XCJcIiBtYXJnaW5fbGVmdD1cIlwiIGljb25jb2xvcj1cIiMyZDFjNDVcIiBpY29uY29sb3JfaG92ZXI9XCIjMmQxYzQ1XCIgY2lyY2xlPVwibm9cIiBjaXJjbGVjb2xvcj1cIlwiIGNpcmNsZWNvbG9yX2hvdmVyPVwiXCIgY2lyY2xlYm9yZGVyc2l6ZT1cIlwiIGNpcmNsZWJvcmRlcmNvbG9yPVwiXCIgY2lyY2xlYm9yZGVyY29sb3JfaG92ZXI9XCJcIiBpY29uX2hvdmVyX3R5cGU9XCJcIiBhbmltYXRpb25fdHlwZT1cIlwiIGFuaW1hdGlvbl9kaXJlY3Rpb249XCJsZWZ0XCIgYW5pbWF0aW9uX3NwZWVkPVwiMC4zXCIgYW5pbWF0aW9uX29mZnNldD1cIlwiIC9dIiwiYmVmb3JlIjoiIiwiYWZ0ZXIiOiIiLCJmYWxsYmFjayI6IiJ9fQ==\"]\n\nلم يتم العثور على شيء\n\n[/fusion_tb_archives]',NULL,1,'local',0,'2021-10-20 21:42:58'),(443,4855,'ar',10,'عفوا ، حدث خطأ ما!',NULL,1,'local',0,'2021-10-20 21:46:13'),(444,4856,'ar',10,'اذهب الى الصفحة الرئيسية',NULL,1,'local',0,'2021-10-20 21:46:13'),(445,4858,'ar',10,'https://www.namerah.com/wp-content/uploads/2020/09/error-page.png',NULL,1,'local',0,'2021-10-20 21:46:13'),(446,4859,'ar',10,'1721 | ممتلئ',NULL,1,'local',0,'2021-10-20 21:46:13'),(448,4861,'ar',10,'[fusion_tb_content hide_on_mobile=\"small-visibility,medium-visibility,large-visibility\" class=\"\" id=\"\" animation_type=\"\" animation_direction=\"left\" animation_speed=\"0.3\" animation_offset=\"\" /]',NULL,1,'local',0,'2021-10-20 21:46:14'),(472,4882,'ar',10,'\n<h2>كمبروسر هواء 7.5 حصان 500 لتر</h2>\n<p style=\"text-align: left;\">كمبروسر هواء 7.5 حصان 500 لتر <a href=\"https://www.namerah.com/air-compressor-solutions/piston-compressors/?lang=ar\">ضاغط هواء</a> بستون يعمل بالسير تتوفر بقدرة من 2 إلى 20 حصان مزودة بسلندرات قوية وموثوقة</p>\n- أداء عالي بسرعات تشغيل منخفضة.\n- تقليل الاهتزازات ، مما يقلل أيضًا من مستوى الضوضاء.\n- زجاج فحص مستوى الزيت.\n- زيت صناعي لضمان التزييت المحسن للأجزاء المتحركة\n- تحجيم متوازن لوحدة الضخ و<a href=\"https://en.wikipedia.org/wiki/Electric_motor\">المحرك الكهربائي</a> وسعة الخزان.\n- دهان بودرة لضمان ثبات مثالي ودائم.\n\n',NULL,1,'local',0,'2021-10-23 19:43:26'),(450,4863,'ar',10,'[fusion_menu menu=\"screw-menu\" hide_on_mobile=\"small-visibility,medium-visibility,large-visibility\" sticky_display=\"normal,sticky\" direction=\"row\" margin_top=\"\" margin_bottom=\"\" transition_time=\"300\" submenu_space=\"10px\" arrows=\"\" arrows_size_width=\"\" arrows_size_height=\"\" class=\"\" id=\"\" min_height=\"48px\" sticky_min_height=\"\" align_items=\"center\" justify_content=\"flex-start\" font_size=\"\" fusion_font_family_typography=\"Manrope\" fusion_font_variant_typography=\"600\" letter_spacing=\"\" text_transform=\"none\" main_justify_content=\"left\" items_padding_top=\"\" items_padding_right=\"\" items_padding_bottom=\"\" items_padding_left=\"\" gap=\"\" border_radius_top_left=\"\" border_radius_top_right=\"\" border_radius_bottom_right=\"\" border_radius_bottom_left=\"\" transition_type=\"fade\" icons_position=\"left\" icons_size=\"16\" thumbnail_size_width=\"\" thumbnail_size_height=\"\" justify_title=\"center\" bg=\"\" color=\"#023a51\" border_top=\"\" border_right=\"\" border_bottom=\"\" border_left=\"\" border_color=\"\" icons_color=\"#023a51\" active_bg=\"\" active_color=\"#cc3e2e\" active_border_top=\"\" active_border_right=\"\" active_border_bottom=\"\" active_border_left=\"\" active_border_color=\"\" icons_hover_color=\"#cc3e2e\" dropdown_carets=\"yes\" submenu_mode=\"dropdown\" expand_method=\"click\" expand_direction=\"right\" expand_transition=\"slide_up\" submenu_max_width=\"180px\" submenu_flyout_direction=\"fade\" submenu_font_size=\"\" fusion_font_family_submenu_typography=\"Manrope\" fusion_font_variant_submenu_typography=\"500\" submenu_text_transform=\"none\" submenu_items_padding_top=\"\" submenu_items_padding_right=\"\" submenu_items_padding_bottom=\"\" submenu_items_padding_left=\"\" submenu_border_radius_top_left=\"6px\" submenu_border_radius_top_right=\"6px\" submenu_border_radius_bottom_right=\"6px\" submenu_border_radius_bottom_left=\"6px\" box_shadow=\"yes\" box_shadow_vertical=\"16px\" box_shadow_horizontal=\"6px\" box_shadow_blur=\"24\" box_shadow_spread=\"-6\" box_shadow_color=\"rgba(2,58,81,0.08)\" box_shadow_style=\"\" submenu_sep_color=\"rgba(226,226,226,0)\" submenu_bg=\"\" submenu_color=\"#023a51\" flyout_close_color=\"\" submenu_active_bg=\"#ffffff\" submenu_active_color=\"#cc3e2e\" flyout_active_close_color=\"\" breakpoint=\"never\" custom_breakpoint=\"800\" mobile_nav_mode=\"collapse-to-button\" mobile_nav_size=\"full-absolute\" trigger_padding_top=\"\" trigger_padding_right=\"\" trigger_padding_bottom=\"\" trigger_padding_left=\"\" mobile_trigger_background_color=\"\" mobile_trigger_color=\"\" collapsed_nav_text=\"\" collapsed_nav_icon_open=\"fusion-prefix-icon-accountant-menu\" collapsed_nav_icon_close=\"fusion-prefix-icon-accountant-cancel\" mobile_trigger_font_size=\"\" mobile_nav_button_align_hor=\"flex-start\" mobile_nav_trigger_fullwidth=\"off\" mobile_nav_trigger_bottom_margin=\"\" mobile_nav_items_height=\"65\" mobile_sticky_max_height=\"\" mobile_justify_content=\"left\" mobile_indent_submenu=\"on\" mobile_font_size=\"\" fusion_font_family_mobile_typography=\"\" fusion_font_variant_mobile_typography=\"\" mobile_sep_color=\"\" mobile_bg=\"\" mobile_color=\"\" mobile_active_bg=\"\" mobile_active_color=\"\" animation_type=\"\" animation_direction=\"left\" animation_speed=\"0.3\" animation_offset=\"\" /]',NULL,1,'local',0,'2021-10-20 21:46:14'),(451,4864,'ar',10,'[fusion_search live_search=\"\" search_content=\"post\" search_limit_to_post_titles=\"\" placeholder=\"\" hide_on_mobile=\"small-visibility,medium-visibility,large-visibility\" sticky_display=\"normal,sticky\" class=\"\" id=\"\" design=\"\" input_height=\"48px\" bg_color=\"#f9fafb\" text_size=\"16px\" text_color=\"\" border_size_top=\"\" border_size_right=\"\" border_size_bottom=\"\" border_size_left=\"\" border_color=\"\" focus_border_color=\"#dd5c3b\" border_radius=\"\" margin_top=\"\" margin_right=\"\" margin_bottom=\"\" margin_left=\"\" animation_type=\"\" animation_direction=\"left\" animation_speed=\"0.3\" animation_offset=\"\" /]',NULL,1,'local',0,'2021-10-20 21:46:14'),(452,4869,'ar',10,'https://www.namerah.com/?lang=ar',NULL,NULL,'',0,'2021-10-20 21:49:00'),(453,4871,'ar',10,'[fusion_menu menu=\"empty\" hide_on_mobile=\"small-visibility,medium-visibility,large-visibility\" sticky_display=\"normal,sticky\" direction=\"row\" margin_top=\"\" margin_bottom=\"\" transition_time=\"300\" submenu_space=\"12px\" arrows=\"\" arrows_size_width=\"\" arrows_size_height=\"\" class=\"\" id=\"menu-spacing\" min_height=\"56px\" sticky_min_height=\"\" align_items=\"center\" justify_content=\"flex-start\" font_size=\"12px\" fusion_font_family_typography=\"Manrope\" fusion_font_variant_typography=\"600\" letter_spacing=\"\" text_transform=\"uppercase\" main_justify_content=\"left\" items_padding_top=\"6px\" items_padding_right=\"10px\" items_padding_bottom=\"6px\" items_padding_left=\"10px\" gap=\"6px\" border_radius_top_left=\"6px\" border_radius_top_right=\"6px\" border_radius_bottom_right=\"6px\" border_radius_bottom_left=\"6px\" transition_type=\"fade\" icons_position=\"left\" icons_size=\"16\" thumbnail_size_width=\"\" thumbnail_size_height=\"\" justify_title=\"center\" bg=\"\" color=\"#023a51\" border_top=\"\" border_right=\"\" border_bottom=\"\" border_left=\"\" border_color=\"#cc3e2e\" icons_color=\"#023a51\" active_bg=\"rgba(44,188,99,0.08)\" active_color=\"#023a51\" active_border_top=\"\" active_border_right=\"\" active_border_bottom=\"\" active_border_left=\"\" active_border_color=\"\" icons_hover_color=\"#d85b3e\" dropdown_carets=\"yes\" submenu_mode=\"dropdown\" expand_method=\"hover\" expand_direction=\"right\" expand_transition=\"slide_up\" submenu_max_width=\"140px\" submenu_flyout_direction=\"fade\" submenu_font_size=\"\" fusion_font_family_submenu_typography=\"Manrope\" fusion_font_variant_submenu_typography=\"600\" submenu_text_transform=\"uppercase\" submenu_items_padding_top=\"\" submenu_items_padding_right=\"\" submenu_items_padding_bottom=\"\" submenu_items_padding_left=\"\" submenu_border_radius_top_left=\"0px\" submenu_border_radius_top_right=\"6px\" submenu_border_radius_bottom_right=\"6px\" submenu_border_radius_bottom_left=\"6px\" box_shadow=\"yes\" box_shadow_vertical=\"12px\" box_shadow_horizontal=\"0px\" box_shadow_blur=\"26\" box_shadow_spread=\"-12\" box_shadow_color=\"rgba(2,58,81,0.36)\" box_shadow_style=\"\" submenu_sep_color=\"rgba(226,226,226,0)\" submenu_bg=\"\" submenu_color=\"#023a51\" flyout_close_color=\"\" submenu_active_bg=\"#ffffff\" submenu_active_color=\"#cc3e2e\" flyout_active_close_color=\"\" breakpoint=\"small\" custom_breakpoint=\"800\" mobile_nav_mode=\"collapse-to-button\" mobile_nav_size=\"column-absolute\" trigger_padding_top=\"\" trigger_padding_right=\"\" trigger_padding_bottom=\"\" trigger_padding_left=\"\" mobile_trigger_background_color=\"#023a51\" mobile_trigger_color=\"#ffffff\" collapsed_nav_text=\"\" collapsed_nav_icon_open=\"fusion-prefix-icon-accountant-menu\" collapsed_nav_icon_close=\"fusion-prefix-icon-accountant-cancel\" mobile_trigger_font_size=\"16px\" mobile_nav_button_align_hor=\"flex-end\" mobile_nav_trigger_fullwidth=\"off\" mobile_nav_trigger_bottom_margin=\"\" mobile_nav_items_height=\"60\" mobile_sticky_max_height=\"\" mobile_justify_content=\"center\" mobile_indent_submenu=\"on\" mobile_font_size=\"14px\" fusion_font_family_mobile_typography=\"Manrope\" fusion_font_variant_mobile_typography=\"600\" mobile_sep_color=\"rgba(255,255,255,0)\" mobile_bg=\"\" mobile_color=\"#023a51\" mobile_active_bg=\"#f9fafb\" mobile_active_color=\"#cc3e2e\" animation_type=\"\" animation_direction=\"left\" animation_speed=\"0.3\" animation_offset=\"\" /]',NULL,1,'local',0,'2021-10-20 21:48:59'),(454,4872,'ar',10,'[fusion_menu menu=\"accountant-contact-menu\" hide_on_mobile=\"small-visibility,medium-visibility,large-visibility\" sticky_display=\"normal,sticky\" direction=\"row\" margin_top=\"\" margin_bottom=\"\" transition_time=\"300\" submenu_space=\"12px\" arrows=\"\" arrows_size_width=\"\" arrows_size_height=\"\" class=\"\" id=\"\" min_height=\"56px\" sticky_min_height=\"\" align_items=\"center\" justify_content=\"flex-start\" font_size=\"16px\" fusion_font_family_typography=\"Manrope\" fusion_font_variant_typography=\"600\" letter_spacing=\"\" text_transform=\"none\" main_justify_content=\"left\" items_padding_top=\"6px\" items_padding_right=\"10px\" items_padding_bottom=\"6px\" items_padding_left=\"10px\" gap=\"6px\" border_radius_top_left=\"6px\" border_radius_top_right=\"6px\" border_radius_bottom_right=\"6px\" border_radius_bottom_left=\"6px\" transition_type=\"fade\" icons_position=\"left\" icons_size=\"17\" thumbnail_size_width=\"\" thumbnail_size_height=\"\" justify_title=\"center\" bg=\"\" color=\"#023a51\" border_top=\"\" border_right=\"\" border_bottom=\"\" border_left=\"\" border_color=\"#cc3e2e\" icons_color=\"#023a51\" active_bg=\"\" active_color=\"#023a51\" active_border_top=\"\" active_border_right=\"\" active_border_bottom=\"\" active_border_left=\"\" active_border_color=\"\" icons_hover_color=\"#e06150\" dropdown_carets=\"yes\" submenu_mode=\"dropdown\" expand_method=\"hover\" expand_direction=\"right\" expand_transition=\"fade\" submenu_max_width=\"\" submenu_flyout_direction=\"fade\" submenu_font_size=\"\" fusion_font_family_submenu_typography=\"\" fusion_font_variant_submenu_typography=\"\" submenu_text_transform=\"none\" submenu_items_padding_top=\"\" submenu_items_padding_right=\"\" submenu_items_padding_bottom=\"\" submenu_items_padding_left=\"\" submenu_border_radius_top_left=\"\" submenu_border_radius_top_right=\"\" submenu_border_radius_bottom_right=\"\" submenu_border_radius_bottom_left=\"\" box_shadow=\"no\" box_shadow_vertical=\"\" box_shadow_horizontal=\"\" box_shadow_blur=\"0\" box_shadow_spread=\"0\" box_shadow_color=\"\" box_shadow_style=\"\" submenu_sep_color=\"\" submenu_bg=\"\" submenu_color=\"\" flyout_close_color=\"\" submenu_active_bg=\"\" submenu_active_color=\"\" flyout_active_close_color=\"\" breakpoint=\"small\" custom_breakpoint=\"800\" mobile_nav_mode=\"collapse-to-button\" mobile_nav_size=\"full-absolute\" trigger_padding_top=\"\" trigger_padding_right=\"\" trigger_padding_bottom=\"\" trigger_padding_left=\"\" mobile_trigger_background_color=\"\" mobile_trigger_color=\"\" collapsed_nav_text=\"\" collapsed_nav_icon_open=\"fusion-prefix-icon-accountant-menu\" collapsed_nav_icon_close=\"fusion-prefix-icon-accountant-cancel\" mobile_trigger_font_size=\"\" mobile_nav_button_align_hor=\"flex-start\" mobile_nav_trigger_fullwidth=\"off\" mobile_nav_trigger_bottom_margin=\"\" mobile_nav_items_height=\"65\" mobile_sticky_max_height=\"\" mobile_justify_content=\"left\" mobile_indent_submenu=\"on\" mobile_font_size=\"\" fusion_font_family_mobile_typography=\"\" fusion_font_variant_mobile_typography=\"\" mobile_sep_color=\"\" mobile_bg=\"\" mobile_color=\"\" mobile_active_bg=\"\" mobile_active_color=\"\" animation_type=\"\" animation_direction=\"left\" animation_speed=\"0.3\" animation_offset=\"\" /]',NULL,1,'local',0,'2021-10-20 21:48:59'),(455,4873,'ar',10,'[fusion_menu menu=\"main-menu\" hide_on_mobile=\"small-visibility,medium-visibility,large-visibility\" sticky_display=\"normal,sticky\" direction=\"row\" margin_top=\"16px\" margin_bottom=\"16px\" transition_time=\"300\" submenu_space=\"10px\" arrows=\"\" arrows_size_width=\"\" arrows_size_height=\"\" class=\"\" id=\"\" min_height=\"48px\" sticky_min_height=\"\" align_items=\"stretch\" justify_content=\"space-between\" font_size=\"18px\" fusion_font_family_typography=\"Manrope\" fusion_font_variant_typography=\"600\" letter_spacing=\"\" text_transform=\"none\" main_justify_content=\"left\" items_padding_top=\"\" items_padding_right=\"10px\" items_padding_bottom=\"2px\" items_padding_left=\"10px\" gap=\"6px\" border_radius_top_left=\"\" border_radius_top_right=\"\" border_radius_bottom_right=\"\" border_radius_bottom_left=\"\" transition_type=\"center\" icons_position=\"left\" icons_size=\"16\" thumbnail_size_width=\"\" thumbnail_size_height=\"\" justify_title=\"center\" bg=\"\" color=\"#023a51\" border_top=\"2px\" border_right=\"\" border_bottom=\"2px\" border_left=\"\" border_color=\"\" icons_color=\"#023a51\" active_bg=\"\" active_color=\"#023a51\" active_border_top=\"2px\" active_border_right=\"\" active_border_bottom=\"2px\" active_border_left=\"\" active_border_color=\"#cc3e2e\" icons_hover_color=\"#cc3e2e\" dropdown_carets=\"yes\" submenu_mode=\"dropdown\" expand_method=\"hover\" expand_direction=\"right\" expand_transition=\"slide_up\" submenu_max_width=\"208px\" submenu_flyout_direction=\"fade\" submenu_font_size=\"16px\" fusion_font_family_submenu_typography=\"Manrope\" fusion_font_variant_submenu_typography=\"600\" submenu_text_transform=\"none\" submenu_items_padding_top=\"12px\" submenu_items_padding_right=\"\" submenu_items_padding_bottom=\"12px\" submenu_items_padding_left=\"20px\" submenu_border_radius_top_left=\"0px\" submenu_border_radius_top_right=\"8px\" submenu_border_radius_bottom_right=\"8px\" submenu_border_radius_bottom_left=\"8px\" box_shadow=\"yes\" box_shadow_vertical=\"20px\" box_shadow_horizontal=\"0px\" box_shadow_blur=\"32\" box_shadow_spread=\"-12\" box_shadow_color=\"rgba(2,58,81,0.2)\" box_shadow_style=\"\" submenu_sep_color=\"rgba(249,250,251,0)\" submenu_bg=\"\" submenu_color=\"#023a51\" flyout_close_color=\"\" submenu_active_bg=\"#ffffff\" submenu_active_color=\"#cc3e2e\" flyout_active_close_color=\"\" breakpoint=\"small\" custom_breakpoint=\"800\" mobile_nav_mode=\"collapse-to-button\" mobile_nav_size=\"column-absolute\" trigger_padding_top=\"\" trigger_padding_right=\"\" trigger_padding_bottom=\"\" trigger_padding_left=\"\" mobile_trigger_background_color=\"#e0ecf0\" mobile_trigger_color=\"#023a51\" collapsed_nav_text=\"Menu\" collapsed_nav_icon_open=\"fusion-prefix-icon-accountant-menu\" collapsed_nav_icon_close=\"fusion-prefix-icon-accountant-cancel\" mobile_trigger_font_size=\"\" mobile_nav_button_align_hor=\"flex-end\" mobile_nav_trigger_fullwidth=\"off\" mobile_nav_trigger_bottom_margin=\"\" mobile_nav_items_height=\"72\" mobile_sticky_max_height=\"\" mobile_justify_content=\"center\" mobile_indent_submenu=\"on\" mobile_font_size=\"\" fusion_font_family_mobile_typography=\"Manrope\" fusion_font_variant_mobile_typography=\"600\" mobile_sep_color=\"#ffffff\" mobile_bg=\"\" mobile_color=\"#023a51\" mobile_active_bg=\"#ffffff\" mobile_active_color=\"#cc3e2e\" animation_type=\"\" animation_direction=\"left\" animation_speed=\"0.3\" animation_offset=\"\" /]',NULL,1,'local',0,'2021-10-20 21:48:59'),(456,4867,'ar',10,'https://www.namerah.com/wp-content/uploads/2021/07/logo.png',NULL,1,'local',0,'2021-10-20 21:48:59'),(457,4868,'ar',10,'2044 | ممتلئ',NULL,1,'local',0,'2021-10-20 21:48:59'),(458,4870,'ar',10,'eyJsaW5rIjp7ImRhdGEiOiJzaXRlX3VybCIsImxpbmsiOiJodHRwczovL3d3dy5haXJjb21wcmVzc29ycy5zYS8iLCJiZWZvcmUiOiIiLCJhZnRlciWi19',NULL,1,'local',0,'2021-10-20 21:48:59'),(459,4874,'ar',10,'[fusion_menu menu=\"accountant-contact-menu\" hide_on_mobile=\"small-visibility,medium-visibility,large-visibility\" sticky_display=\"normal,sticky\" direction=\"row\" margin_top=\"\" margin_bottom=\"\" transition_time=\"300\" submenu_space=\"12px\" arrows=\"\" arrows_size_width=\"\" arrows_size_height=\"\" class=\"\" id=\"\" min_height=\"56px\" sticky_min_height=\"\" align_items=\"center\" justify_content=\"center\" font_size=\"16px\" fusion_font_family_typography=\"Manrope\" fusion_font_variant_typography=\"600\" letter_spacing=\"\" text_transform=\"none\" main_justify_content=\"left\" items_padding_top=\"6px\" items_padding_right=\"10px\" items_padding_bottom=\"6px\" items_padding_left=\"10px\" gap=\"6px\" border_radius_top_left=\"6px\" border_radius_top_right=\"6px\" border_radius_bottom_right=\"6px\" border_radius_bottom_left=\"6px\" transition_type=\"fade\" icons_position=\"left\" icons_size=\"17\" thumbnail_size_width=\"\" thumbnail_size_height=\"\" justify_title=\"center\" bg=\"\" color=\"#023a51\" border_top=\"\" border_right=\"\" border_bottom=\"\" border_left=\"\" border_color=\"#cc3e2e\" icons_color=\"#023a51\" active_bg=\"rgba(44,188,99,0.08)\" active_color=\"#023a51\" active_border_top=\"\" active_border_right=\"\" active_border_bottom=\"\" active_border_left=\"\" active_border_color=\"\" icons_hover_color=\"#e06150\" dropdown_carets=\"yes\" submenu_mode=\"dropdown\" expand_method=\"hover\" expand_direction=\"right\" expand_transition=\"fade\" submenu_max_width=\"\" submenu_flyout_direction=\"fade\" submenu_font_size=\"\" fusion_font_family_submenu_typography=\"\" fusion_font_variant_submenu_typography=\"\" submenu_text_transform=\"none\" submenu_items_padding_top=\"\" submenu_items_padding_right=\"\" submenu_items_padding_bottom=\"\" submenu_items_padding_left=\"\" submenu_border_radius_top_left=\"\" submenu_border_radius_top_right=\"\" submenu_border_radius_bottom_right=\"\" submenu_border_radius_bottom_left=\"\" box_shadow=\"no\" box_shadow_vertical=\"\" box_shadow_horizontal=\"\" box_shadow_blur=\"0\" box_shadow_spread=\"0\" box_shadow_color=\"\" box_shadow_style=\"\" submenu_sep_color=\"\" submenu_bg=\"\" submenu_color=\"\" flyout_close_color=\"\" submenu_active_bg=\"\" submenu_active_color=\"\" flyout_active_close_color=\"\" breakpoint=\"never\" custom_breakpoint=\"800\" mobile_nav_mode=\"collapse-to-button\" mobile_nav_size=\"full-absolute\" trigger_padding_top=\"\" trigger_padding_right=\"\" trigger_padding_bottom=\"\" trigger_padding_left=\"\" mobile_trigger_background_color=\"\" mobile_trigger_color=\"\" collapsed_nav_text=\"\" collapsed_nav_icon_open=\"fusion-prefix-icon-accountant-menu\" collapsed_nav_icon_close=\"fusion-prefix-icon-accountant-cancel\" mobile_trigger_font_size=\"\" mobile_nav_button_align_hor=\"flex-start\" mobile_nav_trigger_fullwidth=\"off\" mobile_nav_trigger_bottom_margin=\"\" mobile_nav_items_height=\"65\" mobile_sticky_max_height=\"\" mobile_justify_content=\"left\" mobile_indent_submenu=\"on\" mobile_font_size=\"\" fusion_font_family_mobile_typography=\"\" fusion_font_variant_mobile_typography=\"\" mobile_sep_color=\"\" mobile_bg=\"\" mobile_color=\"\" mobile_active_bg=\"\" mobile_active_color=\"\" animation_type=\"\" animation_direction=\"left\" animation_speed=\"0.3\" animation_offset=\"\" /]',NULL,1,'local',0,'2021-10-20 21:48:59'),(460,4875,'ar',10,'[fusion_menu menu=\"main-menu\" hide_on_mobile=\"small-visibility,medium-visibility,large-visibility\" sticky_display=\"normal,sticky\" direction=\"row\" margin_top=\"\" margin_bottom=\"\" transition_time=\"300\" submenu_space=\"16px\" arrows=\"\" arrows_size_width=\"\" arrows_size_height=\"\" class=\"\" id=\"\" min_height=\"\" sticky_min_height=\"\" align_items=\"stretch\" justify_content=\"space-between\" font_size=\"18px\" fusion_font_family_typography=\"Manrope\" fusion_font_variant_typography=\"600\" letter_spacing=\"\" text_transform=\"none\" main_justify_content=\"left\" items_padding_top=\"\" items_padding_right=\"10px\" items_padding_bottom=\"\" items_padding_left=\"10px\" gap=\"6px\" border_radius_top_left=\"\" border_radius_top_right=\"\" border_radius_bottom_right=\"\" border_radius_bottom_left=\"\" transition_type=\"center\" icons_position=\"left\" icons_size=\"16\" thumbnail_size_width=\"\" thumbnail_size_height=\"\" justify_title=\"center\" bg=\"\" color=\"#023a51\" border_top=\"\" border_right=\"\" border_bottom=\"\" border_left=\"\" border_color=\"\" icons_color=\"#023a51\" active_bg=\"\" active_color=\"#023a51\" active_border_top=\"2px\" active_border_right=\"\" active_border_bottom=\"2px\" active_border_left=\"\" active_border_color=\"#cc3e2e\" icons_hover_color=\"#cc3e2e\" dropdown_carets=\"yes\" submenu_mode=\"dropdown\" expand_method=\"hover\" expand_direction=\"right\" expand_transition=\"slide_up\" submenu_max_width=\"\" submenu_flyout_direction=\"fade\" submenu_font_size=\"16px\" fusion_font_family_submenu_typography=\"Manrope\" fusion_font_variant_submenu_typography=\"600\" submenu_text_transform=\"none\" submenu_items_padding_top=\"16px\" submenu_items_padding_right=\"\" submenu_items_padding_bottom=\"16px\" submenu_items_padding_left=\"\" submenu_border_radius_top_left=\"0px\" submenu_border_radius_top_right=\"8px\" submenu_border_radius_bottom_right=\"8px\" submenu_border_radius_bottom_left=\"8px\" box_shadow=\"yes\" box_shadow_vertical=\"20px\" box_shadow_horizontal=\"0px\" box_shadow_blur=\"32\" box_shadow_spread=\"-12\" box_shadow_color=\"rgba(2,58,81,0.2)\" box_shadow_style=\"\" submenu_sep_color=\"rgba(255,255,255,0)\" submenu_bg=\"\" submenu_color=\"#023a51\" flyout_close_color=\"\" submenu_active_bg=\"#ffffff\" submenu_active_color=\"#cc3e2e\" flyout_active_close_color=\"\" breakpoint=\"small\" custom_breakpoint=\"800\" mobile_nav_mode=\"collapse-to-button\" mobile_nav_size=\"full-absolute\" trigger_padding_top=\"\" trigger_padding_right=\"\" trigger_padding_bottom=\"\" trigger_padding_left=\"\" mobile_trigger_background_color=\"\" mobile_trigger_color=\"#023a51\" collapsed_nav_text=\"\" collapsed_nav_icon_open=\"fusion-prefix-icon-accountant-menu\" collapsed_nav_icon_close=\"fusion-prefix-icon-accountant-cancel\" mobile_trigger_font_size=\"32px\" mobile_nav_button_align_hor=\"flex-end\" mobile_nav_trigger_fullwidth=\"off\" mobile_nav_trigger_bottom_margin=\"26px\" mobile_nav_items_height=\"72\" mobile_sticky_max_height=\"\" mobile_justify_content=\"right\" mobile_indent_submenu=\"on\" mobile_font_size=\"\" fusion_font_family_mobile_typography=\"Manrope\" fusion_font_variant_mobile_typography=\"600\" mobile_sep_color=\"rgba(255,255,255,0)\" mobile_bg=\"#e0ecf0\" mobile_color=\"#023a51\" mobile_active_bg=\"#ffffff\" mobile_active_color=\"#cc3e2e\" animation_type=\"\" animation_direction=\"left\" animation_speed=\"0.3\" animation_offset=\"\" /]',NULL,1,'local',0,'2021-10-20 21:48:59'),(461,4876,'ar',10,'\n<h2>كمبروسر هواء حلزوني<span style=\"color: #c40101;\"> 20 حصان</span></h2>\n',NULL,1,'local',0,'2021-10-21 19:54:48'),(462,4877,'ar',10,'https://www.namerah.com/wp-content/uploads/Airvini-15kw-20HP.jpg',NULL,1,'local',0,'2021-10-21 19:54:48'),(463,4878,'ar',10,'2886 | ممتلئ',NULL,1,'local',0,'2021-10-21 19:54:48'),(464,4879,'ar',10,'\n\nكمبروسر هواء حلزوني 20 حصان\n<table class=\"table table-hover\">\n<tbody>\n<tr>\n<td>موديل:</td>\n<td>AirVini-20</td>\n</tr>\n<tr>\n<td>كمية الهواء (متر مكعب / ساعة):</td>\n<td>111</td>\n</tr>\n<tr>\n<td>cfm:</td>\n<td>65.3</td>\n</tr>\n<tr>\n<td>لتر / ثانية:</td>\n<td>30.83</td>\n</tr>\n<tr>\n<td>لتر / دقيقة:</td>\n<td>1850</td>\n</tr>\n<tr>\n<td>ضغط بار:</td>\n<td>10</td>\n</tr>\n<tr>\n<td>psig:</td>\n<td>145</td>\n</tr>\n<tr>\n<td>القوة (kW / HP):</td>\n<td>20 حصان</td>\n</tr>\n<tr>\n<td>فولت:</td>\n<td>380 فولت</td>\n</tr>\n<tr>\n<td>طريقة التبريد:</td>\n<td>تبريد الهواء</td>\n</tr>\n<tr>\n<td>عمل المحرك:</td>\n<td>يعمل بالسير</td>\n</tr>\n<tr>\n<td>الضوضاء ديسيبل (أ):</td>\n<td>70</td>\n</tr>\n<tr>\n<td>الوزن كجم:</td>\n<td>235</td>\n</tr>\n</tbody>\n</table>\n',NULL,1,'local',0,'2021-10-21 19:54:48'),(465,4880,'ar',10,'\n<div id=\"mceu_34-0\" class=\"mce-path-item\" tabindex=\"-1\" role=\"button\" data-index=\"0\" aria-level=\"1\">\n<h2 style=\"--fontsize: 24; line-height: 1.42; --minfontsize: 24;\"><span style=\"font-size: 30px;\" data-fusion-font=\"true\">أفضل خيار للمصانع سكرو كمبروسر هواء حلزوني 20 حصان</span></h2>\n<a href=\"https://www.namerah.com/air-compressor-solutions/screw-compressors/?lang=ar\">ضواغط هواء</a> <a href=\"https://www.namerah.com/air-compressor-solutions/screw-compressors/?lang=ar\" target=\"_blank\" rel=\"noopener noreferrer\">حلزونية</a> <a href=\"https://www.namerah.com/air-compressor-solutions/screw-compressors/?lang=ar\">سكرو كمبروسر</a> ، مع <a href=\"https://en.wikipedia.org/wiki/Transmission_(mechanics)\" target=\"_blank\" rel=\"noopener noreferrer\">ناقل حركة بالسير</a> وقدرتها من 7.5 إلى 90 كيلوواط انتاج إيطاليا\n\n<span data-fusion-font=\"true\" data-fusion-google-font=\"Manrope\" data-fusion-google-variant=\"400\">يتميز كمبروسر الهواء AirVini بواحد من أكثر التصميمات المتوفرة تطوراً.</span>\n<span data-fusion-font=\"true\" data-fusion-google-font=\"Manrope\" data-fusion-google-variant=\"400\">تم دمج عملية التصنيع بالكامل</span> ، <span data-fusion-font=\"true\" data-fusion-google-font=\"Manrope\" data-fusion-google-variant=\"400\">بفضل أدوات التصنيع الحديثة للغاية وأدوات التشغيل المتطورة التي توفر أعلى معايير الجودة.</span>\n\n</div>\n',NULL,1,'local',0,'2021-10-21 19:54:48'),(466,4788,'ar',10,'\n<h2>كمبروسر هواء حلزوني<span style=\"color: #c40101;\"> 50 حصان</span></h2>\n',NULL,1,'local',0,'2021-10-21 20:05:24'),(467,4789,'ar',10,'https://www.namerah.com/wp-content/uploads/2021/07/Untitled-2-min.png',NULL,1,'local',0,'2021-10-21 20:05:24'),(468,4790,'ar',10,'2040 | ممتلئ',NULL,1,'local',0,'2021-10-21 20:05:24'),(469,4791,'ar',10,'\n\nكمبروسر هواء حلزوني 50 حصان\n<table class=\"table table-hover\">\n<tbody>\n<tr>\n<td>موديل:</td>\n<td>AirVini-50</td>\n</tr>\n<tr>\n<td>كمية الهواء (متر مكعب / ساعة):</td>\n<td>318</td>\n</tr>\n<tr>\n<td>cfm:</td>\n<td>187</td>\n</tr>\n<tr>\n<td>لتر / ثانية:</td>\n<td>88.33</td>\n</tr>\n<tr>\n<td>لتر / دقيقة:</td>\n<td>5300</td>\n</tr>\n<tr>\n<td>ضغط بار:</td>\n<td>10</td>\n</tr>\n<tr>\n<td>psig:</td>\n<td>145</td>\n</tr>\n<tr>\n<td>القوة (kW / HP):</td>\n<td>37/50 حصان</td>\n</tr>\n<tr>\n<td>فولت:</td>\n<td>380 فولت</td>\n</tr>\n<tr>\n<td>طريقة التبريد:</td>\n<td>تبريد الهواء</td>\n</tr>\n<tr>\n<td>عمل المحرك:</td>\n<td>يعمل بالسير</td>\n</tr>\n<tr>\n<td>الضوضاء ديسيبل (أ):</td>\n<td>68</td>\n</tr>\n<tr>\n<td>الوزن كجم:</td>\n<td>700</td>\n</tr>\n</tbody>\n</table>\n',NULL,1,'local',0,'2021-10-21 20:05:24'),(470,4792,'ar',10,'\n<h2 style=\"--fontsize: 24; line-height: 1.42; --minfontsize: 24;\"><span style=\"font-size: 30px;\" data-fusion-font=\"true\">أفضل خيار كمبروسر هواء سكرو حلزوني 50 حصان</span></h2>\n<a href=\"https://www.namerah.com/air-compressor-solutions/screw-compressors/?lang=ar\">ضواغط هواء</a> <a href=\"https://www.namerah.com/air-compressor-solutions/screw-compressors/?lang=ar\" target=\"_blank\" rel=\"noopener noreferrer\">حلزونية</a> <a href=\"https://www.namerah.com/air-compressor-solutions/screw-compressors/?lang=ar\">سكرو كمبروسر</a> ، مع <a href=\"https://en.wikipedia.org/wiki/Transmission_(mechanics)\" target=\"_blank\" rel=\"noopener noreferrer\">ناقل حركة بالسير</a> وقدرتها من 7.5 إلى 90 كيلوواط انتاج إيطاليا\n\n<span data-fusion-font=\"true\" data-fusion-google-font=\"Manrope\" data-fusion-google-variant=\"400\">يتميز كمبروسر الهواء الحلزوني 50 حصان AirVini مصنع بأحد أكثر تصميمات المتطورة تقنيا.</span>\n<span data-fusion-font=\"true\" data-fusion-google-font=\"Manrope\" data-fusion-google-variant=\"400\">تم دمج عملية التصنيع بالكامل</span> ، <span data-fusion-font=\"true\" data-fusion-google-font=\"Manrope\" data-fusion-google-variant=\"400\">بفضل أدوات التصنيع الحديثة للغاية وأدوات التشغيل المتطورة التي توفر أعلى معايير الجودة.</span>\n\n',NULL,1,'local',0,'2021-10-21 20:05:24'),(471,4881,'ar',3,'\n<p>منتجات مميزة</p>\n',NULL,1,'local',0,'2021-10-21 20:39:12'),(473,4883,'ar',10,'\n<h2>خزان الرغوة لغسيل السيارات</h2>\n',NULL,1,'local',0,'2021-10-23 20:16:43'),(474,4884,'ar',10,'\n\n<span style=\"background-color: rgba(255, 255, 255, 0); color: var(--body_typography-color); font-family: var(--body_typography-font-family); font-size: var(--body_typography-font-size); font-style: var(--body_typography-font-style,normal); font-weight: var(--body_typography-font-weight); letter-spacing: var(--body_typography-letter-spacing);\">نحن مصنعون وموردون رائدون لخزانات الرغوة عالية الجودة المخصصة لغسيل السيارات. يعتبر غسل السيارات والدراجات والمركبات بالفوم المتولد من شامبو السيارات اتجاهاً جديداً في الصناعة ، لأنه يولد الرغوه ويقلل التكلفة ويعطي جودة تنظيف.</span>\n\nنقدم خزان فوم عالي الجودة مصنع بأحدث التقنيات وبأفضل جودة للمواد الخام. يصنع رغوة كثيفة من الشامبو عند توصيله<a href=\"https://www.namerah.com/air-compressor-solutions/?lang=ar\"> بكمبروسر هواء</a> . يتوفر خزان الرغوة لدينا بأفضل الأسعار المنافسة.\n\n',NULL,1,'local',0,'2021-10-23 20:16:43'),(475,4885,'ar',10,'https://www.namerah.com/wp-content/uploads/Foam100-min-400x278.png',NULL,1,'local',0,'2021-10-23 20:16:43'),(476,4886,'ar',10,'2665 | فيوجن -400',NULL,1,'local',0,'2021-10-23 20:16:43'),(477,4888,'ar',10,'\n\nبدعم من المتخصصين ، نشارك في تقديم مجموعة خالية من العيوب لخزانات الرغوة<a href=\"https://en.wikipedia.org/wiki/Car_wash\"> لغسيل السيارات</a> لعملائنا. نقدم هذا المنتج بمواصفات مختلفة تلبي طلب المستفيد.\n<p style=\"font-size: 24px; font-family: Manrope;\" data-fusion-font=\"true\" data-fusion-google-font=\"Manrope\" data-fusion-google-variant=\"400\"><b>المميزات:</b></p>\n1. التصميم الخاص يجعل الرغوة أكثر نعومة وسلسة.\n\n2. تم تقليل استهلاك الشامبو بشكل كبير مما يحقق توفيرًا هائلاً.\n\n3. تقليل وقت التنظيف مما يوفر الأيدي العاملة.\n\n4. جودة التنظيف تؤدي الى إرضاء العميل.\n\n',NULL,1,'local',0,'2021-10-23 20:16:43'),(478,4889,'ar',10,'\n<h3 style=\"text-align: center;\">شراء خزان الرغوة لغسيل السيارات</h3>\n',NULL,1,'local',0,'2021-10-23 20:16:43'),(479,4890,'ar',10,'https://www.namerah.com/wp-content/uploads/Foam100-min-300x209.png',NULL,1,'local',0,'2021-10-23 20:16:43'),(480,4891,'ar',10,'2665 | متوسط',NULL,1,'local',0,'2021-10-23 20:16:43'),(481,4892,'ar',10,'https://www.namerah.com/wp-content/uploads/Foam200-min-1024x671.png',NULL,1,'local',0,'2021-10-23 20:16:43'),(482,4893,'ar',10,'2669 | كبير',NULL,1,'local',0,'2021-10-23 20:16:43'),(483,4887,'ar',10,'خزان الرغوة لغسيل السيارات',NULL,1,'local',0,'2021-10-23 20:16:43'),(484,4894,'ar',10,'https://www.namerah.com/wp-content/uploads/Foam300-min-300x196.png',NULL,1,'local',0,'2021-10-23 20:16:43'),(485,4895,'ar',10,'2667 | متوسط',NULL,1,'local',0,'2021-10-23 20:16:43'),(486,4896,'ar',10,'\n<h2>خزان الضغط المجلفن</h2>\n',NULL,1,'local',0,'2021-10-23 20:25:26'),(487,4897,'ar',10,'\n\nخزان ضغط مجلفن خزانات رأسية أو أفقية LV و LH. نمرة تلبي جميع المتطلبات الفنية والجودة اللازمة لخزانات الهواء<a href=\"https://www.namerah.com/air-compressor-solutions/screw-compressors/?lang=ar\"> المضغوط</a> الناتج عن ضاغط واحد أو أكثر ، مع السماح بتركيبه في الأماكن التي يمكن أن يكون فيها ارتفاع المساحة محدودًا.\n\nتضمن عملية الجلفنة بالغمس الساخن التي تخضع لها خارجيًا وداخليًا (70 ميكرون كحد أدنى) الحفاظ على سماكة ألواح الحديد بمرور الوقت من التآكل والصدأ.\n<h3 class=\"fusion-responsive-typography-calculated\" style=\"--fontsize: 36; line-height: 1.3;\" data-fontsize=\"36\" data-lineheight=\"46.8px\">خزانات مجلفنة بأفضل سعر للاستخدام الصناعي</h3>\nتستخدم الخزانات المجلفنة في الغالب للاستخدام الصناعي ويتم استخدامها لتخزين مواد مثل<a href=\"https://en.wikipedia.org/wiki/Distilled_water#:~:text=Distilled%7B126c4338694983a28337634e97a4508f54a081b01d794f94846db78c5fa8b52c%7D20water%7B126c4338694983a28337634e97a4508f54a081b01d794f94846db78c5fa8b52c%7D20is%7B126c4338694983a28337634e97a4508f54a081b01d794f94846db78c5fa8b52c%7D20water%7B126c4338694983a28337634e97a4508f54a081b01d794f94846db78c5fa8b52c%7D20that,a%7B126c4338694983a28337634e97a4508f54a081b01d794f94846db78c5fa8b52c%7D20type%7B126c4338694983a28337634e97a4508f54a081b01d794f94846db78c5fa8b52c%7D20of%7B126c4338694983a28337634e97a4508f54a081b01d794f94846db78c5fa8b52c%7D20purified%7B126c4338694983a28337634e97a4508f54a081b01d794f94846db78c5fa8b52c%7D20water.\"> ترشيح الماء</a> ، المواد المنصهره ، مواد الاطفاء ، تطبيقات مياه الصرف الصحي\n\n',NULL,1,'local',0,'2021-10-23 20:25:26'),(488,4898,'ar',10,'https://www.namerah.com/wp-content/uploads/Galvanized-Tank-400x533.jpg',NULL,1,'local',0,'2021-10-23 20:25:26'),(489,4899,'ar',10,'2924 | الانصهار -400',NULL,1,'local',0,'2021-10-23 20:25:26'),(490,4900,'ar',10,'خزان مجلفن',NULL,1,'local',0,'2021-10-23 20:25:26'),(491,4901,'ar',10,'https://www.namerah.com/?lang=ar',NULL,NULL,'',0,'2022-02-01 14:17:56');

--
